000
CXUS51 KBUF 011735
CLMBUF


CLIMATE REPORT
NATIONAL WEATHER SERVICE BUFFALO NY
1203 PM EST TUE MAR 1 2016

...................................

...THE BUFFALO NY CLIMATE SUMMARY FOR THE MONTH OF FEBRUARY 2016...

CLIMATE NORMAL PERIOD 1981 TO 2010
CLIMATE RECORD PERIOD 1871 TO 2016

WEATHER         OBSERVED          NORMAL  DEPART  LAST YEAR`S
                 VALUE   DATE(S)  VALUE   FROM    VALUE  DATE(S)
                                          NORMAL
................................................................
TEMPERATURE (F)
RECORD
 HIGH              71   02/26/2000
 LOW              -20   02/02/1961
                        02/09/1934
HIGHEST            62   02/28                         32  02/07
                                                          02/04
LOWEST            -12   02/14                        -10  02/16
                                                          02/15
AVG. MAXIMUM     37.7              33.3     4.4     18.5
AVG. MINIMUM     21.7              19.2     2.5      3.3
MEAN             29.7              26.3     3.4     10.9
DAYS MAX >= 90      0               0.0     0.0        0
DAYS MAX <= 32     10              13.6    -3.6       28
DAYS MIN <= 32     23              25.3    -2.3       28
DAYS MIN <= 0       2               0.6     1.4       12

PRECIPITATION (INCHES)
RECORD
 MAXIMUM         5.90   1990
 MINIMUM         0.46   1877
TOTALS           3.47              2.49    0.98     2.40
DAYS >= .01        19                                 20
DAYS >= .10         7                                  7
DAYS >= .50         3                                  0
DAYS >= 1.00        0                                  0
GREATEST
 24 HR. TOTAL    0.95   02/24 TO 02/25           02/01 TO 02/02

SNOWFALL (INCHES)
RECORDS
 TOTAL           54.2   1958
TOTALS           20.5              17.3     3.2     46.2
SINCE 7/1        47.1              78.8   -31.7
SNOWDEPTH AVG.      2                MM      MM       21
DAYS >= 1.0         4               5.3    -1.3       14
GREATEST
 SNOW DEPTH        12   02/17                         26  02/15
 24 HR TOTAL      8.9   02/16

DEGREE_DAYS
HEATING TOTAL    1018              1085     -67     1509
 SINCE 7/1       3938              4780    -842     5148
COOLING TOTAL       0                 0       0        0
 SINCE 1/1          0                 0       0        0
...................................................

WIND (MPH)
AVERAGE WIND SPEED              12.3
HIGHEST WIND SPEED/DIRECTION    36/200    DATE  02/19
                                36/240  DATE  02/20
HIGHEST GUST SPEED/DIRECTION    50/250    DATE  02/29

SKY COVER
POSSIBLE SUNSHINE (PERCENT)   MM
NUMBER OF DAYS FAIR            2
NUMBER OF DAYS PC             11
NUMBER OF DAYS CLOUDY         16

AVERAGE RH (PERCENT)     69

WEATHER CONDITIONS. NUMBER OF DAYS WITH
THUNDERSTORM              1     MIXED PRECIP               0
HEAVY RAIN                1     RAIN                       4
LIGHT RAIN               10     FREEZING RAIN              0
LT FREEZING RAIN          3     HAIL                       2
HEAVY SNOW                3     SNOW                       8
LIGHT SNOW               17     SLEET                      0
FOG                      17     FOG W/VIS <= 1/4 MILE      1
HAZE                      7

-  INDICATES NEGATIVE NUMBERS.
R  INDICATES RECORD WAS SET OR TIED.
MM INDICATES DATA IS MISSING.
T  INDICATES TRACE AMOUNT.

$$
