000
CXUS51 KBUF 011357
CLMBUF


CLIMATE REPORT
NATIONAL WEATHER SERVICE BUFFALO NY
851 AM EST SAT FEB 1 2014

...................................

...THE BUFFALO NY CLIMATE SUMMARY FOR THE MONTH OF JANUARY 2014...

CLIMATE NORMAL PERIOD 1981 TO 2010
CLIMATE RECORD PERIOD 1871 TO 2014

WEATHER         OBSERVED          NORMAL  DEPART  LAST YEAR`S
                 VALUE   DATE(S)  VALUE   FROM    VALUE  DATE(S)
                                          NORMAL
................................................................
TEMPERATURE (F)
RECORD
 HIGH              72   01/25/1950
 LOW              -16   01/17/1982
HIGHEST            51   01/13                         66  01/30
LOWEST             -5   01/07                          1  01/25
AVG. MAXIMUM     27.2              31.2    -4.0     37.1
AVG. MINIMUM     12.7              18.5    -5.8     23.0
MEAN             20.0              24.9    -4.9     30.0
DAYS MAX >= 90      0               0.0     0.0        0
DAYS MAX <= 32     20              17.0     3.0       10
DAYS MIN <= 32     29              27.4     1.6       26
DAYS MIN <= 0       4               1.8     2.2        0

PRECIPITATION (INCHES)
RECORD
 MAXIMUM         6.88   1982
 MINIMUM         0.89   1921
TOTALS           3.16              3.18   -0.02     2.50
DAYS >= .01        21                                 15
DAYS >= .10        10                                  5
DAYS >= .50         1                                  1
DAYS >= 1.00        0                                  0
GREATEST
 24 HR. TOTAL    0.53   01/11

SNOWFALL (INCHES)
RECORDS
 TOTAL           68.3   1977
TOTALS           42.4              25.3    17.1      6.2
SINCE 7/1        80.9              61.5    19.4
SNOWDEPTH AVG.      4                 5      -1        2
DAYS >= 1.0         9               7.3     1.7        2
GREATEST
 SNOW DEPTH        10   01/08 to 01/09                 7  01/04
 24 HR TOTAL      7.6   01/08

DEGREE_DAYS
HEATING TOTAL    1389              1244     145     1077
 SINCE 7/1       3847              3659     188     3238
COOLING TOTAL       0                 0       0        0
 SINCE 1/1          0                 0       0        0
.........................................................

WIND (MPH)
AVERAGE WIND SPEED              13.3
HIGHEST WIND SPEED/DIRECTION    46/220
HIGHEST GUST SPEED/DIRECTION    60/220    DATE  01/06

SKY COVER
POSSIBLE SUNSHINE (PERCENT)   32
NUMBER OF DAYS FAIR            0
NUMBER OF DAYS PC             10
NUMBER OF DAYS CLOUDY         21

AVERAGE RH (PERCENT)     73

WEATHER CONDITIONS. NUMBER OF DAYS WITH
THUNDERSTORM              0     MIXED PRECIP               1
HEAVY RAIN                0     RAIN                       4
LIGHT RAIN                6     FREEZING RAIN              0
LT FREEZING RAIN          1     HAIL                       0
HEAVY SNOW                4     SNOW                      12
LIGHT SNOW               27     SLEET                      0
FOG                      27     FOG W/VIS <= 1/4 MILE      4
HAZE                     12

-  INDICATES NEGATIVE NUMBERS.
R  INDICATES RECORD WAS SET OR TIED.
MM INDICATES DATA IS MISSING.
T  INDICATES TRACE AMOUNT.

$$
