000
CXUS51 KBUF 021302
CLMBUF

CLIMATE REPORT
NATIONAL WEATHER SERVICE BUFFALO NY
901 AM EDT WED OCT 2 2013

...................................

...THE BUFFALO NY CLIMATE SUMMARY FOR THE MONTH OF SEPTEMBER 2013...

CLIMATE NORMAL PERIOD 1981 TO 2010
CLIMATE RECORD PERIOD 1871 TO 2013

WEATHER         OBSERVED          NORMAL  DEPART  LAST YEAR`S
                 VALUE   DATE(S)  VALUE   FROM    VALUE  DATE(S)
                                          NORMAL
................................................................
TEMPERATURE (F)
RECORD
 HIGH              98   09/03/1953
 LOW               32   09/30/1991
                        09/24/1963
                        09/28/1957
HIGHEST            86   09/11                         90  09/03
LOWEST             37   09/17                         41  09/24
AVG. MAXIMUM     71.0              71.1    -0.1     72.4
AVG. MINIMUM     51.8              53.4    -1.6     54.1
MEAN             61.4              62.2    -0.8     63.2
DAYS MAX >= 90      0               0.1    -0.1        1
DAYS MAX <= 32      0               0.0     0.0        0
DAYS MIN <= 32      0               0.0     0.0        0
DAYS MIN <= 0       0               0.0     0.0        0

PRECIPITATION (INCHES)
RECORD
 MAXIMUM         8.99   1977
 MINIMUM         0.31   1897
TOTALS           3.53              3.90   -0.37     4.39
DAYS >= .01        10                                  8
DAYS >= .10         5                                  5
DAYS >= .50         1                                  3
DAYS >= 1.00        1                                  2
GREATEST
 24 HR. TOTAL    2.79   09/21 TO 09/21

SNOWFALL (INCHES)
RECORDS
 TOTAL              T   1956
                        1950
TOTALS            0.0               0.0     0.0      0.0
SINCE 7/1         0.0               0.0     0.0
SNOWDEPTH AVG.      0                MM      MM        0
DAYS >= 1.0         0               0.0     0.0        0
GREATEST
 SNOW DEPTH         0   MM                             0  MM
 24 HR TOTAL      0.0   MM

DEGREE_DAYS
HEATING TOTAL     152               135      17      124
 SINCE 7/1        168               162       6      125
COOLING TOTAL      51                53      -2       78
 SINCE 1/1        603               540      63      871
.................................................

WIND (MPH)
AVERAGE WIND SPEED              7.3
HIGHEST WIND SPEED/DIRECTION    31/240
HIGHEST GUST SPEED/DIRECTION    40/240    DATE  09/10

SKY COVER
POSSIBLE SUNSHINE (PERCENT)   68
NUMBER OF DAYS FAIR            7
NUMBER OF DAYS PC             15
NUMBER OF DAYS CLOUDY          8

AVERAGE RH (PERCENT)     72

WEATHER CONDITIONS. NUMBER OF DAYS WITH
THUNDERSTORM              4     MIXED PRECIP               0
HEAVY RAIN                3     RAIN                       3
LIGHT RAIN               13     FREEZING RAIN              0
LT FREEZING RAIN          0     HAIL                       0
HEAVY SNOW                0     SNOW                       0
LIGHT SNOW                0     SLEET                      0
FOG                      12     FOG W/VIS <= 1/4 MILE      0
HAZE                      3

-  INDICATES NEGATIVE NUMBERS.
R  INDICATES RECORD WAS SET OR TIED.
MM INDICATES DATA IS MISSING.
T  INDICATES TRACE AMOUNT.

$$

...SEPTEMBER 2013 SAW A WIDE RANGE IN TEMPERATURES AND NEAR NORMAL
PRECIPITATION...

SEPTEMBER 2013 WILL GO DOWN IN THE RECORD BOOKS AS A MONTH WITH
FREQUENT SWINGS IN TEMPERATURES...FEATURING A COUPLE OF DAYS WITH
MID SUMMER-LIKE HEAT AND HUMIDITY FOLLOWED BY A CHANGE TO MORE
FALL-LIKE CONDITIONS WHEN TEMPERATURES GOT COLD ENOUGH FOR FROST
ACROSS MANY INLAND LOCATIONS. THUS...WHILE THE MONTHLY AVERAGE
TEMPERATURE OF 61.4 DEGREES WAS JUST 0.8 DEGREES BELOW THE
CLIMATOLOGICAL AVERAGE...THE DAILY TEMPERATURES SHOWED A LOT OF
VARIABILITY.

THE MONTHLY RAINFALL WAS 3.53 INCHES WHICH IS 0.37 INCH BELOW
AVERAGE. MEASURABLE PRECIPITATION THAT FELL ON TEN DAYS WAS MAINLY
LIGHT...WITH MOST DAYS SEEING LESS THAN ONE QUARTER INCH OF RAIN.
THE EXCEPTION TO THIS TREND OCCURRED ON THE 21ST WHEN A SLOW MOVING
COLD FRONT BROUGHT RECORD SETTING RAINFALL TO BUFFALO AND PARTS OF
THE SOUTHERN TIER CLOSE TO LAKE ERIE.

THE RELATIVELY DRY CONDITIONS THAT PREVAILED FOR MUCH OF THE MONTH
RESULTED IN A FAIR AMOUNT OF SUNSHINE WHICH ENDED UP AT 68 PERCENT
OF THE TOTAL POSSIBLE.

THE LAKE ERIE WATER TEMPERATURE STARTED OUT AT 74 DEGREES AND COOLED
TO 66 DEGREES BY THE END OF THE MONTH. THIS IS SLIGHTLY WARMER THAN
THE AVERAGE TEMPERATURE TREND FOR SEPTEMBER.

OVERALL...SEPTEMBER WAS A PLEASANT START TO FALL.
&&

TJP

$$
