000
CXUS51 KBUF 011210
CLMBUF


CLIMATE REPORT
NATIONAL WEATHER SERVICE BUFFALO NY
809 AM EDT SUN SEP 1 2013

...................................

...THE BUFFALO NY CLIMATE SUMMARY FOR THE MONTH OF AUGUST 2013...

CLIMATE NORMAL PERIOD 1981 TO 2010
CLIMATE RECORD PERIOD 1871 TO 2013

WEATHER         OBSERVED          NORMAL  DEPART  LAST YEAR`S
                 VALUE   DATE(S)  VALUE   FROM    VALUE  DATE(S)
                                          NORMAL
................................................................
TEMPERATURE (F)
RECORD
 HIGH              99   08/27/1948
 LOW               38   08/29/1982
                        08/30/1965
HIGHEST            86   08/29                         96  08/04
LOWEST             50   08/05                         52  08/21
AVG. MAXIMUM     77.6              78.4    -0.8     81.5
AVG. MINIMUM     60.4              60.8    -0.4     61.9
MEAN             69.0              69.6    -0.6     71.7
DAYS MAX >= 90      0               0.3    -0.3        3
DAYS MAX <= 32      0               0.0     0.0        0
DAYS MIN <= 32      0               0.0     0.0        0
DAYS MIN <= 0       0               0.0     0.0        0

PRECIPITATION (INCHES)
RECORD
 MAXIMUM        10.67   1977
 MINIMUM         0.05   1876
TOTALS           3.51              3.26    0.25     1.24
DAYS >= .01        13                                  6
DAYS >= .10         8                                  4
DAYS >= .50         2                                  1
DAYS >= 1.00        0                                  0
GREATEST
 24 HR. TOTAL    0.71   08/25 TO 08/26           08/05 TO 08/05

SNOWFALL (INCHES)
RECORDS
 TOTAL             MM   MM
TOTALS            0.0               0.0     0.0      0.0
SINCE 7/1         0.0               0.0     0.0
SNOWDEPTH AVG.      0                MM      MM        0
DAYS >= 1.0         0               0.0     0.0        0
GREATEST
 SNOW DEPTH         0   MM                             0  MM
 24 HR TOTAL      0.0   MM

DEGREE_DAYS
HEATING TOTAL      10                18      -8        1
 SINCE 7/1         16                27     -11        1
COOLING TOTAL     142               161     -19      214
 SINCE 1/1        552               487      65      792
..................................................

WIND (MPH)
AVERAGE WIND SPEED              7.8
HIGHEST WIND SPEED/DIRECTION    29/250
HIGHEST GUST SPEED/DIRECTION    36/220    DATE  08/26

SKY COVER
POSSIBLE SUNSHINE (PERCENT)   77
NUMBER OF DAYS FAIR            5
NUMBER OF DAYS PC             21
NUMBER OF DAYS CLOUDY          5

AVERAGE RH (PERCENT)     71

WEATHER CONDITIONS. NUMBER OF DAYS WITH
THUNDERSTORM             13     MIXED PRECIP               0
HEAVY RAIN               10     RAIN                       7
LIGHT RAIN               13     FREEZING RAIN              0
LT FREEZING RAIN          0     HAIL                       0
HEAVY SNOW                0     SNOW                       0
LIGHT SNOW                0     SLEET                      0
FOG                      14     FOG W/VIS <= 1/4 MILE      3
HAZE                      5

-  INDICATES NEGATIVE NUMBERS.
R  INDICATES RECORD WAS SET OR TIED.
MM INDICATES DATA IS MISSING.
T  INDICATES TRACE AMOUNT.

$$
