000
CXUS51 KBUF 011229
CLMBUF


CLIMATE REPORT
NATIONAL WEATHER SERVICE BUFFALO NY
825 AM EDT THU AUG 1 2013

...................................

...THE BUFFALO NY CLIMATE SUMMARY FOR THE MONTH OF JULY 2013...

CLIMATE NORMAL PERIOD 1981 TO 2010
CLIMATE RECORD PERIOD 1871 TO 2013

WEATHER         OBSERVED          NORMAL  DEPART  LAST YEAR`S
                 VALUE   DATE(S)  VALUE   FROM    VALUE  DATE(S)
                                          NORMAL
................................................................
TEMPERATURE (F)
RECORD
 HIGH              97   07/15/1995
                        07/06/1988
 LOW               43   07/11/1945
HIGHEST            92   07/16                         91  07/12
                                                          07/05
LOWEST             52   07/25                         58  07/11
AVG. MAXIMUM     80.4              79.9     0.5     84.9
AVG. MINIMUM     64.6              62.3     2.3     66.1
MEAN             72.5              71.1     1.4     75.5
DAYS MAX >= 90      3               1.1     1.9        5
DAYS MAX <= 32      0               0.0     0.0        0
DAYS MIN <= 32      0               0.0     0.0        0
DAYS MIN <= 0       0               0.0     0.0        0

PRECIPITATION (INCHES)
RECORD
 MAXIMUM         8.93   1992
 MINIMUM         0.15   1933
TOTALS           2.86              3.23   -0.37     0.87
DAYS >= .01        14                                 10
DAYS >= .10         6                                  1
DAYS >= .50         1                                  1
DAYS >= 1.00        1                                  0
GREATEST
 24 HR. TOTAL    1.88   07/19 TO 07/20           07/25 TO 07/26

SNOWFALL (INCHES)
RECORDS
 TOTAL             MM   MM
TOTALS            0.0               0.0     0.0      0.0
SINCE 7/1         0.0               0.0     0.0
SNOWDEPTH AVG.      0                MM      MM        0
DAYS >= 1.0         0               0.0     0.0        0
GREATEST
 SNOW DEPTH         0   MM                             0  MM
 24 HR TOTAL      0.0   MM

DEGREE_DAYS
HEATING TOTAL       6                 9      -3        0
 SINCE 7/1          6                 9      -3        0
COOLING TOTAL     245               197      48      332
 SINCE 1/1        410               326      84      578
..................................................

WIND (MPH)
AVERAGE WIND SPEED              8.0
HIGHEST WIND SPEED/DIRECTION    32/310
HIGHEST GUST SPEED/DIRECTION    51/310    DATE  07/19

SKY COVER
POSSIBLE SUNSHINE (PERCENT)   66
NUMBER OF DAYS FAIR            4
NUMBER OF DAYS PC             18
NUMBER OF DAYS CLOUDY          9

AVERAGE RH (PERCENT)     73

WEATHER CONDITIONS. NUMBER OF DAYS WITH
THUNDERSTORM              8     MIXED PRECIP               0
HEAVY RAIN                3     RAIN                       3
LIGHT RAIN               17     FREEZING RAIN              0
LT FREEZING RAIN          0     HAIL                       0
HEAVY SNOW                0     SNOW                       0
LIGHT SNOW                0     SLEET                      0
FOG                      16     FOG W/VIS <= 1/4 MILE      1
HAZE                      7

-  INDICATES NEGATIVE NUMBERS.
R  INDICATES RECORD WAS SET OR TIED.
MM INDICATES DATA IS MISSING.
T  INDICATES TRACE AMOUNT.

$$
