000
CXUS51 KBUF 011417
CLMBUF


CLIMATE REPORT
NATIONAL WEATHER SERVICE BUFFALO NY
913 AM EST MON FEB 1 2016

...................................

...THE BUFFALO NY CLIMATE SUMMARY FOR THE MONTH OF JANUARY 2016...

CLIMATE NORMAL PERIOD 1981 TO 2010
CLIMATE RECORD PERIOD 1871 TO 2016

WEATHER         OBSERVED          NORMAL  DEPART  LAST YEAR`S
                 VALUE   DATE(S)  VALUE   FROM    VALUE  DATE(S)
                                          NORMAL
................................................................
TEMPERATURE (F)
RECORD
 HIGH              72   01/25/1950
 LOW              -16   01/17/1982
HIGHEST            57   01/31                         55  01/04
LOWEST              6   01/05                         -4  01/14
AVG. MAXIMUM     33.9              31.2     2.7     28.5
AVG. MINIMUM     19.9              18.5     1.4     12.3
MEAN             26.9              24.9     2.0     20.4
DAYS MAX >= 90      0               0.0     0.0        0
DAYS MAX <= 32     15              17.0    -2.0       24
DAYS MIN <= 32     28              27.4     0.6       30
DAYS MIN <= 0       0               1.8    -1.8        1

PRECIPITATION (INCHES)
RECORD
 MAXIMUM         6.88   1982
 MINIMUM         0.89   1921
TOTALS           1.81              3.18   -1.37     2.59
DAYS >= .01        18                                 15
DAYS >= .10         7                                  7
DAYS >= .50         0                                  2
DAYS >= 1.00        0                                  0
GREATEST
 24 HR. TOTAL    0.42   01/10 TO 01/10           01/03 TO 01/04
                                                          01/09 TO 01/09
                                                          01/09 TO 01/09

SNOWFALL (INCHES)
RECORDS
 TOTAL           68.3   1977
TOTALS           25.6              25.3     0.3     25.0
SINCE 7/1        26.6              61.5   -34.9
SNOWDEPTH AVG.      2                 5      -3        4
DAYS >= 1.0         6               7.3    -1.3        7
GREATEST
 SNOW DEPTH        10   01/14                         10  01/09
 24 HR TOTAL      7.4   MM

DEGREE_DAYS
HEATING TOTAL    1173              1244     -71     1373
 SINCE 7/1       2920              3659    -739     3639
COOLING TOTAL       0                 0       0        0
 SINCE 1/1          0                 0       0        0
..........................................................

WIND (MPH)
AVERAGE WIND SPEED              12.0
HIGHEST WIND SPEED/DIRECTION    41/250
HIGHEST GUST SPEED/DIRECTION    64/250    DATE  01/12

SKY COVER
POSSIBLE SUNSHINE (PERCENT)   MM
NUMBER OF DAYS FAIR            0
NUMBER OF DAYS PC             10
NUMBER OF DAYS CLOUDY         21

AVERAGE RH (PERCENT)     69

WEATHER CONDITIONS. NUMBER OF DAYS WITH
THUNDERSTORM              0     MIXED PRECIP               0
HEAVY RAIN                0     RAIN                       3
LIGHT RAIN                9     FREEZING RAIN              0
LT FREEZING RAIN          0     HAIL                       0
HEAVY SNOW                7     SNOW                       7
LIGHT SNOW               22     SLEET                      0
FOG                      20     FOG W/VIS <= 1/4 MILE      1
HAZE                      7

-  INDICATES NEGATIVE NUMBERS.
R  INDICATES RECORD WAS SET OR TIED.
MM INDICATES DATA IS MISSING.
T  INDICATES TRACE AMOUNT.

$$
