000
CXUS51 KBUF 012051
CLMBUF


CLIMATE REPORT
NATIONAL WEATHER SERVICE BUFFALO NY
436 PM EDT SAT NOV 1 2014

...................................

...THE BUFFALO NY CLIMATE SUMMARY FOR THE MONTH OF OCTOBER 2014...

CLIMATE NORMAL PERIOD 1981 TO 2010
CLIMATE RECORD PERIOD 1871 TO 2014

WEATHER         OBSERVED          NORMAL  DEPART  LAST YEAR`S
                 VALUE   DATE(S)  VALUE   FROM    VALUE  DATE(S)
                                          NORMAL
................................................................
TEMPERATURE (F)
RECORD
 HIGH              92   10/02/1927
 LOW               20   10/29/1965
HIGHEST            80   10/14                         83  10/06
LOWEST             34   10/27                         31  10/29
AVG. MAXIMUM     60.9              59.0     1.9     62.6
AVG. MINIMUM     46.0              42.7     3.3     45.8
MEAN             53.4              50.8     2.6     54.2
DAYS MAX >= 90      0               0.0     0.0        0
DAYS MAX <= 32      0               0.0     0.0        0
DAYS MIN <= 32      0               2.3    -2.3        2
DAYS MIN <= 0       0               0.0     0.0        0

PRECIPITATION (INCHES)
RECORD
 MAXIMUM         9.13   1954
 MINIMUM         0.08   1924
TOTALS           4.60              3.52    1.08     7.00
DAYS >= .01        15                                 18
DAYS >= .10        11                                 13
DAYS >= .50         3                                  7
DAYS >= 1.00        1                                  1
GREATEST
 24 HR. TOTAL    1.59   10/04 TO 10/05           10/31 TO 10/31
                                                          10/26 TO 10/26
                                                          10/26 TO 10/26

SNOWFALL (INCHES)
RECORDS
 TOTAL           22.6   2006
TOTALS              T               0.9    -0.9        T
SINCE 7/1           T               0.9    -0.9
SNOWDEPTH AVG.      0                MM      MM        0
DAYS >= 1.0         0               0.1    -0.1        0
GREATEST
 SNOW DEPTH         0   MM                             0  MM
 24 HR TOTAL        T   10/04 TO 10/04

DEGREE_DAYS
HEATING TOTAL     359               443     -84      337
 SINCE 7/1        489               605    -116      505
COOLING TOTAL       9                 4       5        8
 SINCE 1/1        516               544     -28      611
.......................................................

WIND (MPH)
AVERAGE WIND SPEED              10.0
HIGHEST WIND SPEED/DIRECTION    35/240    DATE  10/08 AND 10/25
HIGHEST GUST SPEED/DIRECTION    49/280    DATE  10/08

SKY COVER
POSSIBLE SUNSHINE (PERCENT)   MM
NUMBER OF DAYS FAIR            4
NUMBER OF DAYS PC              8
NUMBER OF DAYS CLOUDY         19

AVERAGE RH (PERCENT)     72

WEATHER CONDITIONS. NUMBER OF DAYS WITH
THUNDERSTORM              3     MIXED PRECIP               0
HEAVY RAIN                4     RAIN                       5
LIGHT RAIN               19     FREEZING RAIN              0
LT FREEZING RAIN          0     HAIL                       0
HEAVY SNOW                0     SNOW                       0
LIGHT SNOW                0     SLEET                      1
FOG                      18     FOG W/VIS <= 1/4 MILE      2
HAZE                      6

-  INDICATES NEGATIVE NUMBERS.
R  INDICATES RECORD WAS SET OR TIED.
MM INDICATES DATA IS MISSING.
T  INDICATES TRACE AMOUNT.

$$
