000
CXUS51 KBUF 011232
CLMBUF


CLIMATE REPORT
NATIONAL WEATHER SERVICE BUFFALO NY
828 AM EDT TUE APR 1 2014

...................................

...THE BUFFALO NY CLIMATE SUMMARY FOR THE MONTH OF MARCH 2014...

CLIMATE NORMAL PERIOD 1981 TO 2010
CLIMATE RECORD PERIOD 1871 TO 2014

WEATHER         OBSERVED          NORMAL  DEPART  LAST YEAR`S
                 VALUE   DATE(S)  VALUE   FROM    VALUE  DATE(S)
                                          NORMAL
................................................................
TEMPERATURE (F)
RECORD
 HIGH              82   03/21/2012
 LOW               -3   03/04/2014
                        03/03/2003
                        01/01/2000
HIGHEST            54   03/14                         65  03/10
LOWEST             -3R  03/04                         17  03/04
AVG. MAXIMUM     35.5              42.0    -6.5     39.0
AVG. MINIMUM     18.0              26.0    -8.0     26.8
MEAN             26.7              34.0    -7.3     32.9
DAYS MAX >= 90      0               0.0     0.0        0
DAYS MAX <= 32     11               5.9     5.1        9
DAYS MIN <= 32     27              22.9     4.1       25
DAYS MIN <= 0       2               0.2     1.8        0

PRECIPITATION (INCHES)
RECORD
 MAXIMUM         7.03   1936
 MINIMUM         0.68   1910
TOTALS           2.55              2.87   -0.32     1.06
DAYS >= .01        18                                 14
DAYS >= .10         6                                  4
DAYS >= .50         2                                  0
DAYS >= 1.00        0                                  0
GREATEST
 24 HR. TOTAL    0.95   03/12 TO 03/12

SNOWFALL (INCHES)
RECORDS
 TOTAL           38.5   1936
TOTALS           24.5              12.9    11.6      9.8
SINCE 7/1       128.7              91.7    37.0
SNOWDEPTH AVG.      2                 3      -1        0
DAYS >= 1.0         5               3.4     1.6        4
GREATEST
 SNOW DEPTH        12   03/13                          4  03/04
 24 HR TOTAL     13.8   MM

DEGREE_DAYS
HEATING TOTAL    1178               961     217      986
 SINCE 7/1       6284              5705     579     5306
COOLING TOTAL       0                 0       0        0
 SINCE 1/1          0                 0       0        0
....................................................

WIND (MPH)
AVERAGE WIND SPEED              11.4
HIGHEST WIND SPEED/DIRECTION    36/220
HIGHEST GUST SPEED/DIRECTION    51/220    DATE  03/14

SKY COVER
POSSIBLE SUNSHINE (PERCENT)   53
NUMBER OF DAYS FAIR            4
NUMBER OF DAYS PC             11
NUMBER OF DAYS CLOUDY         16

AVERAGE RH (PERCENT)     67

WEATHER CONDITIONS. NUMBER OF DAYS WITH
THUNDERSTORM              0     MIXED PRECIP               1
HEAVY RAIN                1     RAIN                       3
LIGHT RAIN                9     FREEZING RAIN              1
LT FREEZING RAIN          0     HAIL                       1
HEAVY SNOW                1     SNOW                       4
LIGHT SNOW               20     SLEET                      0
FOG                      19     FOG W/VIS <= 1/4 MILE      1
HAZE                     10

-  INDICATES NEGATIVE NUMBERS.
R  INDICATES RECORD WAS SET OR TIED.
MM INDICATES DATA IS MISSING.
T  INDICATES TRACE AMOUNT.

$$
