000
CXUS51 KBUF 011806
CLMBUF


CLIMATE REPORT
NATIONAL WEATHER SERVICE BUFFALO NY
1256 PM EST TUE DEC 1 2015

...................................

...THE BUFFALO NY CLIMATE SUMMARY FOR THE MONTH OF NOVEMBER 2015...

CLIMATE NORMAL PERIOD 1981 TO 2010
CLIMATE RECORD PERIOD 1871 TO 2015

WEATHER         OBSERVED          NORMAL  DEPART  LAST YEAR`S
                 VALUE   DATE(S)  VALUE   FROM    VALUE  DATE(S)
                                          NORMAL
................................................................
TEMPERATURE (F)
RECORD
 HIGH              80   11/03/1961
 LOW                2   11/30/1875
HIGHEST            73   11/05                         68  11/11
                        11/04
LOWEST             23   11/23                         14  11/19
AVG. MAXIMUM     54.3              47.6     6.7     44.0
AVG. MINIMUM     38.0              33.9     4.1     31.6
MEAN             46.2              40.7     5.5     37.8
DAYS MAX >= 90      0               0.0     0.0        0
DAYS MAX <= 32      0               1.6    -1.6        5
DAYS MIN <= 32      7              13.1    -6.1       16
DAYS MIN <= 0       0               0.0     0.0        0

PRECIPITATION (INCHES)
RECORD
 MAXIMUM         9.75   1985
 MINIMUM         0.51   1904
TOTALS           1.32              4.01   -2.69     2.58
DAYS >= .01        11                                 19
DAYS >= .10         4                                 10
DAYS >= .50         0                                  1
DAYS >= 1.00        0                                  0
GREATEST
 24 HR. TOTAL    0.40   11/12 TO 11/12

SNOWFALL (INCHES)
RECORDS
 TOTAL           45.6   2000
TOTALS              T               7.9    -7.9     20.5
SINCE 7/1           T               8.8    -8.8
SNOWDEPTH AVG.      0                MM      MM        1
DAYS >= 1.0         0               2.1    -2.1        6
GREATEST
 SNOW DEPTH         0   MM                            12  11/20
 24 HR TOTAL        T   11/28 TO 11/28

DEGREE_DAYS
HEATING TOTAL     558               728    -170      809
 SINCE 7/1       1044              1333    -289     1298
COOLING TOTAL       0                 0       0        0
 SINCE 1/1        657               544     113      516
.................................................

WIND (MPH)
AVERAGE WIND SPEED              11.0
HIGHEST WIND SPEED/DIRECTION    41/250
HIGHEST GUST SPEED/DIRECTION    57/230    DATE  11/12

SKY COVER
POSSIBLE SUNSHINE (PERCENT)   MM
NUMBER OF DAYS FAIR            8
NUMBER OF DAYS PC             11
NUMBER OF DAYS CLOUDY         11

AVERAGE RH (PERCENT)     66

WEATHER CONDITIONS. NUMBER OF DAYS WITH
THUNDERSTORM              0     MIXED PRECIP               0
HEAVY RAIN                1     RAIN                       2
LIGHT RAIN               14     FREEZING RAIN              0
LT FREEZING RAIN          0     HAIL                       0
HEAVY SNOW                0     SNOW                       2
LIGHT SNOW                3     SLEET                      0
FOG                       7     FOG W/VIS <= 1/4 MILE      0
HAZE                      2

-  INDICATES NEGATIVE NUMBERS.
R  INDICATES RECORD WAS SET OR TIED.
MM INDICATES DATA IS MISSING.
T  INDICATES TRACE AMOUNT.

$$
