000
CXUS51 KBUF 011846
CLMBUF


CLIMATE REPORT
NATIONAL WEATHER SERVICE BUFFALO NY
242 PM EDT FRI AUG 1 2014

...................................

...THE BUFFALO NY CLIMATE SUMMARY FOR THE MONTH OF JULY 2014...

CLIMATE NORMAL PERIOD 1981 TO 2010
CLIMATE RECORD PERIOD 1871 TO 2014

WEATHER         OBSERVED          NORMAL  DEPART  LAST YEAR`S
                 VALUE   DATE(S)  VALUE   FROM    VALUE  DATE(S)
                                          NORMAL
................................................................
TEMPERATURE (F)
RECORD
 HIGH              97   07/15/1995
                        07/06/1988
 LOW               43   07/11/1945
HIGHEST            86   07/01                         92  07/16
LOWEST             52   07/05                         52  07/25
AVG. MAXIMUM     76.5              79.9    -3.4     80.4
AVG. MINIMUM     60.6              62.3    -1.7     64.6
MEAN             68.6              71.1    -2.5     72.5
DAYS MAX >= 90      0               1.1    -1.1        3
DAYS MAX <= 32      0               0.0     0.0        0
DAYS MIN <= 32      0               0.0     0.0        0
DAYS MIN <= 0       0               0.0     0.0        0

PRECIPITATION (INCHES)
RECORD
 MAXIMUM         8.93   1992
 MINIMUM         0.15   1933
TOTALS           5.45              3.23    2.22     2.86
DAYS >= .01        14                                 14
DAYS >= .10         9                                  6
DAYS >= .50         5                                  1
DAYS >= 1.00        1                                  1
GREATEST
 24 HR. TOTAL    1.01   07/07 TO 07/07           07/19 TO 07/20
                        07/06 TO 07/07                    07/20 TO 07/20
                        07/07 TO 07/07                    07/20 TO 07/20

SNOWFALL (INCHES)
RECORDS
 TOTAL             MM   MM
TOTALS            0.0               0.0     0.0      0.0
SINCE 7/1         0.0               0.0     0.0
SNOWDEPTH AVG.      0                MM      MM        0
DAYS >= 1.0         0               0.0     0.0        0
GREATEST
 SNOW DEPTH         0   MM                             0  MM
 24 HR TOTAL      0.0   07/31 TO 07/31

DEGREE_DAYS
HEATING TOTAL      10                 9       1        6
 SINCE 7/1         10                 9       1        6
COOLING TOTAL     130               197     -67      245
 SINCE 1/1        301               326     -25      410
.................................................

WIND (MPH)
AVERAGE WIND SPEED              9.4
HIGHEST WIND SPEED/DIRECTION    40/220
HIGHEST GUST SPEED/DIRECTION    56/230    DATE  07/08

SKY COVER
POSSIBLE SUNSHINE (PERCENT)   70
NUMBER OF DAYS FAIR            6
NUMBER OF DAYS PC             17
NUMBER OF DAYS CLOUDY          8

AVERAGE RH (PERCENT)     68

WEATHER CONDITIONS. NUMBER OF DAYS WITH
THUNDERSTORM              0     MIXED PRECIP               0
HEAVY RAIN                6     RAIN                       7
LIGHT RAIN               16     FREEZING RAIN              0
LT FREEZING RAIN          0     HAIL                       0
HEAVY SNOW                0     SNOW                       0
LIGHT SNOW                0     SLEET                      0
FOG                      12     FOG W/VIS <= 1/4 MILE      0
HAZE                      6

-  INDICATES NEGATIVE NUMBERS.
R  INDICATES RECORD WAS SET OR TIED.
MM INDICATES DATA IS MISSING.
T  INDICATES TRACE AMOUNT.

$$
