843
CXUS51 KBUF 011749
CLMBUF


CLIMATE REPORT
NATIONAL WEATHER SERVICE BUFFALO NY
139 PM EDT THU SEP 1 2016

...................................

...THE BUFFALO NY CLIMATE SUMMARY FOR THE MONTH OF AUGUST 2016...

CLIMATE NORMAL PERIOD 1981 TO 2010
CLIMATE RECORD PERIOD 1871 TO 2016

WEATHER         OBSERVED          NORMAL  DEPART  LAST YEAR`S
                 VALUE   DATE(S)  VALUE   FROM    VALUE  DATE(S)
                                          NORMAL
................................................................
TEMPERATURE (F)
RECORD
 HIGH              99   08/27/1948
 LOW               38   08/29/1982
                        08/30/1965
HIGHEST            92   08/13                         89  08/19
                        08/09
LOWEST             57   08/23                         52  08/13
AVG. MAXIMUM     84.6              78.4     6.2     78.0
AVG. MINIMUM     66.5              60.8     5.7     61.4
MEAN             75.6              69.6     6.0     69.7
DAYS MAX >= 90      4               0.3     3.7        0
DAYS MAX <= 32      0               0.0     0.0        0
DAYS MIN <= 32      0               0.0     0.0        0
DAYS MIN <= 0       0               0.0     0.0        0

PRECIPITATION (INCHES)
RECORD
 MAXIMUM        10.67   1977
 MINIMUM         0.05   1876
TOTALS           4.17              3.26    0.91     4.39
DAYS >= .01        10                                  9
DAYS >= .10         6                                  3
DAYS >= .50         3                                  2
DAYS >= 1.00        1                                  1
GREATEST
 24 HR. TOTAL    1.54   08/25 TO 08/25           08/14 TO 08/15

SNOWFALL (INCHES)
RECORDS
 TOTAL             MM   MM
TOTALS            0.0               0.0     0.0      0.0
SINCE 7/1         0.0               0.0     0.0
SNOWDEPTH AVG.      0                MM      MM        0
DAYS >= 1.0         0               0.0     0.0        0
GREATEST
 SNOW DEPTH         0   MM                             0  MM
 24 HR TOTAL      0.0   08/31 TO 08/31

DEGREE_DAYS
HEATING TOTAL       0                18     -18        8
 SINCE 7/1          0                27     -27       15
COOLING TOTAL     338               161     177      160
 SINCE 1/1        818               487     331      525
..................................................

WIND (MPH)
AVERAGE WIND SPEED              8.6
HIGHEST WIND SPEED/DIRECTION    33/240
HIGHEST GUST SPEED/DIRECTION    44/250    DATE  08/16

SKY COVER
POSSIBLE SUNSHINE (PERCENT)   MM
NUMBER OF DAYS FAIR            6
NUMBER OF DAYS PC             18
NUMBER OF DAYS CLOUDY          7

AVERAGE RH (PERCENT)     67

WEATHER CONDITIONS. NUMBER OF DAYS WITH
THUNDERSTORM              9     MIXED PRECIP               0
HEAVY RAIN                4     RAIN                       3
LIGHT RAIN                7     FREEZING RAIN              0
LT FREEZING RAIN          0     HAIL                       0
HEAVY SNOW                0     SNOW                       0
LIGHT SNOW                0     SLEET                      0
FOG                      11     FOG W/VIS <= 1/4 MILE      0
HAZE                      5

-  INDICATES NEGATIVE NUMBERS.
R  INDICATES RECORD WAS SET OR TIED.
MM INDICATES DATA IS MISSING.
T  INDICATES TRACE AMOUNT.

$$
