000
CXUS56 KLOX 011655
CF6BUR
PRELIMINARY LOCAL CLIMATOLOGICAL DATA (WS FORM: F-6)
STATION: BOB HOPE AIRPORT (BURBANK) CA
MONTH: MAY
YEAR: 2020
LATITUDE: 34 12 N
LONGITUDE: 118 22 W
TEMPERATURE IN F: :PCPN: SNOW: WIND :SUNSHINE: SKY :PK WND
================================================================================
1 2 3 4 5 6A 6B 7 8 9 10 11 12 13 14 15 16 17 18
12Z AVG MX 2MIN
DY MAX MIN AVG DEP HDD CDD WTR SNW DPTH SPD SPD DIR MIN PSBL S-S WX SPD DR
================================================================================
1 78 59 69 5 0 4 0.00 0.0 0 8.6 15 190 M M 0 18 19 90
2 79 58 69 5 0 4 0.00 0.0 0 7.2 15 160 M M 0 18 190
3 78 57 68 4 0 3 0.00 0.0 0 5.8 14 180 M M 0 17 170
4 85 56 71 7 0 6 0.00 0.0 0 5.8 12 180 M M 0 17 210
5 95 60 78 14 0 13 0.00 0.0 0 4.0 14 190 M M 0 18 200
6 95 65 80 15 0 15 0.00 0.0 0 3.4 13 160 M M 0 8 17 180
7 95 66 81 16 0 16 0.00 0.0 0 4.6 14 140 M M 0 20 220
8 87 63 75 10 0 10 0.00 0.0 0 5.4 16 170 M M 0 20 160
9 80 61 71 6 0 6 0.00 0.0 0 5.9 14 180 M M 2 18 17 200
10 76 59 68 3 0 3 0.00 0.0 0 7.2 14 160 M M 5 18 18 160
11 74 59 67 2 0 2 0.00 0.0 0 6.0 14 180 M M 4 8 18 180
12 71 55 63 -2 2 0 0.00 0.0 0 6.6 15 190 M M 4 21 190
13 72 55 64 -1 1 0 0.00 0.0 0 6.4 15 190 M M 0 23 240
14 82 56 69 4 0 4 0.00 0.0 0 6.7 20 110 M M 0 28 270
15 78 59 69 4 0 4 0.00 0.0 0 7.9 14 180 M M 0 23 140
16 83 59 71 5 0 6 0.00 0.0 0 5.9 14 180 M M 0 17 200
17 78 59 69 3 0 4 0.00 0.0 0 6.7 15 160 M M 0 21 170
18 70 59 65 -1 0 0 0.30 0.0 0 8.8 16 170 M M 9 1 21 170
19 70 53 62 -4 3 0 0.00 0.0 0 6.1 17 270 M M 3 28 230
20 74 53 64 -2 1 0 0.00 0.0 0 6.1 15 160 M M 0 20 160
21 87 54 71 5 0 6 0.00 0.0 0 4.8 14 110 M M 0 19 160
22 78 59 69 3 0 4 0.00 0.0 0 8.1 16 160 M M 1 23 170
23 75 59 67 1 0 2 0.00 0.0 0 7.0 14 160 M M 3 18 160
24 82 57 70 4 0 5 0.00 0.0 0 4.6 13 180 M M 0 16 190
25 86 60 73 7 0 8 0.00 0.0 0 5.3 13 180 M M 0 16 160
26 92 63 78 12 0 13 0.00 0.0 0 5.3 13 180 M M 0 17 130
27 86 61 74 8 0 9 0.00 0.0 0 6.2 14 110 M M 0 19 110
28 82 60 71 5 0 6 0.00 0.0 0 7.0 15 180 M M 1 18 19 220
29 74 60 67 0 0 2 0.00 0.0 0 6.5 14 190 M M 8 8 17 190
30 76 60 68 1 0 3 0.00 0.0 0 5.1 14 260 M M 3 18 210
31 79 58 69 2 0 4 0.00 0.0 0 4.5 13 180 M M 1 16 190
================================================================================
SM 2497 1822 7 162 0.30 0.0 189.5 M 44
================================================================================
AV 80.6 58.8 6.1 FASTST M M 1 MAX(MPH)
MISC ----> # 20 110 # 28 270
================================================================================
NOTES:
# LAST OF SEVERAL OCCURRENCES
COLUMN 17 PEAK WIND IN M.P.H.
PRELIMINARY LOCAL CLIMATOLOGICAL DATA (WS FORM: F-6) , PAGE 2
STATION: BOB HOPE AIRPORT (BURBANK) CA
MONTH: MAY
YEAR: 2020
LATITUDE: 34 12 N
LONGITUDE: 118 22 W
[TEMPERATURE DATA] [PRECIPITATION DATA] SYMBOLS USED IN COLUMN 16
AVERAGE MONTHLY: 69.7 TOTAL FOR MONTH: 0.30 1 = FOG OR MIST
DPTR FM NORMAL: 4.3 DPTR FM NORMAL: -0.05 2 = FOG REDUCING VISIBILITY
HIGHEST: 95 ON 7, 6 GRTST 24HR 0.30 ON 18-18 TO 1/4 MILE OR LESS
LOWEST: 53 ON 20,19 3 = THUNDER
SNOW, ICE PELLETS, HAIL 4 = ICE PELLETS
TOTAL MONTH: 0.0 INCH 5 = HAIL
GRTST 24HR 0.0 6 = FREEZING RAIN OR DRIZZLE
GRTST DEPTH: 0 7 = DUSTSTORM OR SANDSTORM:
VSBY 1/2 MILE OR LESS
8 = SMOKE OR HAZE
[NO. OF DAYS WITH] [WEATHER - DAYS WITH] 9 = BLOWING SNOW
X = TORNADO
MAX 32 OR BELOW: 0 0.01 INCH OR MORE: 1
MAX 90 OR ABOVE: 4 0.10 INCH OR MORE: 1
MIN 32 OR BELOW: 0 0.50 INCH OR MORE: 0
MIN 0 OR BELOW: 0 1.00 INCH OR MORE: 0
[HDD (BASE 65) ]
TOTAL THIS MO. 7 CLEAR (SCALE 0-3) 26
DPTR FM NORMAL -52 PTCLDY (SCALE 4-7) 4
TOTAL FM JUL 1 1310 CLOUDY (SCALE 8-10) 1
DPTR FM NORMAL -246
[CDD (BASE 65) ]
TOTAL THIS MO. 162
DPTR FM NORMAL 89 [PRESSURE DATA]
TOTAL FM JAN 1 269 HIGHEST SLP M ON M
DPTR FM NORMAL 145 LOWEST SLP 29.17 ON 30
[REMARKS]
#FINAL-05-20#