000
CXUS55 KRIW 011010
CF6BYG
PRELIMINARY LOCAL CLIMATOLOGICAL DATA (WS FORM: F-6)
STATION: BUFFALO WY
MONTH: SEPTEMBER
YEAR: 2023
LATITUDE: 44 22 N
LONGITUDE: 106 43 W
TEMPERATURE IN F: :PCPN: SNOW: WIND :SUNSHINE: SKY :PK WND
================================================================================
1 2 3 4 5 6A 6B 7 8 9 10 11 12 13 14 15 16 17 18
12Z AVG MX 2MIN
DY MAX MIN AVG DEP HDD CDD WTR SNW DPTH SPD SPD DIR MIN PSBL S-S WX SPD DR
================================================================================
1 90 60 75 9 0 10 0.00 M M 11.4 33 160 M M 0 46 170
2 92 61 77 11 0 12 0.00 M M 7.9 24 190 M M 0 35 210
3 93 62 78 13 0 13 T M M 9.0 33 250 M M 3 44 270
4 73 52 63 -2 2 0 0.45 M M 14.0 29 330 M M 7 13 47 320
5 67 49 58 -6 7 0 T M M 11.4 25 340 M M 6 18 33 340
6 80 49 65 1 0 0 0.00 M M 5.2 17 190 M M 1 24 190
7 77 57 67 3 0 2 T M M 8.7 22 350 M M 2 30 350
8 76 52 64 1 1 0 T M M 9.5 25 340 M M 1 34 350
9 73 51 62 -1 3 0 0.44 M M 6.4 21 280 M M 6 13 28 270
10 65 50 58 -4 7 0 0.31 M M 5.2 22 250 M M 5 138 27 260
11 71 47 59 -3 6 0 0.00 M M 4.8 10 190 M M 1 17 140
12 79 53 66 4 0 1 0.00 M M 6.0 12 130 M M 1 16 100
13 77 56 67 6 0 2 0.10 M M 11.2 23 330 M M 4 3 38 320
14 69 54 62 1 3 0 0.05 M M 8.5 22 360 M M 7 1 31 10
15 74 47 61 1 4 0 0.00 M M 5.8 10 250 M M 0 15 110
16 79 49 64 4 1 0 0.00 M M 6.6 13 150 M M 0 18 80
17 83 55 69 10 0 4 0.00 M M 6.9 13 140 M M 0 16 100
18 M 60 M M M M 0.00 M M 8.2 20 240 M M 0 27 290
19 M M M M M M 0.00 M M 5.8 20 360 M M 0 25 360
20 M M M M M M M M M 5.7 16 350 M M 1 21 330
21 M M M M M M 0.39 M M 9.6 17 350 M M 3 3 23 360
22 M M M M M M 2.05 M M 7.8 21 330 M M 7 138 27 330
23 M M M M M M 0.01 M M 10.3 21 350 M M 6 29 340
24 M M M M M M 0.00 M M 5.0 12 250 M M 0 13 160
25 M M M M M M 0.00 M M 6.2 13 140 M M 0 17 170
26 M M M M M M 0.00 M M 4.6 12 150 M M 0 15 130
27 M M M M M M 0.00 M M 11.2 30 340 M M 0 41 340
28 64 52 58 4 7 0 T M M 7.6 38 320 M M 2 56 330
29 71 43 57 4 8 0 0.00 M M 5.0 13 240 M M 0 16 140
30 83 48 66 13 0 1 0.00 M M 12.4 24 160 M M 0 32 160
================================================================================
SM 1536 1107 49 45 3.80 M 237.9 M 63
================================================================================
AV 76.8 52.7 7.9 FASTST M M 2 MAX(MPH)
MISC ----> 38 320 56 330
================================================================================
NOTES:
# LAST OF SEVERAL OCCURRENCES
COLUMN 17 PEAK WIND IN M.P.H.
PRELIMINARY LOCAL CLIMATOLOGICAL DATA (WS FORM: F-6) , PAGE 2
STATION: BUFFALO WY
MONTH: SEPTEMBER
YEAR: 2023
LATITUDE: 44 22 N
LONGITUDE: 106 43 W
[TEMPERATURE DATA] [PRECIPITATION DATA] SYMBOLS USED IN COLUMN 16
AVERAGE MONTHLY: 64.8 TOTAL FOR MONTH: 3.80 1 = FOG OR MIST
DPTR FM NORMAL: 5.0 DPTR FM NORMAL: 2.63 2 = FOG REDUCING VISIBILITY
HIGHEST: 93 ON 3 GRTST 24HR 2.37 ON 21-22 TO 1/4 MILE OR LESS
LOWEST: 43 ON 29 3 = THUNDER
SNOW, ICE PELLETS, HAIL 4 = ICE PELLETS
TOTAL MONTH: M 5 = HAIL
GRTST 24HR M ON M 6 = FREEZING RAIN OR DRIZZLE
GRTST DEPTH: M ON M 7 = DUSTSTORM OR SANDSTORM:
VSBY 1/2 MILE OR LESS
8 = SMOKE OR HAZE
[NO. OF DAYS WITH] [WEATHER - DAYS WITH] 9 = BLOWING SNOW
X = TORNADO
MAX 32 OR BELOW: 0 0.01 INCH OR MORE: 8
MAX 90 OR ABOVE: 3 0.10 INCH OR MORE: 6
MIN 32 OR BELOW: 0 0.50 INCH OR MORE: 1
MIN 0 OR BELOW: 0 1.00 INCH OR MORE: 1
[HDD (BASE 65) ]
TOTAL THIS MO. 49 CLEAR (SCALE 0-3) 22
DPTR FM NORMAL -164 PTCLDY (SCALE 4-7) 8
TOTAL FM JUL 1 98 CLOUDY (SCALE 8-10) 0
DPTR FM NORMAL -173
[CDD (BASE 65) ]
TOTAL THIS MO. 45
DPTR FM NORMAL -12 [PRESSURE DATA]
TOTAL FM JAN 1 403 HIGHEST SLP 30.26 ON 10
DPTR FM NORMAL -122 LOWEST SLP 29.56 ON 4
[REMARKS]
#FINAL-09-23#