000
CXUS55 KPIH 012206
CF6BYI
PRELIMINARY LOCAL CLIMATOLOGICAL DATA (WS FORM: F-6)
STATION: BURLEY ID
MONTH: MARCH
YEAR: 2021
LATITUDE: 42 32 N
LONGITUDE: 113 46 W
TEMPERATURE IN F: :PCPN: SNOW: WIND :SUNSHINE: SKY :PK WND
================================================================================
1 2 3 4 5 6A 6B 7 8 9 10 11 12 13 14 15 16 17 18
12Z AVG MX 2MIN
DY MAX MIN AVG DEP HDD CDD WTR SNW DPTH SPD SPD DIR MIN PSBL S-S WX SPD DR
================================================================================
1 50 22 36 1 29 0 0.00 M M 7.5 17 180 M M 0 26 200
2 57 25 41 6 24 0 0.00 M M 6.3 14 70 M M 0 19 80
3 56 28 42 6 23 0 0.00 M M 12.3 20 70 M M 0 26 60
4 59 22 41 5 24 0 0.00 M M 5.6 13 290 M M 0 19 260
5 65 26 46 10 19 0 0.00 M M 6.9 20 210 M M 0 25 210
6 62 32 47 10 18 0 T M M 13.8 32 260 M M 1 51 280
7 58 22 40 3 25 0 0.00 M M 4.2 12 50 M M 0 15 50
8 56 25 41 4 24 0 0.12 M M 9.5 20 290 M M 4 1 31 290
9 45 29 37 -1 28 0 0.00 M M 4.6 12 220 M M 1 15 210
10 50 25 38 0 27 0 0.00 M M 6.0 13 60 M M 0 16 220
11 50 23 37 -1 28 0 0.00 M M 8.8 21 60 M M 0 27 70
12 53 15 34 -4 31 0 0.00 M M 3.3 14 40 M M 0 21 60
13 55 16 36 -3 29 0 0.00 M M 6.1 16 270 M M 0 24 300
14 62 22 42 3 23 0 0.00 M M 5.4 14 220 M M 0 19 260
15 64 32 48 9 17 0 0.00 M M 7.5 22 270 M M 3 29 260
16 54 31 43 3 22 0 0.00 M M 9.8 18 280 M M 2 30 270
17 60 24 42 2 23 0 0.00 M M 4.7 12 210 M M 3 17 200
18 68 31 50 10 15 0 0.00 M M 6.9 21 200 M M 3 27 200
19 62 42 52 12 13 0 0.10 M M 8.6 25 250 M M 7 1 35 240
20 48 34 41 1 24 0 0.35 M M 12.8 24 270 M M 5 1 38 280
21 47 31 39 -2 26 0 0.00 M M 10.6 18 260 M M 2 29 290
22 47 32 40 -1 25 0 0.02 M M 13.0 24 250 M M 5 1 36 270
23 44 31 38 -3 27 0 0.01 M M 9.5 20 250 M M 8 18 25 290
24 46 30 38 -3 27 0 0.00 M M 11.6 22 240 M M 5 29 250
25 43 33 38 -4 27 0 0.06 M M 10.9 23 190 M M 8 1 30 190
26 51 33 42 0 23 0 T M M 13.2 20 280 M M 5 31 290
27 59 30 45 3 20 0 0.00 M M 7.1 17 250 M M 0 23 290
28 72 34 53 11 12 0 0.00 M M 15.9 22 230 M M 0 40 220
29 M 23 M M M M T M M 23.4 32 270 M M 3 62 280
30 45 22 34 -9 31 0 0.00 M M 11.8 22 270 M M 1 36 290
31 58 23 41 -2 24 0 0.00 M M 5.1 12 210 M M 0 15 220
================================================================================
SM 1646 848 708 0 0.66 M 282.7 M 66
================================================================================
AV 54.9 27.4 9.1 FASTST M M 2 MAX(MPH)
MISC ----> 32 270 62 280
================================================================================
NOTES:
# LAST OF SEVERAL OCCURRENCES
COLUMN 17 PEAK WIND IN M.P.H.
28-29TH: LOSS OF DATA FROM 2145 PM MST ON THE 28TH TO 0250 AM
MST ON THE 29TH. END-OF-DAY DSM ON THE 28TH WAS MISSING AND
29TH WAS CORRUPT.
PRELIMINARY LOCAL CLIMATOLOGICAL DATA (WS FORM: F-6) , PAGE 2
STATION: BURLEY ID
MONTH: MARCH
YEAR: 2021
LATITUDE: 42 32 N
LONGITUDE: 113 46 W
[TEMPERATURE DATA] [PRECIPITATION DATA] SYMBOLS USED IN COLUMN 16
AVERAGE MONTHLY: 41.1 TOTAL FOR MONTH: 0.66 1 = FOG OR MIST
DPTR FM NORMAL: 1.8 DPTR FM NORMAL: -0.37 2 = FOG REDUCING VISIBILITY
HIGHEST: 72 ON 28 GRTST 24HR 0.35 ON 20-20 TO 1/4 MILE OR LESS
LOWEST: 15 ON 12 3 = THUNDER
SNOW, ICE PELLETS, HAIL 4 = ICE PELLETS
TOTAL MONTH: M 5 = HAIL
GRTST 24HR M ON M 6 = FREEZING RAIN OR DRIZZLE
GRTST DEPTH: M ON M 7 = DUSTSTORM OR SANDSTORM:
VSBY 1/2 MILE OR LESS
8 = SMOKE OR HAZE
[NO. OF DAYS WITH] [WEATHER - DAYS WITH] 9 = BLOWING SNOW
X = TORNADO
MAX 32 OR BELOW: 0 0.01 INCH OR MORE: 6
MAX 90 OR ABOVE: 0 0.10 INCH OR MORE: 3
MIN 32 OR BELOW: 26 0.50 INCH OR MORE: 0
MIN 0 OR BELOW: 0 1.00 INCH OR MORE: 0
[HDD (BASE 65) ]
TOTAL THIS MO. 708 CLEAR (SCALE 0-3) 23
DPTR FM NORMAL -89 PTCLDY (SCALE 4-7) 7
TOTAL FM JUL 1 4945 CLOUDY (SCALE 8-10) 1
DPTR FM NORMAL -873
[CDD (BASE 65) ]
TOTAL THIS MO. 0
DPTR FM NORMAL 0 [PRESSURE DATA]
TOTAL FM JAN 1 0 HIGHEST SLP 30.53 ON 31
DPTR FM NORMAL 0 LOWEST SLP 29.57 ON 15
[REMARKS]
#FINAL-03-21#