000
CXUS51 KCLE 021342
CLMCAK
CLIMATE REPORT
NATIONAL WEATHER SERVICE CLEVELAND, OH
942 AM EDT WED AUG 02 2023
...................................
...THE AKRON CANTON OH CLIMATE SUMMARY FOR THE MONTH OF JULY 2023...
CLIMATE NORMAL PERIOD 1991 TO 2020
CLIMATE RECORD PERIOD 1887 TO 2023
WEATHER OBSERVED NORMAL DEPART LAST YEAR`S
VALUE DATE(S) VALUE FROM VALUE
NORMAL
..............................................................
TEMPERATURE (F)
RECORD
HIGH 102 07/14/1936
LOW 41 07/05/1904
07/04/1904
HIGHEST 89 07/05
LOWEST 54 07/31
AVG. MAXIMUM 82.9 84.3 -1.4 85.8
AVG. MINIMUM 62.9 63.4 -0.5 66.1
MEAN 72.9 73.9 -1.0 76.0
DAYS MAX >= 90 0 4.5 -4.5 7
DAYS MAX <= 32 0 0.0 0.0 0
DAYS MIN <= 32 0 0.0 0.0 0
DAYS MIN <= 0 0 0.0 0.0 0
PRECIPITATION (INCHES)
RECORD
MAXIMUM 12.55 2003
MINIMUM 0.67 1991
TOTALS 4.13 4.14 -0.01 3.79
DAYS >= .01 10 11.8 -1.8 12
DAYS >= .10 8 7.2 0.8 8
DAYS >= .50 3 2.7 0.3 3
DAYS >= 1.00 2 1.1 0.9 1
GREATEST
24 HR. TOTAL 1.54 07/28 TO 07/29 1.19
SNOWFALL (INCHES)
RECORDS
TOTAL 0
TOTALS 0.0 0.0 0.0 0.0
SINCE 7/1 0.0 0.0 0.0 0.0
DAYS >= 1.0 0 0.0 0.0 0
GREATEST
24 HR TOTAL 0.0
DEGREE DAYS
HEATING TOTAL 0 2 -2 0
SINCE 7/1 0 0 0 0
COOLING TOTAL 253 277 -24 347
SINCE 1/1 368 527 -159 665
..............................................................
WIND (MPH)
AVERAGE WIND SPEED 6.9
HIGHEST WIND SPEED/DIRECTION 33/230 DATE 07/15
HIGHEST GUST SPEED/DIRECTION 47/220 DATE 07/15
SKY COVER
AVERAGE SKY COVER 0.55
AVERAGE RH (PERCENT) 73
WEATHER CONDITIONS. NUMBER OF DAYS WITH
THUNDERSTORM 13 MIXED PRECIP 0
HEAVY RAIN 4 RAIN 5
LIGHT RAIN 12 FREEZING RAIN 0
LT FREEZING RAIN 0 HAIL 0
HEAVY SNOW 0 SNOW 0
LIGHT SNOW 0 SLEET 0
FOG 23 FOG W/VIS <= 1/4 MILE 2
HAZE 9
- INDICATES NEGATIVE NUMBERS.
R INDICATES RECORD WAS SET OR TIED.
MM INDICATES DATA IS MISSING.
T INDICATES TRACE AMOUNT.
$$