000
CDUS41 KCAR 040548
CLICAR

CLIMATE REPORT
NATIONAL WEATHER SERVICE CARIBOU, ME
145 AM EDT SAT JUL 4 2015


...................................

...THE CARIBOU ME CLIMATE SUMMARY FOR JULY 3 2015...

CLIMATE NORMAL PERIOD 1981 TO 2010
CLIMATE RECORD PERIOD 1939 TO 2015


WEATHER ITEM   OBSERVED TIME   RECORD YEAR NORMAL DEPARTURE LAST
                VALUE   (LST)  VALUE       VALUE  FROM      YEAR
                                                  NORMAL
..................................................................
TEMPERATURE (F)
 YESTERDAY
  MAXIMUM         75    427 PM  90    1949  75      0       87
  MINIMUM         49    409 AM  40    2007  54     -5       68
  AVERAGE         62                        65     -3       78

PRECIPITATION (IN)
  YESTERDAY        0.00          1.40 1972   0.13  -0.13      T
  MONTH TO DATE    0.52                      0.41   0.11     0.06
  SINCE JUN 1      4.77                      3.89   0.88     2.67
  SINCE JAN 1     15.62                     17.31  -1.69    19.87

SNOWFALL (IN)
  YESTERDAY        0.0           0.0  2002   0.0    0.0      0.0
                                      2001
  MONTH TO DATE    0.0                       0.0    0.0      0.0
  SINCE JUN 1      0.0                       0.0    0.0      0.0
  SINCE JUL 1      0.0                       0.0    0.0      0.0
  SNOW DEPTH       0

DEGREE DAYS
 HEATING
  YESTERDAY        3                         3      0        0
  MONTH TO DATE    8                         9     -1        0
  SINCE JUN 1    220                       174     46       89
  SINCE JUL 1      8                         9     -1        0

 COOLING
  YESTERDAY        0                         2     -2       13
  MONTH TO DATE    0                         6     -6       42
  SINCE JUN 1      6                        40    -34       78
  SINCE JAN 1     27                        45    -18       81
..................................................................


WIND (MPH)
  HIGHEST WIND SPEED    20   HIGHEST WIND DIRECTION    NW (300)
  HIGHEST GUST SPEED    27   HIGHEST GUST DIRECTION    NW (310)
  AVERAGE WIND SPEED     7.3


SKY COVER
  POSSIBLE SUNSHINE  MM
  AVERAGE SKY COVER 0.2


WEATHER CONDITIONS
 THE FOLLOWING WEATHER WAS RECORDED YESTERDAY.
  NO SIGNIFICANT WEATHER WAS OBSERVED.


RELATIVE HUMIDITY (PERCENT)
 HIGHEST    89          1100 PM
 LOWEST     29           500 PM
 AVERAGE    59

..........................................................


THE CARIBOU ME CLIMATE NORMALS FOR TODAY
                         NORMAL    RECORD    YEAR
 MAXIMUM TEMPERATURE (F)   75        92      1983
 MINIMUM TEMPERATURE (F)   54        39      1982


SUNRISE AND SUNSET
JULY  4 2015..........SUNRISE   443 AM EDT   SUNSET   829 PM EDT
JULY  5 2015..........SUNRISE   444 AM EDT   SUNSET   829 PM EDT


-  INDICATES NEGATIVE NUMBERS.
R  INDICATES RECORD WAS SET OR TIED.
MM INDICATES DATA IS MISSING.
T  INDICATES TRACE AMOUNT.


..........................................................

THE CARIBOU ME 4 INCH SOIL TEMPERATURES FOR JUL 3 2015

MAXIMUM SOIL TEMPERATURES (F): 66
MINIMUM SOIL TEMPERATURES (F): 61

$$
