000
CDUS41 KCAR 280528
CLICAR


CLIMATE REPORT
NATIONAL WEATHER SERVICE CARIBOU, ME
128 AM EDT FRI JUL 28 2017


...................................

...THE CARIBOU ME CLIMATE SUMMARY FOR JULY 27 2017...

CLIMATE NORMAL PERIOD 1981 TO 2010
CLIMATE RECORD PERIOD 1939 TO 2017


WEATHER ITEM   OBSERVED TIME   RECORD YEAR NORMAL DEPARTURE LAST
                VALUE   (LST)  VALUE       VALUE  FROM      YEAR
                                                  NORMAL
..................................................................
TEMPERATURE (F)
 YESTERDAY
  MAXIMUM         72    858 AM  92    1963  76     -4       84
  MINIMUM         61    425 AM  42    1946  56      5       62
  AVERAGE         67                        66      1       73

PRECIPITATION (IN)
  YESTERDAY        0.11          1.95 1947   0.12  -0.01      T
  MONTH TO DATE    2.60                      3.59  -0.99     5.37
  SINCE JUN 1      6.99                      7.07  -0.08     9.02
  SINCE JAN 1     23.56                     20.49   3.07    24.95

SNOWFALL (IN)
  YESTERDAY        0.0           0.0  2002   0.0    0.0      0.0
                                      2001
  MONTH TO DATE    0.0                       0.0    0.0      0.0
  SINCE JUN 1      0.0                       0.0    0.0      0.0
  SINCE JUL 1      0.0                       0.0    0.0      0.0
  SNOW DEPTH       0

DEGREE DAYS
 HEATING
  YESTERDAY        0                         2     -2        0
  MONTH TO DATE   27                        56    -29       48
  SINCE JUN 1    159                       221    -62      192
  SINCE JUL 1     27                        56    -29       48

 COOLING
  YESTERDAY        2                         3     -1        8
  MONTH TO DATE   76                        67      9       97
  SINCE JUN 1    121                       101     20      142
  SINCE JAN 1    127                       106     21      150
..................................................................


WIND (MPH)
  HIGHEST WIND SPEED    14   HIGHEST WIND DIRECTION     S (180)
  HIGHEST GUST SPEED    20   HIGHEST GUST DIRECTION    SW (220)
  AVERAGE WIND SPEED     6.4


SKY COVER
  POSSIBLE SUNSHINE  MM
  AVERAGE SKY COVER 0.8


WEATHER CONDITIONS
 THE FOLLOWING WEATHER WAS RECORDED YESTERDAY.
  HEAVY RAIN
  RAIN
  LIGHT RAIN
  FOG


RELATIVE HUMIDITY (PERCENT)
 HIGHEST    87           300 PM
 LOWEST     63          1200 AM
 AVERAGE    75

..........................................................


THE CARIBOU ME CLIMATE NORMALS FOR TODAY
                         NORMAL    RECORD    YEAR
 MAXIMUM TEMPERATURE (F)   76        91      1970
                                             1959
                                             1949
 MINIMUM TEMPERATURE (F)   56        43      1987
                                             1981
                                             1945


SUNRISE AND SUNSET
JULY 28 2017..........SUNRISE   507 AM EDT   SUNSET   809 PM EDT
JULY 29 2017..........SUNRISE   508 AM EDT   SUNSET   808 PM EDT


-  INDICATES NEGATIVE NUMBERS.
R  INDICATES RECORD WAS SET OR TIED.
MM INDICATES DATA IS MISSING.
T  INDICATES TRACE AMOUNT.




$$
