000
CDUS41 KCAR 100532
CLICAR

CLIMATE REPORT
NATIONAL WEATHER SERVICE CARIBOU, ME
130 AM EDT THU JUL 10 2014


...................................

...THE CARIBOU ME CLIMATE SUMMARY FOR JULY 9 2014...

CLIMATE NORMAL PERIOD 1981 TO 2010
CLIMATE RECORD PERIOD 1939 TO 2014


WEATHER ITEM   OBSERVED TIME   RECORD YEAR NORMAL DEPARTURE LAST
                VALUE   (LST)  VALUE       VALUE  FROM      YEAR
                                                  NORMAL
..................................................................
TEMPERATURE (F)
 YESTERDAY
  MAXIMUM         82(E) 200 PM   94    1944  76      6       79
  MINIMUM         66(E) 1159 PM  43    2007  55     11       51
                                       1969
  AVERAGE         74                         65      9       65

PRECIPITATION (IN)
  YESTERDAY        0.03          1.90 1978   0.14  -0.11      T
  MONTH TO DATE    4.30                      1.23   3.07     0.02
  SINCE JUN 1      6.91                      4.71   2.20     6.08
  SINCE JAN 1     24.11                     18.13   5.98    20.10

SNOWFALL (IN)
  YESTERDAY        0.0           0.0  2002   0.0    0.0      0.0
                                      2001
  MONTH TO DATE    0.0                       0.0    0.0      0.0
  SINCE JUN 1      0.0                       0.0    0.0      0.0
  SINCE JUL 1      0.0                       0.0    0.0      0.0
  SNOW DEPTH       0

DEGREE DAYS
 HEATING
  YESTERDAY        0                         2     -2        0
  MONTH TO DATE   15                        22     -7        3
  SINCE JUN 1    104                       187    -83      181
  SINCE JUL 1     15                        22     -7        3

 COOLING
  YESTERDAY        9                         2      7        0
  MONTH TO DATE   61                        18     43       54
  SINCE JUN 1     97                        52     45       77
  SINCE JAN 1    100                        57     43       85
..................................................................


WIND (MPH)
  HIGHEST WIND SPEED    23   HIGHEST WIND DIRECTION     W (250)
  HIGHEST GUST SPEED    33   HIGHEST GUST DIRECTION    SW (240)
  AVERAGE WIND SPEED    11.5


SKY COVER
  POSSIBLE SUNSHINE  MM
  AVERAGE SKY COVER 0.4


WEATHER CONDITIONS
 THE FOLLOWING WEATHER WAS RECORDED YESTERDAY.
  LIGHT RAIN
  HAZE


RELATIVE HUMIDITY (PERCENT)
 HIGHEST    87           400 AM
 LOWEST     43           600 PM
 AVERAGE    65

..........................................................


THE CARIBOU ME CLIMATE NORMALS FOR TODAY
                         NORMAL    RECORD    YEAR
 MAXIMUM TEMPERATURE (F)   76        95      1955
 MINIMUM TEMPERATURE (F)   55        41      1942


SUNRISE AND SUNSET
JULY 10 2014..........SUNRISE   448 AM EDT   SUNSET   826 PM EDT
JULY 11 2014..........SUNRISE   449 AM EDT   SUNSET   826 PM EDT


-  INDICATES NEGATIVE NUMBERS.
R  INDICATES RECORD WAS SET OR TIED.
MM INDICATES DATA IS MISSING.
T  INDICATES TRACE AMOUNT.

THE CARIBOU ME 4 INCH SOIL TEMPERATURE FOR JULY 09 2014

MAXIMUM SOIL TEMPERATURE (F)...75
MINIMUM SOIL TEMPERATURE (F)...70

$$
