000
CDUS41 KCAR 200526
CLICAR


CLIMATE REPORT
NATIONAL WEATHER SERVICE CARIBOU, ME
126 AM EDT WED AUG 20 2014


...................................

...THE CARIBOU ME CLIMATE SUMMARY FOR AUGUST 19 2014...

CLIMATE NORMAL PERIOD 1981 TO 2010
CLIMATE RECORD PERIOD 1939 TO 2014


WEATHER ITEM   OBSERVED TIME   RECORD YEAR NORMAL DEPARTURE LAST
                VALUE   (LST)  VALUE       VALUE  FROM      YEAR
                                                  NORMAL
..................................................................
TEMPERATURE (F)
 YESTERDAY
  MAXIMUM         77    233 PM  92    1960  74      3       78
  MINIMUM         54    424 AM  37    2005  53      1       57
  AVERAGE         66                        63      3       68

PRECIPITATION (IN)
  YESTERDAY        0.00          2.14 1991   0.12  -0.12     0.00
  MONTH TO DATE    1.68                      2.38  -0.70     4.52
  SINCE JUN 1     11.35                      9.94   1.41    17.85
  SINCE JAN 1     28.55                     23.36   5.19    31.87

SNOWFALL (IN)
  YESTERDAY        0.0           0.0  2002   0.0    0.0      0.0
                                      2001
  MONTH TO DATE    0.0                       0.0    0.0      0.0
  SINCE JUN 1      0.0                       0.0    0.0      0.0
  SINCE JUL 1      0.0                       0.0    0.0      0.0
  SNOW DEPTH       0

DEGREE DAYS
 HEATING
  YESTERDAY        0                         3     -3        0
  MONTH TO DATE   20                        44    -24       52
  SINCE JUN 1    133                       267   -134      258
  SINCE JUL 1     44                       102    -58       80

 COOLING
  YESTERDAY        1                         2     -1        3
  MONTH TO DATE   39                        39      0        7
  SINCE JUN 1    205                       150     55      149
  SINCE JAN 1    208                       155     53      157
..................................................................


WIND (MPH)
  HIGHEST WIND SPEED    14   HIGHEST WIND DIRECTION    NW (320)
  HIGHEST GUST SPEED    19   HIGHEST GUST DIRECTION    NW (320)
  AVERAGE WIND SPEED     6.8


SKY COVER
  POSSIBLE SUNSHINE  MM
  AVERAGE SKY COVER 0.3


WEATHER CONDITIONS
 THE FOLLOWING WEATHER WAS RECORDED YESTERDAY.
  NO SIGNIFICANT WEATHER WAS OBSERVED.


RELATIVE HUMIDITY (PERCENT)
 HIGHEST    93          1200 AM
 LOWEST     46           100 PM
 AVERAGE    70

..........................................................


THE CARIBOU ME CLIMATE NORMALS FOR TODAY
                         NORMAL    RECORD    YEAR
 MAXIMUM TEMPERATURE (F)   74        87      1945
 MINIMUM TEMPERATURE (F)   52        38      1990


SUNRISE AND SUNSET
AUGUST 20 2014........SUNRISE   536 AM EDT   SUNSET   734 PM EDT
AUGUST 21 2014........SUNRISE   537 AM EDT   SUNSET   732 PM EDT


-  INDICATES NEGATIVE NUMBERS.
R  INDICATES RECORD WAS SET OR TIED.
MM INDICATES DATA IS MISSING.
T  INDICATES TRACE AMOUNT.




$$
