000
CDUS41 KCAR 040528
CLICAR


CLIMATE REPORT
NATIONAL WEATHER SERVICE CARIBOU, ME
126 AM EDT FRI SEP 4 2015


...................................

...THE CARIBOU ME CLIMATE SUMMARY FOR SEPTEMBER 3 2015...

CLIMATE NORMAL PERIOD 1981 TO 2010
CLIMATE RECORD PERIOD 1939 TO 2015


WEATHER ITEM   OBSERVED TIME   RECORD YEAR NORMAL DEPARTURE LAST
                VALUE   (LST)  VALUE       VALUE  FROM      YEAR
                                                  NORMAL
..................................................................
TEMPERATURE (F)
 YESTERDAY
  MAXIMUM         73   1227 PM  90    1999  70      3       79
  MINIMUM         51   1159 PM  30    1976  49      2       57
  AVERAGE         62                        60      2       68

PRECIPITATION (IN)
  YESTERDAY        0.00          1.83 1959   0.10  -0.10     1.29
  MONTH TO DATE    T                         0.31  -0.31     1.52
  SINCE SEP 1      T                         0.31  -0.31     1.52
  SINCE JAN 1     22.47                     25.05  -2.58    30.18

SNOWFALL (IN)
  YESTERDAY        0.0           0.0  2002   0.0    0.0      0.0
                                      2001
  MONTH TO DATE    0.0                       0.0    0.0      0.0
  SINCE SEP 1      0.0                       0.0    0.0      0.0
  SINCE JUL 1      0.0                       0.0    0.0      0.0
  SNOW DEPTH       0

DEGREE DAYS
 HEATING
  YESTERDAY        3                         6     -3        0
  MONTH TO DATE    6                        18    -12        0
  SINCE SEP 1      6                        18    -12        0
  SINCE JUL 1     83                       172    -89       58

 COOLING
  YESTERDAY        0                         1     -1        3
  MONTH TO DATE    4                         3      1       12
  SINCE SEP 1      4                         3      1       12
  SINCE JAN 1    207                       172     35      253
..................................................................


WIND (MPH)
  HIGHEST WIND SPEED    20   HIGHEST WIND DIRECTION    NW (330)
  HIGHEST GUST SPEED    24   HIGHEST GUST DIRECTION    NW (330)
  AVERAGE WIND SPEED     7.5


SKY COVER
  POSSIBLE SUNSHINE  MM
  AVERAGE SKY COVER 0.1


WEATHER CONDITIONS
 THE FOLLOWING WEATHER WAS RECORDED YESTERDAY.
  FOG


RELATIVE HUMIDITY (PERCENT)
 HIGHEST    93          1200 AM
 LOWEST     41           100 PM
 AVERAGE    67

..........................................................


THE CARIBOU ME CLIMATE NORMALS FOR TODAY
                         NORMAL    RECORD    YEAR
 MAXIMUM TEMPERATURE (F)   70        85      1999
                                             1983
 MINIMUM TEMPERATURE (F)   48        32      1989


SUNRISE AND SUNSET
SEPTEMBER  4 2015.....SUNRISE   555 AM EDT   SUNSET   706 PM EDT
SEPTEMBER  5 2015.....SUNRISE   556 AM EDT   SUNSET   704 PM EDT


-  INDICATES NEGATIVE NUMBERS.
R  INDICATES RECORD WAS SET OR TIED.
MM INDICATES DATA IS MISSING.
T  INDICATES TRACE AMOUNT.

-----------------------------------------------------------------
THE CARIBOU ME 4 INCH SOIL TEMPERATURES FOR SEP 3 2015

MAXIMUM SOIL TEMPERATURE (F): 71
MINIMUM SOIL TEMPERATURE (F): 68

$$
