000
CDUS41 KCAR 262030
CLICAR


CLIMATE REPORT
NATIONAL WEATHER SERVICE CARIBOU, ME
429 PM EDT THU MAR 26 2015


...................................

...THE CARIBOU ME CLIMATE SUMMARY FOR MARCH 26 2015...
VALID TODAY AS OF 0400 PM LOCAL TIME.

CLIMATE NORMAL PERIOD 1981 TO 2010
CLIMATE RECORD PERIOD 1939 TO 2015


WEATHER ITEM   OBSERVED TIME   RECORD YEAR NORMAL DEPARTURE LAST
                VALUE   (LST)  VALUE       VALUE  FROM      YEAR
                                                  NORMAL
..................................................................
TEMPERATURE (F)
 TODAY
  MAXIMUM         45    128 PM  62    1993  38      7       29
                                      1986
  MINIMUM         32    138 AM  -9    1960  20     12        4
  AVERAGE         39                        29     10       17

PRECIPITATION (IN)
  TODAY            T             0.73 1964   0.08  -0.08      T
  MONTH TO DATE    1.57                      2.10  -0.53     2.66
  SINCE MAR 1      1.57                      2.10  -0.53     2.66
  SINCE JAN 1      5.67                      7.02  -1.35     8.88

SNOWFALL (IN)
  TODAY            T             6.1  1964   0.5   -0.5       T
  MONTH TO DATE   23.3                      16.1    7.2     36.0
  SINCE MAR 1     23.3                      16.1    7.2     36.0
  SINCE JUL 1    131.6                      98.6   33.0    135.4
  SNOW DEPTH      16

DEGREE DAYS
 HEATING
  TODAY           26                        36    -10       48
  MONTH TO DATE 1218                      1079    139     1352
  SINCE MAR 1   1218                      1079    139     1352
  SINCE JUL 1   7959                      7800    159     8006

 COOLING
  TODAY            0                         0      0        0
  MONTH TO DATE    0                         0      0        0
  SINCE MAR 1      0                         0      0        0
  SINCE JAN 1      0                         0      0        0
..................................................................


WIND (MPH)
  HIGHEST WIND SPEED    23   HIGHEST WIND DIRECTION     W (250)
  HIGHEST GUST SPEED    32   HIGHEST GUST DIRECTION     S (200)
  AVERAGE WIND SPEED    12.7


SKY COVER
  POSSIBLE SUNSHINE  MM
  AVERAGE SKY COVER 1.0


WEATHER CONDITIONS
 THE FOLLOWING WEATHER WAS RECORDED TODAY.
  LIGHT RAIN
  LIGHT SNOW
  HAZE


RELATIVE HUMIDITY (PERCENT)
 HIGHEST    82           400 AM
 LOWEST     49           100 PM
 AVERAGE    66

..........................................................


THE CARIBOU ME CLIMATE NORMALS FOR TOMORROW
                         NORMAL    RECORD    YEAR
 MAXIMUM TEMPERATURE (F)   38        66      1993
 MINIMUM TEMPERATURE (F)   20        -2      1990


SUNRISE AND SUNSET
MARCH 26 2015.........SUNRISE   624 AM EDT   SUNSET   653 PM EDT
MARCH 27 2015.........SUNRISE   622 AM EDT   SUNSET   654 PM EDT


-  INDICATES NEGATIVE NUMBERS.
R  INDICATES RECORD WAS SET OR TIED.
MM INDICATES DATA IS MISSING.
T  INDICATES TRACE AMOUNT.




$$
