000
CDUS41 KCAR 240532
CLICAR


CLIMATE REPORT
NATIONAL WEATHER SERVICE CARIBOU, ME
1230 AM EST WED DEC 24 2014


...................................

...THE CARIBOU ME CLIMATE SUMMARY FOR DECEMBER 23 2014...

CLIMATE NORMAL PERIOD 1981 TO 2010
CLIMATE RECORD PERIOD 1939 TO 2014


WEATHER ITEM   OBSERVED TIME   RECORD YEAR NORMAL DEPARTURE LAST
                VALUE   (LST)  VALUE       VALUE  FROM      YEAR
                                                  NORMAL
..................................................................
TEMPERATURE (F)
 YESTERDAY
  MAXIMUM         31   1159 PM  49    2004  24      7       23
  MINIMUM         26    508 AM -22    1943   7     19       15
  AVERAGE         29                        15     14       19

PRECIPITATION (IN)
  YESTERDAY        T             0.93 2006   0.09  -0.09     0.22
  MONTH TO DATE    4.40                      2.51   1.89     3.05
  SINCE DEC 1      4.40                      2.51   1.89     3.05
  SINCE JAN 1     44.81                     37.73   7.08    49.63

SNOWFALL (IN)
  YESTERDAY        T             8.4  1964   0.8   -0.8      2.0
  MONTH TO DATE   26.5                      16.4   10.1     35.1
  SINCE DEC 1     26.5                      16.4   10.1     35.1
  SINCE JUL 1     55.3                      28.6   26.7     45.2
  SNOW DEPTH      15

DEGREE DAYS
 HEATING
  YESTERDAY       36                        50    -14       46
  MONTH TO DATE  978                      1039    -61     1147
  SINCE DEC 1    978                      1039    -61     1147
  SINCE JUL 1   2930                      3184   -254     3103

 COOLING
  YESTERDAY        0                         0      0        0
  MONTH TO DATE    0                         0      0        0
  SINCE DEC 1      0                         0      0        0
  SINCE JAN 1    266                       180     86      192
..................................................................


WIND (MPH)
  HIGHEST WIND SPEED    12   HIGHEST WIND DIRECTION     S (180)
  HIGHEST GUST SPEED    16   HIGHEST GUST DIRECTION     S (160)
  AVERAGE WIND SPEED     6.4


SKY COVER
  POSSIBLE SUNSHINE  MM
  AVERAGE SKY COVER 1.0


WEATHER CONDITIONS
 THE FOLLOWING WEATHER WAS RECORDED YESTERDAY.
  LIGHT SNOW
  FOG


RELATIVE HUMIDITY (PERCENT)
 HIGHEST    92           400 AM
 LOWEST     84          1200 AM
 AVERAGE    88

..........................................................


THE CARIBOU ME CLIMATE NORMALS FOR TODAY
                         NORMAL    RECORD    YEAR
 MAXIMUM TEMPERATURE (F)   24        48      2004
                                             2003
 MINIMUM TEMPERATURE (F)    6       -18      1989
                                             1970
                                             1943


SUNRISE AND SUNSET
DECEMBER 24 2014......SUNRISE   716 AM EST   SUNSET   348 PM EST
DECEMBER 25 2014......SUNRISE   716 AM EST   SUNSET   348 PM EST


-  INDICATES NEGATIVE NUMBERS.
R  INDICATES RECORD WAS SET OR TIED.
MM INDICATES DATA IS MISSING.
T  INDICATES TRACE AMOUNT.




$$
