000
CDUS41 KCAR 270528
CLICAR


CLIMATE REPORT
NATIONAL WEATHER SERVICE CARIBOU, ME
127 AM EDT TUE SEP 27 2016


...................................

...THE CARIBOU ME CLIMATE SUMMARY FOR SEPTEMBER 26 2016...

CLIMATE NORMAL PERIOD 1981 TO 2010
CLIMATE RECORD PERIOD 1939 TO 2016


WEATHER ITEM   OBSERVED TIME   RECORD YEAR NORMAL DEPARTURE LAST
                VALUE   (LST)  VALUE       VALUE  FROM      YEAR
                                                  NORMAL
..................................................................
TEMPERATURE (F)
 YESTERDAY
  MAXIMUM         61    320 PM  81    2007  61      0       61
  MINIMUM         38    609 AM  26    2009  41     -3       32
  AVERAGE         50                        51     -1       47

PRECIPITATION (IN)
  YESTERDAY        0.00          2.03 1961   0.11  -0.11     0.00
  MONTH TO DATE    2.47                      2.86  -0.39     2.12
  SINCE SEP 1      2.47                      2.86  -0.39     2.12
  SINCE JAN 1     33.58                     27.60   5.98    24.59

SNOWFALL (IN)
  YESTERDAY        0.0           0.0  2002   0.0    0.0      0.0
                                      2001
  MONTH TO DATE    0.0                       0.1   -0.1      0.0
  SINCE SEP 1      0.0                       0.1   -0.1      0.0
  SINCE JUL 1      0.0                       0.1   -0.1      0.0
  SNOW DEPTH       0

DEGREE DAYS
 HEATING
  YESTERDAY       15                        14      1       18
  MONTH TO DATE  139                       251   -112      117
  SINCE SEP 1    139                       251   -112      117
  SINCE JUL 1    219                       405   -186      194

 COOLING
  YESTERDAY        0                         0      0        0
  MONTH TO DATE   22                        10     12       50
  SINCE SEP 1     22                        10     12       50
  SINCE JAN 1    275                       179     96      253
..................................................................


WIND (MPH)
  HIGHEST WIND SPEED    13   HIGHEST WIND DIRECTION    NW (320)
  HIGHEST GUST SPEED    16   HIGHEST GUST DIRECTION    NW (310)
  AVERAGE WIND SPEED     5.7


SKY COVER
  POSSIBLE SUNSHINE  MM
  AVERAGE SKY COVER 0.0


WEATHER CONDITIONS
 THE FOLLOWING WEATHER WAS RECORDED YESTERDAY.
  NO SIGNIFICANT WEATHER WAS OBSERVED.


RELATIVE HUMIDITY (PERCENT)
 HIGHEST    92           600 AM
 LOWEST     46           200 PM
 AVERAGE    69

..........................................................


THE CARIBOU ME CLIMATE NORMALS FOR TODAY
                         NORMAL    RECORD    YEAR
 MAXIMUM TEMPERATURE (F)   61        76      1973
 MINIMUM TEMPERATURE (F)   41        24      1971


SUNRISE AND SUNSET
SEPTEMBER 27 2016.....SUNRISE   626 AM EDT   SUNSET   619 PM EDT
SEPTEMBER 28 2016.....SUNRISE   627 AM EDT   SUNSET   617 PM EDT


-  INDICATES NEGATIVE NUMBERS.
R  INDICATES RECORD WAS SET OR TIED.
MM INDICATES DATA IS MISSING.
T  INDICATES TRACE AMOUNT.

....................................................................................

THE CARIBOU ME 4-INCH UNDER SOD SOIL TEMPERATURE FOR SEP 26 2016:

MAXIMUM TEMPERATURE: 58 F
MINIMUM TEMPERATURE: 54 F


$$
