000
CDUS41 KCAR 202112
CLICAR

CLIMATE REPORT
NATIONAL WEATHER SERVICE CARIBOU, ME
434 PM EDT SAT MAY 20 2017


...................................

...THE CARIBOU ME CLIMATE SUMMARY FOR MAY 20 2017...
VALID TODAY AS OF 0400 PM LOCAL TIME.

CLIMATE NORMAL PERIOD 1981 TO 2010
CLIMATE RECORD PERIOD 1939 TO 2017


WEATHER ITEM   OBSERVED TIME   RECORD YEAR NORMAL DEPARTURE LAST
                VALUE   (LST)  VALUE       VALUE  FROM      YEAR
                                                  NORMAL
..................................................................
TEMPERATURE (F)
 TODAY
  MAXIMUM         58    259 PM  86    2003  64     -6       77
                                      1951
  MINIMUM         38    414 AM  28    1944  42     -4       48
  AVERAGE         48                        53     -5       63

PRECIPITATION (IN)
  TODAY            0.00          1.27 1975   0.12  -0.12     0.00
  MONTH TO DATE    3.73                      2.06   1.67     2.16
  SINCE MAR 1     10.31                      7.23   3.08     9.66
  SINCE JAN 1     15.93                     12.15   3.78    15.13

SNOWFALL (IN)
  TODAY            0.0           0.0  2002   0.0    0.0      0.0
                                      2001
  MONTH TO DATE    T                         0.4   -0.4      4.8
  SINCE MAR 1     33.0                      26.1    6.9     34.8
  SINCE JUL 1    129.6                     108.6   21.0     94.8
  SNOW DEPTH       0

DEGREE DAYS
 HEATING
  TODAY           17                        12      5        2
  MONTH TO DATE  275                       308    -33      304
  SINCE MAR 1   2362                      2353      9     2434
  SINCE JUL 1   8343                      9074   -731     8176

 COOLING
  TODAY            0                         0      0        0
  MONTH TO DATE    6                         0      6        0
  SINCE MAR 1      6                         0      6        0
  SINCE JAN 1      6                         0      6        0
..................................................................


WIND (MPH)
  HIGHEST WIND SPEED    23   HIGHEST WIND DIRECTION     N (360)
  HIGHEST GUST SPEED    30   HIGHEST GUST DIRECTION     N (10)
  AVERAGE WIND SPEED    13.0


SKY COVER
  POSSIBLE SUNSHINE  MM
  AVERAGE SKY COVER 0.4


WEATHER CONDITIONS
 THE FOLLOWING WEATHER WAS RECORDED TODAY.
  NO SIGNIFICANT WEATHER WAS OBSERVED.


RELATIVE HUMIDITY (PERCENT)
 HIGHEST    64           200 AM
 LOWEST     33           300 PM
 AVERAGE    49

..........................................................


THE CARIBOU ME CLIMATE NORMALS FOR TOMORROW
                         NORMAL    RECORD    YEAR
 MAXIMUM TEMPERATURE (F)   65        92      1992
 MINIMUM TEMPERATURE (F)   42        31      1974


SUNRISE AND SUNSET
MAY 20 2017...........SUNRISE   451 AM EDT   SUNSET   807 PM EDT
MAY 21 2017...........SUNRISE   450 AM EDT   SUNSET   808 PM EDT


-  INDICATES NEGATIVE NUMBERS.
R  INDICATES RECORD WAS SET OR TIED.
MM INDICATES DATA IS MISSING.
T  INDICATES TRACE AMOUNT.

*********************************************************************

THE CARIBOU ME 4 INCH UNDER SOD SOIL TEMPERATURE FOR MAY 20 2017

MAXIMUM 60F
MINIMUM 53F

$$
