000
CDUS41 KCAR 260548
CLICAR

CLIMATE REPORT
NATIONAL WEATHER SERVICE CARIBOU, ME
140 AM EDT FRI AUG 26 2016


...................................

...THE CARIBOU ME CLIMATE SUMMARY FOR AUGUST 25 2016...

CLIMATE NORMAL PERIOD 1981 TO 2010
CLIMATE RECORD PERIOD 1939 TO 2016


WEATHER ITEM   OBSERVED TIME   RECORD YEAR NORMAL DEPARTURE LAST
                VALUE   (LST)  VALUE       VALUE  FROM      YEAR
                                                  NORMAL
..................................................................
TEMPERATURE (F)
 YESTERDAY
  MAXIMUM         83   1253 PM  88    2014  73     10       78
  MINIMUM         64    536 AM  34    2003  51     13       64
  AVERAGE         74                        62     12       71

PRECIPITATION (IN)
  YESTERDAY        T             1.34 1988   0.11  -0.11      T
  MONTH TO DATE    5.30                      3.07   2.23     3.32
  SINCE JUN 1     14.59                     10.63   3.96    10.76
  SINCE JAN 1     30.52                     24.05   6.47    21.61

SNOWFALL (IN)
  YESTERDAY        0.0           0.0  2002   0.0    0.0      0.0
                                      2001
  MONTH TO DATE    0.0                       0.0    0.0      0.0
  SINCE JUN 1      0.0                       0.0    0.0      0.0
  SINCE JUL 1      0.0                       0.0    0.0      0.0
  SNOW DEPTH       0

DEGREE DAYS
 HEATING
  YESTERDAY        0                         4     -4        0
  MONTH TO DATE   27                        66    -39       10
  SINCE JUN 1    219                       289    -70      287
  SINCE JUL 1     75                       124    -49       75

 COOLING
  YESTERDAY        9                         1      8        6
  MONTH TO DATE   75                        45     30      110
  SINCE JUN 1    229                       156     73      172
  SINCE JAN 1    237                       161     76      193
..................................................................


WIND (MPH)
  HIGHEST WIND SPEED    17   HIGHEST WIND DIRECTION    SW (240)
  HIGHEST GUST SPEED    23   HIGHEST GUST DIRECTION     W (250)
  AVERAGE WIND SPEED     7.0


SKY COVER
  POSSIBLE SUNSHINE  MM
  AVERAGE SKY COVER 0.5


WEATHER CONDITIONS
 THE FOLLOWING WEATHER WAS RECORDED YESTERDAY.
  LIGHT RAIN


RELATIVE HUMIDITY (PERCENT)
 HIGHEST    93           600 AM
 LOWEST     58          1200 PM
 AVERAGE    76

..........................................................


THE CARIBOU ME CLIMATE NORMALS FOR TODAY
                         NORMAL    RECORD    YEAR
 MAXIMUM TEMPERATURE (F)   73        89      2012
 MINIMUM TEMPERATURE (F)   51        34      1942


SUNRISE AND SUNSET
AUGUST 26 2016........SUNRISE   544 AM EDT   SUNSET   722 PM EDT
AUGUST 27 2016........SUNRISE   546 AM EDT   SUNSET   720 PM EDT


-  INDICATES NEGATIVE NUMBERS.
R  INDICATES RECORD WAS SET OR TIED.
MM INDICATES DATA IS MISSING.
T  INDICATES TRACE AMOUNT.

.....................................................................

THE CARIBOU ME 4-INCH UNDER SOD SOIL TEMPERATURE AUG 25 2016:

MAXIMUM SOIL TEMPERATURE: 74 F
MINIMUM SOIL TEMPERATURE: 69 F

$$
