997
CDUS41 KCAR 110527
CLICAR


CLIMATE REPORT
NATIONAL WEATHER SERVICE CARIBOU, ME
1226 AM EST MON DEC 11 2017


...................................

...THE CARIBOU ME CLIMATE SUMMARY FOR DECEMBER 10 2017...

CLIMATE NORMAL PERIOD 1981 TO 2010
CLIMATE RECORD PERIOD 1939 TO 2017


WEATHER ITEM   OBSERVED TIME   RECORD YEAR NORMAL DEPARTURE LAST
                VALUE   (LST)  VALUE       VALUE  FROM      YEAR
                                                  NORMAL
..................................................................
TEMPERATURE (F)
 YESTERDAY
  MAXIMUM         28    136 PM  47    1973  28      0       10
  MINIMUM         13   1127 PM -17    1958  13      0        4
  AVERAGE         21                        21      0        7

PRECIPITATION (IN)
  YESTERDAY        0.25          1.17 2014   0.12   0.13      T
  MONTH TO DATE    1.30                      1.16   0.14     1.28
  SINCE DEC 1      1.30                      1.16   0.14     1.28
  SINCE JAN 1     40.19                     36.38   3.81    41.04

SNOWFALL (IN)
  YESTERDAY        4.6           6.3  1995   0.7    3.9       T
  MONTH TO DATE    8.1                       6.6    1.5     13.9
  SINCE DEC 1      8.1                       6.6    1.5     13.9
  SINCE JUL 1     12.0                      18.8   -6.8     34.1
  SNOW DEPTH       6

DEGREE DAYS
 HEATING
  YESTERDAY       44                        44      0       58
  MONTH TO DATE  355                       423    -68      450
  SINCE DEC 1    355                       423    -68      450
  SINCE JUL 1   2059                      2568   -509     2137

 COOLING
  YESTERDAY        0                         0      0        0
  MONTH TO DATE    0                         0      0        0
  SINCE DEC 1      0                         0      0        0
  SINCE JAN 1    222                       180     42      275
..................................................................


WIND (MPH)
  HIGHEST WIND SPEED    20   HIGHEST WIND DIRECTION    SW (230)
  HIGHEST GUST SPEED    25   HIGHEST GUST DIRECTION    SW (230)
  AVERAGE WIND SPEED     8.6


SKY COVER
  POSSIBLE SUNSHINE  MM
  AVERAGE SKY COVER 0.7


WEATHER CONDITIONS
 THE FOLLOWING WEATHER WAS RECORDED YESTERDAY.
  LIGHT SNOW
  FOG


RELATIVE HUMIDITY (PERCENT)
 HIGHEST    88           400 AM
 LOWEST     62           800 PM
 AVERAGE    75

..........................................................


THE CARIBOU ME CLIMATE NORMALS FOR TODAY
                         NORMAL    RECORD    YEAR
 MAXIMUM TEMPERATURE (F)   28        56      1969
 MINIMUM TEMPERATURE (F)   13       -16      1988
                                             1958


SUNRISE AND SUNSET
DECEMBER 11 2017......SUNRISE   707 AM EST   SUNSET   343 PM EST
DECEMBER 12 2017......SUNRISE   708 AM EST   SUNSET   343 PM EST


-  INDICATES NEGATIVE NUMBERS.
R  INDICATES RECORD WAS SET OR TIED.
MM INDICATES DATA IS MISSING.
T  INDICATES TRACE AMOUNT.




$$
