000
CDUS41 KCAR 200024
CLICAR

CLIMATE REPORT
NATIONAL WEATHER SERVICE CARIBOU, ME
429 PM EDT FRI MAY 19 2017


...................................

...THE CARIBOU ME CLIMATE SUMMARY FOR MAY 19 2017...
VALID TODAY AS OF 0400 PM LOCAL TIME.

CLIMATE NORMAL PERIOD 1981 TO 2010
CLIMATE RECORD PERIOD 1939 TO 2017


WEATHER ITEM   OBSERVED TIME   RECORD YEAR NORMAL DEPARTURE LAST
                VALUE   (LST)  VALUE       VALUE  FROM      YEAR
                                                  NORMAL
..................................................................
TEMPERATURE (F)
 TODAY
  MAXIMUM         67    626 AM  87    1962  64      3       69
  MINIMUM         51    259 PM  27    1967  41     10       47
                                      1939
  AVERAGE         59                        53      6       58

PRECIPITATION (IN)
  TODAY            0.04          0.81 2008   0.12  -0.08     0.00
  MONTH TO DATE    3.73                      1.94   1.79     2.16
  SINCE MAR 1     10.31                      7.11   3.20     9.66
  SINCE JAN 1     15.93                     12.03   3.90    15.13

SNOWFALL (IN)
  TODAY            0.0           T    2008   0.0    0.0      0.0
  MONTH TO DATE    T                         0.4   -0.4      4.8
  SINCE MAR 1     33.0                      26.1    6.9     34.8
  SINCE JUL 1    129.6                     108.6   21.0     94.8
  SNOW DEPTH       0

DEGREE DAYS
 HEATING
  TODAY            6                        13     -7        7
  MONTH TO DATE  254                       296    -42      302
  SINCE MAR 1   2341                      2341      0     2432
  SINCE JUL 1   8322                      9062   -740     8174

 COOLING
  TODAY            0                         0      0        0
  MONTH TO DATE    6                         0      6        0
  SINCE MAR 1      6                         0      6        0
  SINCE JAN 1      6                         0      6        0
..................................................................


WIND (MPH)
  HIGHEST WIND SPEED    23   HIGHEST WIND DIRECTION    NW (300)
  HIGHEST GUST SPEED    33   HIGHEST GUST DIRECTION    NW (320)
  AVERAGE WIND SPEED    12.7


SKY COVER
  POSSIBLE SUNSHINE  MM
  AVERAGE SKY COVER 0.5


WEATHER CONDITIONS
 THE FOLLOWING WEATHER WAS RECORDED TODAY.
  THUNDERSTORM
  LIGHT RAIN
  FOG


RELATIVE HUMIDITY (PERCENT)
 HIGHEST    97           200 AM
 LOWEST     71           100 PM
 AVERAGE    84

..........................................................


THE CARIBOU ME CLIMATE NORMALS FOR TOMORROW
                         NORMAL    RECORD    YEAR
 MAXIMUM TEMPERATURE (F)   64        86      2003
                                             1951
 MINIMUM TEMPERATURE (F)   42        28      1944


SUNRISE AND SUNSET
MAY 19 2017...........SUNRISE   452 AM EDT   SUNSET   805 PM EDT
MAY 20 2017...........SUNRISE   451 AM EDT   SUNSET   807 PM EDT


-  INDICATES NEGATIVE NUMBERS.
R  INDICATES RECORD WAS SET OR TIED.
MM INDICATES DATA IS MISSING.
T  INDICATES TRACE AMOUNT.

*********************************************************************

THE CARIBOU ME 4 INCH UNDER SOD SOIL TEMPERATURE FOR MAY 19 2017

MAXIMUM 63F
MINIMUM 58F

$$
