000
CDUS41 KCAR 112028
CLICAR


CLIMATE REPORT
NATIONAL WEATHER SERVICE CARIBOU, ME
428 PM EDT FRI APR 11 2014


...................................

...THE CARIBOU ME CLIMATE SUMMARY FOR APRIL 11 2014...
VALID TODAY AS OF 0400 PM LOCAL TIME.

CLIMATE NORMAL PERIOD 1981 TO 2010
CLIMATE RECORD PERIOD 1939 TO 2014


WEATHER ITEM   OBSERVED TIME   RECORD YEAR NORMAL DEPARTURE LAST
                VALUE   (LST)  VALUE       VALUE  FROM      YEAR
                                                  NORMAL
..................................................................
TEMPERATURE (F)
 TODAY
  MAXIMUM         54    259 PM  78    1945  45      9       37
  MINIMUM         38    435 AM   8    1977  28     10       26
  AVERAGE         46                        36     10       32

PRECIPITATION (IN)
  TODAY            0.01          0.83 1961   0.10  -0.09     0.00
  MONTH TO DATE    1.10                      0.96   0.14     0.50
  SINCE MAR 1      4.54                      3.47   1.07     2.24
  SINCE JAN 1     10.76                      8.39   2.37     7.61

SNOWFALL (IN)
  TODAY            0.0           7.2  1961   0.3   -0.3      0.0
  MONTH TO DATE    3.4                       3.9   -0.5       T
  SINCE MAR 1     45.5                      22.2   23.3     15.2
  SINCE JUL 1    144.9                     104.7   40.2    102.6
  SNOW DEPTH      19

DEGREE DAYS
 HEATING
  TODAY           19                        29    -10       33
  MONTH TO DATE  329                       344    -15      375
  SINCE MAR 1   1869                      1598    271     1460
  SINCE JUL 1   8523                      8319    204     7608

 COOLING
  TODAY            0                         0      0        0
  MONTH TO DATE    0                         0      0        0
  SINCE MAR 1      0                         0      0        0
  SINCE JAN 1      0                         0      0        0
..................................................................


WIND (MPH)
  HIGHEST WIND SPEED    22   HIGHEST WIND DIRECTION     W (250)
  HIGHEST GUST SPEED    32   HIGHEST GUST DIRECTION     W (250)
  AVERAGE WIND SPEED    10.4


SKY COVER
  POSSIBLE SUNSHINE  MM
  AVERAGE SKY COVER 0.5


WEATHER CONDITIONS
 THE FOLLOWING WEATHER WAS RECORDED TODAY.
  LIGHT RAIN


RELATIVE HUMIDITY (PERCENT)
 HIGHEST    76           400 AM
 LOWEST     28           200 PM
 AVERAGE    52

..........................................................


THE CARIBOU ME CLIMATE NORMALS FOR TOMORROW
                         NORMAL    RECORD    YEAR
 MAXIMUM TEMPERATURE (F)   46        76      1945
 MINIMUM TEMPERATURE (F)   28        12      1976


SUNRISE AND SUNSET
APRIL 11 2014.........SUNRISE   552 AM EDT   SUNSET   715 PM EDT
APRIL 12 2014.........SUNRISE   550 AM EDT   SUNSET   716 PM EDT


-  INDICATES NEGATIVE NUMBERS.
R  INDICATES RECORD WAS SET OR TIED.
MM INDICATES DATA IS MISSING.
T  INDICATES TRACE AMOUNT.




$$
