000
CDUS41 KCAR 282038
CLICAR


CLIMATE REPORT
NATIONAL WEATHER SERVICE CARIBOU, ME
437 PM EDT WED SEP 28 2016


...................................

...THE CARIBOU ME CLIMATE SUMMARY FOR SEPTEMBER 28 2016...
VALID TODAY AS OF 0400 PM LOCAL TIME.

CLIMATE NORMAL PERIOD 1981 TO 2010
CLIMATE RECORD PERIOD 1939 TO 2016


WEATHER ITEM   OBSERVED TIME   RECORD YEAR NORMAL DEPARTURE LAST
                VALUE   (LST)  VALUE       VALUE  FROM      YEAR
                                                  NORMAL
..................................................................
TEMPERATURE (F)
 TODAY
  MAXIMUM         56    259 PM  84    2014  60     -4       74
  MINIMUM         43    512 AM  25    1971  40      3       46
                                      1965
  AVERAGE         50                        50      0       60

PRECIPITATION (IN)
  TODAY            0.00          1.91 2008   0.12  -0.12     0.00
  MONTH TO DATE    2.48                      3.09  -0.61     2.12
  SINCE SEP 1      2.48                      3.09  -0.61     2.12
  SINCE JAN 1     33.59                     27.83   5.76    24.59

SNOWFALL (IN)
  TODAY            0.0           0.0  2002   0.0    0.0      0.0
                                      2001
  MONTH TO DATE    0.0                       0.1   -0.1      0.0
  SINCE SEP 1      0.0                       0.1   -0.1      0.0
  SINCE JUL 1      0.0                       0.1   -0.1      0.0
  SNOW DEPTH       0

DEGREE DAYS
 HEATING
  TODAY           15                        15      0        5
  MONTH TO DATE  172                       281   -109      133
  SINCE SEP 1    172                       281   -109      133
  SINCE JUL 1    252                       435   -183      210

 COOLING
  TODAY            0                         0      0        0
  MONTH TO DATE   22                        10     12       50
  SINCE SEP 1     22                        10     12       50
  SINCE JAN 1    275                       179     96      253
..................................................................


WIND (MPH)
  HIGHEST WIND SPEED    13   HIGHEST WIND DIRECTION    NE (60)
  HIGHEST GUST SPEED    16   HIGHEST GUST DIRECTION     E (70)
  AVERAGE WIND SPEED     6.2


SKY COVER
  POSSIBLE SUNSHINE  MM
  AVERAGE SKY COVER 0.9


WEATHER CONDITIONS
 THE FOLLOWING WEATHER WAS RECORDED TODAY.
  NO SIGNIFICANT WEATHER WAS OBSERVED.


RELATIVE HUMIDITY (PERCENT)
 HIGHEST    89           500 AM
 LOWEST     55          1100 AM
 AVERAGE    72

..........................................................


THE CARIBOU ME CLIMATE NORMALS FOR TOMORROW
                         NORMAL    RECORD    YEAR
 MAXIMUM TEMPERATURE (F)   60        80      1987
                                             1959
 MINIMUM TEMPERATURE (F)   40        23      1980


SUNRISE AND SUNSET
SEPTEMBER 28 2016.....SUNRISE   627 AM EDT   SUNSET   617 PM EDT
SEPTEMBER 29 2016.....SUNRISE   629 AM EDT   SUNSET   615 PM EDT


-  INDICATES NEGATIVE NUMBERS.
R  INDICATES RECORD WAS SET OR TIED.
MM INDICATES DATA IS MISSING.
T  INDICATES TRACE AMOUNT.

..........................................................

THE CARIBOU ME 4-INCH UNDER SOD SOIL TEMPERATURE FOR SEP 28 2016:

MAXIMUM TEMPERATURE: 58 F
MINIMUM TEMPERATURE: 55 F


$$
