000
CDUS41 KCAR 242108
CLICAR

CLIMATE REPORT
NATIONAL WEATHER SERVICE CARIBOU, ME
432 PM EDT SUN JUL 24 2016


...................................

...THE CARIBOU ME CLIMATE SUMMARY FOR JULY 24 2016...
VALID TODAY AS OF 0400 PM LOCAL TIME.

CLIMATE NORMAL PERIOD 1981 TO 2010
CLIMATE RECORD PERIOD 1939 TO 2016


WEATHER ITEM   OBSERVED TIME   RECORD YEAR NORMAL DEPARTURE LAST
                VALUE   (LST)  VALUE       VALUE  FROM      YEAR
                                                  NORMAL
..................................................................
TEMPERATURE (F)
 TODAY
  MAXIMUM         83    235 PM  92    1941  76      7       60
  MINIMUM         57    422 AM  45    1997  56      1       54
                                      1964
  AVERAGE         70                        66      4       57

PRECIPITATION (IN)
  TODAY            0.00          1.71 1976   0.13  -0.13     0.29
  MONTH TO DATE    4.41                      3.21   1.20     3.00
  SINCE JUN 1      8.06                      6.69   1.37     7.25
  SINCE JAN 1     23.99                     20.11   3.88    18.10

SNOWFALL (IN)
  TODAY            0.0           0.0  2002   0.0    0.0      0.0
                                      2001
  MONTH TO DATE    0.0                       0.0    0.0      0.0
  SINCE JUN 1      0.0                       0.0    0.0      0.0
  SINCE JUL 1      0.0                       0.0    0.0      0.0
  SNOW DEPTH       0

DEGREE DAYS
 HEATING
  TODAY            0                         2     -2        8
  MONTH TO DATE   48                        50     -2       53
  SINCE JUN 1    192                       215    -23      265
  SINCE JUL 1     48                        50     -2       53

 COOLING
  TODAY            5                         3      2        0
  MONTH TO DATE   77                        58     19       33
  SINCE JUN 1    122                        92     30       39
  SINCE JAN 1    130                        97     33       60
..................................................................


WIND (MPH)
  HIGHEST WIND SPEED    14   HIGHEST WIND DIRECTION    NW (330)
  HIGHEST GUST SPEED    19   HIGHEST GUST DIRECTION     W (280)
  AVERAGE WIND SPEED     6.1


SKY COVER
  POSSIBLE SUNSHINE  MM
  AVERAGE SKY COVER 0.4


WEATHER CONDITIONS
 THE FOLLOWING WEATHER WAS RECORDED TODAY.
  NO SIGNIFICANT WEATHER WAS OBSERVED.


RELATIVE HUMIDITY (PERCENT)
 HIGHEST    86           400 AM
 LOWEST     51           300 PM
 AVERAGE    69

..........................................................


THE CARIBOU ME CLIMATE NORMALS FOR TOMORROW
                         NORMAL    RECORD    YEAR
 MAXIMUM TEMPERATURE (F)   76        95      1989
 MINIMUM TEMPERATURE (F)   56        43      1962


SUNRISE AND SUNSET
JULY 24 2016..........SUNRISE   503 AM EDT   SUNSET   814 PM EDT
JULY 25 2016..........SUNRISE   504 AM EDT   SUNSET   812 PM EDT


-  INDICATES NEGATIVE NUMBERS.
R  INDICATES RECORD WAS SET OR TIED.
MM INDICATES DATA IS MISSING.
T  INDICATES TRACE AMOUNT.

..........................................................

THE CARIBOU ME 4-INCH UNDER SOD SOIL TEMP FOR JULY 24 2016:

MAXIMUM SOIL TEMPERATURE: 79 F
MINIMUM SOIL TEMPERATURE: 70 F


$$
