000
CDUS41 KCAR 260526
CLICAR


CLIMATE REPORT
NATIONAL WEATHER SERVICE CARIBOU, ME
1226 AM EST WED NOV 26 2014


...................................

...THE CARIBOU ME CLIMATE SUMMARY FOR NOVEMBER 25 2014...

CLIMATE NORMAL PERIOD 1981 TO 2010
CLIMATE RECORD PERIOD 1939 TO 2014


WEATHER ITEM   OBSERVED TIME   RECORD YEAR NORMAL DEPARTURE LAST
                VALUE   (LST)  VALUE       VALUE  FROM      YEAR
                                                  NORMAL
..................................................................
TEMPERATURE (F)
 YESTERDAY
  MAXIMUM         56   1256 AM  62    1953  34     22       22
  MINIMUM         40    913 PM   0    1956  21     19       13
  AVERAGE         48                        27     21       18

PRECIPITATION (IN)
  YESTERDAY        0.06          2.11 1983   0.12  -0.06      T
  MONTH TO DATE    2.65                      3.04  -0.39     2.09
  SINCE SEP 1     11.03                      9.89   1.14    11.64
  SINCE JAN 1     39.69                     34.63   5.06    44.66

SNOWFALL (IN)
  YESTERDAY        0.0           7.7  1971   0.5   -0.5       T
  MONTH TO DATE   18.3                       7.9   10.4      5.8
  SINCE SEP 1     18.3                       9.6    8.7      6.8
  SINCE JUL 1     18.3                       9.6    8.7      6.8
  SNOW DEPTH       0

DEGREE DAYS
 HEATING
  YESTERDAY       17                        38    -21       47
  MONTH TO DATE  835                       811     24      795
  SINCE SEP 1   1670                      1797   -127     1637
  SINCE JUL 1   1728                      1951   -223     1751

 COOLING
  YESTERDAY        0                         0      0        0
  MONTH TO DATE    0                         0      0        0
  SINCE SEP 1     25                        11     14       13
  SINCE JAN 1    266                       180     86      192
..................................................................


WIND (MPH)
  HIGHEST WIND SPEED    29   HIGHEST WIND DIRECTION    SW (240)
  HIGHEST GUST SPEED    39   HIGHEST GUST DIRECTION     W (250)
  AVERAGE WIND SPEED    15.7


SKY COVER
  POSSIBLE SUNSHINE  MM
  AVERAGE SKY COVER 0.6


WEATHER CONDITIONS
 THE FOLLOWING WEATHER WAS RECORDED YESTERDAY.
  LIGHT RAIN
  FOG


RELATIVE HUMIDITY (PERCENT)
 HIGHEST    93          1200 AM
 LOWEST     45           400 PM
 AVERAGE    69

..........................................................


THE CARIBOU ME CLIMATE NORMALS FOR TODAY
                         NORMAL    RECORD    YEAR
 MAXIMUM TEMPERATURE (F)   34        61      1953
 MINIMUM TEMPERATURE (F)   20         0      1940


SUNRISE AND SUNSET
NOVEMBER 26 2014......SUNRISE   650 AM EST   SUNSET   348 PM EST
NOVEMBER 27 2014......SUNRISE   651 AM EST   SUNSET   348 PM EST


-  INDICATES NEGATIVE NUMBERS.
R  INDICATES RECORD WAS SET OR TIED.
MM INDICATES DATA IS MISSING.
T  INDICATES TRACE AMOUNT.




$$
