000
CDUS41 KCAR 212031
CLICAR


CLIMATE REPORT
NATIONAL WEATHER SERVICE CARIBOU, ME
429 PM EDT TUE MAR 21 2017


...................................

...THE CARIBOU ME CLIMATE SUMMARY FOR MARCH 21 2017...
VALID TODAY AS OF 0400 PM LOCAL TIME.

CLIMATE NORMAL PERIOD 1981 TO 2010
CLIMATE RECORD PERIOD 1939 TO 2017


WEATHER ITEM   OBSERVED TIME   RECORD YEAR NORMAL DEPARTURE LAST
                VALUE   (LST)  VALUE       VALUE  FROM      YEAR
                                                  NORMAL
..................................................................
TEMPERATURE (F)
 TODAY
  MAXIMUM         44    252 PM  75    2012  36      8       26
  MINIMUM         27    130 AM  -8    1986  17     10       13
  AVERAGE         36                        26     10       20

PRECIPITATION (IN)
  TODAY            0.00          1.12 1974   0.09  -0.09     0.13
  MONTH TO DATE    2.05                      1.70   0.35     2.25
  SINCE MAR 1      2.05                      1.70   0.35     2.25
  SINCE JAN 1      7.67                      6.62   1.05     7.72

SNOWFALL (IN)
  TODAY            0.0          11.2  1974   0.5   -0.5      1.6
  MONTH TO DATE   16.9                      13.7    3.2     16.8
  SINCE MAR 1     16.9                      13.7    3.2     16.8
  SINCE JUL 1    113.5                      96.2   17.3     76.8
  SNOW DEPTH      25

DEGREE DAYS
 HEATING
  TODAY           29                        39    -10       45
  MONTH TO DATE  965                       893     72      888
  SINCE MAR 1    965                       893     72      888
  SINCE JUL 1   6946                      7614   -668     6630

 COOLING
  TODAY            0                         0      0        0
  MONTH TO DATE    0                         0      0        0
  SINCE MAR 1      0                         0      0        0
  SINCE JAN 1      0                         0      0        0
..................................................................


WIND (MPH)
  HIGHEST WIND SPEED    17   HIGHEST WIND DIRECTION    NW (320)
  HIGHEST GUST SPEED    22   HIGHEST GUST DIRECTION    NW (330)
  AVERAGE WIND SPEED     6.8


SKY COVER
  POSSIBLE SUNSHINE  MM
  AVERAGE SKY COVER 0.6


WEATHER CONDITIONS
 THE FOLLOWING WEATHER WAS RECORDED TODAY.
  NO SIGNIFICANT WEATHER WAS OBSERVED.


RELATIVE HUMIDITY (PERCENT)
 HIGHEST    69           800 AM
 LOWEST     30           300 PM
 AVERAGE    50

..........................................................


THE CARIBOU ME CLIMATE NORMALS FOR TOMORROW
                         NORMAL    RECORD    YEAR
 MAXIMUM TEMPERATURE (F)   36        73      2012
 MINIMUM TEMPERATURE (F)   18        -2      1955


SUNRISE AND SUNSET
MARCH 21 2017.........SUNRISE   633 AM EDT   SUNSET   646 PM EDT
MARCH 22 2017.........SUNRISE   631 AM EDT   SUNSET   648 PM EDT


-  INDICATES NEGATIVE NUMBERS.
R  INDICATES RECORD WAS SET OR TIED.
MM INDICATES DATA IS MISSING.
T  INDICATES TRACE AMOUNT.




$$
