000
CDUS41 KCAR 190527
CLICAR


CLIMATE REPORT
NATIONAL WEATHER SERVICE CARIBOU, ME
126 AM EDT WED APR 19 2017


...................................

...THE CARIBOU ME CLIMATE SUMMARY FOR APRIL 18 2017...

CLIMATE NORMAL PERIOD 1981 TO 2010
CLIMATE RECORD PERIOD 1939 TO 2017


WEATHER ITEM   OBSERVED TIME   RECORD YEAR NORMAL DEPARTURE LAST
                VALUE   (LST)  VALUE       VALUE  FROM      YEAR
                                                  NORMAL
..................................................................
TEMPERATURE (F)
 YESTERDAY
  MAXIMUM         38    200 PM  63    1987  49    -11       52
                                      1958
                                      1945
  MINIMUM         30    743 AM   9    2003  31     -1       34
  AVERAGE         34                        40     -6       43

PRECIPITATION (IN)
  YESTERDAY        0.04          0.81 1954   0.09  -0.05     0.00
  MONTH TO DATE    2.28                      1.60   0.68     2.80
  SINCE MAR 1      5.00                      4.11   0.89     7.50
  SINCE JAN 1     10.62                      9.03   1.59    12.97

SNOWFALL (IN)
  YESTERDAY        0.3           6.4  1953   0.2    0.1      0.0
  MONTH TO DATE    1.9                       5.8   -3.9      2.8
  SINCE MAR 1     25.5                      24.1    1.4     30.0
  SINCE JUL 1    122.1                     106.6   15.5     90.0
  SNOW DEPTH       T

DEGREE DAYS
 HEATING
  YESTERDAY       31                        25      6       22
  MONTH TO DATE  453                       531    -78      560
  SINCE MAR 1   1836                      1785     51     1817
  SINCE JUL 1   7817                      8506   -689     7559

 COOLING
  YESTERDAY        0                         0      0        0
  MONTH TO DATE    0                         0      0        0
  SINCE MAR 1      0                         0      0        0
  SINCE JAN 1      0                         0      0        0
..................................................................


WIND (MPH)
  HIGHEST WIND SPEED     8   HIGHEST WIND DIRECTION    NE (30)
  HIGHEST GUST SPEED    10   HIGHEST GUST DIRECTION    NE (30)
  AVERAGE WIND SPEED     3.0


SKY COVER
  POSSIBLE SUNSHINE  MM
  AVERAGE SKY COVER 1.0


WEATHER CONDITIONS
 THE FOLLOWING WEATHER WAS RECORDED YESTERDAY.
  LIGHT SNOW
  FOG
  FOG W/VISIBILITY <= 1/4 MILE
  HAZE


RELATIVE HUMIDITY (PERCENT)
 HIGHEST    92           300 AM
 LOWEST     70          1100 AM
 AVERAGE    81

..........................................................


THE CARIBOU ME CLIMATE NORMALS FOR TODAY
                         NORMAL    RECORD    YEAR
 MAXIMUM TEMPERATURE (F)   50        72      1987
 MINIMUM TEMPERATURE (F)   31        17      1961


SUNRISE AND SUNSET
APRIL 19 2017.........SUNRISE   537 AM EDT   SUNSET   726 PM EDT
APRIL 20 2017.........SUNRISE   535 AM EDT   SUNSET   728 PM EDT


-  INDICATES NEGATIVE NUMBERS.
R  INDICATES RECORD WAS SET OR TIED.
MM INDICATES DATA IS MISSING.
T  INDICATES TRACE AMOUNT.




$$
