000
CDUS41 KCAR 300527
CLICAR


CLIMATE REPORT
NATIONAL WEATHER SERVICE CARIBOU, ME
126 AM EDT THU JUL 30 2015


...................................

...THE CARIBOU ME CLIMATE SUMMARY FOR JULY 29 2015...

CLIMATE NORMAL PERIOD 1981 TO 2010
CLIMATE RECORD PERIOD 1939 TO 2015


WEATHER ITEM   OBSERVED TIME   RECORD YEAR NORMAL DEPARTURE LAST
                VALUE   (LST)  VALUE       VALUE  FROM      YEAR
                                                  NORMAL
..................................................................
TEMPERATURE (F)
 YESTERDAY
  MAXIMUM         80    243 PM  89    1990  76      4       71
                                      1970
  MINIMUM         54    444 AM  43    1996  55     -1       54
                                      1987
  AVERAGE         67                        66      1       63

PRECIPITATION (IN)
  YESTERDAY        0.00          1.13 1958   0.12  -0.12     0.93
  MONTH TO DATE    3.15                      3.84  -0.69     7.02
  SINCE JUN 1      7.40                      7.32   0.08     9.63
  SINCE JAN 1     18.25                     20.74  -2.49    26.83

SNOWFALL (IN)
  YESTERDAY        0.0           0.0  2002   0.0    0.0      0.0
                                      2001
  MONTH TO DATE    0.0                       0.0    0.0      0.0
  SINCE JUN 1      0.0                       0.0    0.0      0.0
  SINCE JUL 1      0.0                       0.0    0.0      0.0
  SNOW DEPTH       0

DEGREE DAYS
 HEATING
  YESTERDAY        0                         2     -2        2
  MONTH TO DATE   65                        60      5       22
  SINCE JUN 1    277                       225     52      111
  SINCE JUL 1     65                        60      5       22

 COOLING
  YESTERDAY        2                         3     -1        0
  MONTH TO DATE   45                        73    -28      127
  SINCE JUN 1     51                       107    -56      163
  SINCE JAN 1     72                       112    -40      166
..................................................................


WIND (MPH)
  HIGHEST WIND SPEED    15   HIGHEST WIND DIRECTION     N (360)
  HIGHEST GUST SPEED    20   HIGHEST GUST DIRECTION     N (360)
  AVERAGE WIND SPEED     4.0


SKY COVER
  POSSIBLE SUNSHINE  MM
  AVERAGE SKY COVER 0.1


WEATHER CONDITIONS
 THE FOLLOWING WEATHER WAS RECORDED YESTERDAY.
  NO SIGNIFICANT WEATHER WAS OBSERVED.


RELATIVE HUMIDITY (PERCENT)
 HIGHEST    93           400 AM
 LOWEST     37           100 PM
 AVERAGE    65

..........................................................


THE CARIBOU ME CLIMATE NORMALS FOR TODAY
                         NORMAL    RECORD    YEAR
 MAXIMUM TEMPERATURE (F)   76        90      1988
                                             1959
 MINIMUM TEMPERATURE (F)   55        40      1952


SUNRISE AND SUNSET
JULY 30 2015..........SUNRISE   509 AM EDT   SUNSET   807 PM EDT
JULY 31 2015..........SUNRISE   510 AM EDT   SUNSET   806 PM EDT


-  INDICATES NEGATIVE NUMBERS.
R  INDICATES RECORD WAS SET OR TIED.
MM INDICATES DATA IS MISSING.
T  INDICATES TRACE AMOUNT.




$$
