000
CDUS41 KCAR 280527
CLICAR


CLIMATE REPORT
NATIONAL WEATHER SERVICE CARIBOU, ME
126 AM EDT SUN JUN 28 2015


...................................

...THE CARIBOU ME CLIMATE SUMMARY FOR JUNE 27 2015...

CLIMATE NORMAL PERIOD 1981 TO 2010
CLIMATE RECORD PERIOD 1939 TO 2015


WEATHER ITEM   OBSERVED TIME   RECORD YEAR NORMAL DEPARTURE LAST
                VALUE   (LST)  VALUE       VALUE  FROM      YEAR
                                                  NORMAL
..................................................................
TEMPERATURE (F)
 YESTERDAY
  MAXIMUM         74    508 PM  91    2003  74      0       83
  MINIMUM         46    413 AM  37    1986  53     -7       47
  AVERAGE         60                        64     -4       65

PRECIPITATION (IN)
  YESTERDAY        0.00          0.99 2012   0.13  -0.13     0.00
  MONTH TO DATE    3.81                      3.08   0.73     2.61
  SINCE JUN 1      3.81                      3.08   0.73     2.61
  SINCE JAN 1     14.66                     16.50  -1.84    19.81

SNOWFALL (IN)
  YESTERDAY        0.0           0.0  2002   0.0    0.0      0.0
                                      2001
  MONTH TO DATE    0.0                       0.0    0.0      0.0
  SINCE JUN 1      0.0                       0.0    0.0      0.0
  SINCE JUL 1    142.1                     108.7   33.4    150.7
  SNOW DEPTH       0

DEGREE DAYS
 HEATING
  YESTERDAY        5                         3      2        0
  MONTH TO DATE  196                       156     40       89
  SINCE JUN 1    196                       156     40       89
  SINCE JUL 1   9486                      9345    141     9501

 COOLING
  YESTERDAY        0                         2     -2        0
  MONTH TO DATE    5                        30    -25       15
  SINCE JUN 1      5                        30    -25       15
  SINCE JAN 1     26                        35     -9       18
..................................................................


WIND (MPH)
  HIGHEST WIND SPEED    10   HIGHEST WIND DIRECTION     S (180)
  HIGHEST GUST SPEED    15   HIGHEST GUST DIRECTION     S (190)
  AVERAGE WIND SPEED     3.9


SKY COVER
  POSSIBLE SUNSHINE  MM
  AVERAGE SKY COVER 0.3


WEATHER CONDITIONS
 THE FOLLOWING WEATHER WAS RECORDED YESTERDAY.
  FOG
  FOG W/VISIBILITY <= 1/4 MILE


RELATIVE HUMIDITY (PERCENT)
 HIGHEST    96           800 AM
 LOWEST     33           200 PM
 AVERAGE    65

..........................................................


THE CARIBOU ME CLIMATE NORMALS FOR TODAY
                         NORMAL    RECORD    YEAR
 MAXIMUM TEMPERATURE (F)   74        91      1944
 MINIMUM TEMPERATURE (F)   53        42      1984


SUNRISE AND SUNSET
JUNE 28 2015..........SUNRISE   440 AM EDT   SUNSET   831 PM EDT
JUNE 29 2015..........SUNRISE   440 AM EDT   SUNSET   830 PM EDT


-  INDICATES NEGATIVE NUMBERS.
R  INDICATES RECORD WAS SET OR TIED.
MM INDICATES DATA IS MISSING.
T  INDICATES TRACE AMOUNT.

---------------------------------------------------------------

THE CARIBOU ME 4 INCH SOIL TEMPERATURES FOR JUN 27 2015

MAXIMUM SOIL TEMPERATURES (F): 65
MINIMUM SOIL TEMPERATURES (F): 60

$$
