000
CDUS41 KCAR 102027
CLICAR


CLIMATE REPORT
NATIONAL WEATHER SERVICE CARIBOU, ME
427 PM EDT THU APR 10 2014


...................................

...THE CARIBOU ME CLIMATE SUMMARY FOR APRIL 10 2014...
VALID TODAY AS OF 0400 PM LOCAL TIME.

CLIMATE NORMAL PERIOD 1981 TO 2010
CLIMATE RECORD PERIOD 1939 TO 2014


WEATHER ITEM   OBSERVED TIME   RECORD YEAR NORMAL DEPARTURE LAST
                VALUE   (LST)  VALUE       VALUE  FROM      YEAR
                                                  NORMAL
..................................................................
TEMPERATURE (F)
 TODAY
  MAXIMUM         48    259 PM  74    1945  45      3       45
  MINIMUM         17    508 AM   4    1977  27    -10       33
  AVERAGE         33                        36     -3       39

PRECIPITATION (IN)
  TODAY            0.00          0.77 1979   0.09  -0.09     0.01
  MONTH TO DATE    1.09                      0.86   0.23     0.50
  SINCE MAR 1      4.53                      3.37   1.16     2.24
  SINCE JAN 1     10.75                      8.29   2.46     7.61

SNOWFALL (IN)
  TODAY            0.0           7.6  1973   0.3   -0.3      0.0
  MONTH TO DATE    3.4                       3.6   -0.2       T
  SINCE MAR 1     45.5                      21.9   23.6     15.2
  SINCE JUL 1    144.9                     104.4   40.5    102.6
  SNOW DEPTH      20

DEGREE DAYS
 HEATING
  TODAY           32                        29      3       26
  MONTH TO DATE  310                       315     -5      342
  SINCE MAR 1   1850                      1569    281     1427
  SINCE JUL 1   8504                      8290    214     7575

 COOLING
  TODAY            0                         0      0        0
  MONTH TO DATE    0                         0      0        0
  SINCE MAR 1      0                         0      0        0
  SINCE JAN 1      0                         0      0        0
..................................................................


WIND (MPH)
  HIGHEST WIND SPEED    21   HIGHEST WIND DIRECTION    SW (210)
  HIGHEST GUST SPEED    28   HIGHEST GUST DIRECTION     S (200)
  AVERAGE WIND SPEED     9.1


SKY COVER
  POSSIBLE SUNSHINE  MM
  AVERAGE SKY COVER 0.1


WEATHER CONDITIONS
 THE FOLLOWING WEATHER WAS RECORDED TODAY.
  NO SIGNIFICANT WEATHER WAS OBSERVED.


RELATIVE HUMIDITY (PERCENT)
 HIGHEST    62           600 AM
 LOWEST     28           100 PM
 AVERAGE    45

..........................................................


THE CARIBOU ME CLIMATE NORMALS FOR TOMORROW
                         NORMAL    RECORD    YEAR
 MAXIMUM TEMPERATURE (F)   45        78      1945
 MINIMUM TEMPERATURE (F)   28         8      1977


SUNRISE AND SUNSET
APRIL 10 2014.........SUNRISE   554 AM EDT   SUNSET   714 PM EDT
APRIL 11 2014.........SUNRISE   552 AM EDT   SUNSET   715 PM EDT


-  INDICATES NEGATIVE NUMBERS.
R  INDICATES RECORD WAS SET OR TIED.
MM INDICATES DATA IS MISSING.
T  INDICATES TRACE AMOUNT.




$$
