000
CDUS41 KCAR 160537
CLICAR


CLIMATE REPORT
NATIONAL WEATHER SERVICE CARIBOU, ME
1232 AM EST TUE JAN 16 2018


...................................

...THE CARIBOU ME CLIMATE SUMMARY FOR JANUARY 15 2018...

CLIMATE NORMAL PERIOD 1981 TO 2010
CLIMATE RECORD PERIOD 1939 TO 2018


WEATHER ITEM   OBSERVED TIME   RECORD YEAR NORMAL DEPARTURE LAST
                VALUE   (LST)  VALUE       VALUE  FROM      YEAR
                                                  NORMAL
..................................................................
TEMPERATURE (F)
 YESTERDAY
  MAXIMUM          7    330 PM  53    1995  19    -12        9
  MINIMUM        -15    749 AM -28    2009   0    -15       -9
                                      1957
  AVERAGE         -4                        10    -14        0

PRECIPITATION (IN)
  YESTERDAY        T             0.98 1999   0.08  -0.08     0.00
  MONTH TO DATE    3.21                      1.33   1.88     1.46
  SINCE DEC 1      7.33                      4.60   2.73     5.66
  SINCE JAN 1      3.21                      1.33   1.88     1.46

SNOWFALL (IN)
  YESTERDAY        T             9.2  1958   0.8   -0.8      0.0
  MONTH TO DATE   25.9                      12.2   13.7     10.2
  SINCE DEC 1     60.1                      35.1   25.0     51.4
  SINCE JUL 1     64.0                      47.3   16.7     71.6
  SNOW DEPTH      17

DEGREE DAYS
 HEATING
  YESTERDAY       69                        55     14       65
  MONTH TO DATE  823                       814      9      761
  SINCE DEC 1   2417                      2263    154     2254
  SINCE JUL 1   4121                      4408   -287     3941

 COOLING
  YESTERDAY        0                         0      0        0
  MONTH TO DATE    0                         0      0        0
  SINCE DEC 1      0                         0      0        0
  SINCE JAN 1      0                         0      0        0
..................................................................


WIND (MPH)
  HIGHEST WIND SPEED    13   HIGHEST WIND DIRECTION     N (360)
  HIGHEST GUST SPEED    15   HIGHEST GUST DIRECTION     N (360)
  AVERAGE WIND SPEED     5.7


SKY COVER
  POSSIBLE SUNSHINE  MM
  AVERAGE SKY COVER 0.2


WEATHER CONDITIONS
 THE FOLLOWING WEATHER WAS RECORDED YESTERDAY.
  NO SIGNIFICANT WEATHER WAS OBSERVED.


RELATIVE HUMIDITY (PERCENT)
 HIGHEST    83          1200 AM
 LOWEST     62          1200 PM
 AVERAGE    73

..........................................................


THE CARIBOU ME CLIMATE NORMALS FOR TODAY
                         NORMAL    RECORD    YEAR
 MAXIMUM TEMPERATURE (F)   19        48      1995
 MINIMUM TEMPERATURE (F)    0       -37      2009


SUNRISE AND SUNSET
JANUARY 16 2018.......SUNRISE   712 AM EST   SUNSET   412 PM EST
JANUARY 17 2018.......SUNRISE   712 AM EST   SUNSET   413 PM EST


-  INDICATES NEGATIVE NUMBERS.
R  INDICATES RECORD WAS SET OR TIED.
MM INDICATES DATA IS MISSING.
T  INDICATES TRACE AMOUNT.




$$
