000
CDUS41 KCAR 182030
CLICAR


CLIMATE REPORT
NATIONAL WEATHER SERVICE CARIBOU, ME
430 PM EDT MON AUG 18 2014


...................................

...THE CARIBOU ME CLIMATE SUMMARY FOR AUGUST 18 2014...
VALID TODAY AS OF 0400 PM LOCAL TIME.

CLIMATE NORMAL PERIOD 1981 TO 2010
CLIMATE RECORD PERIOD 1939 TO 2014


WEATHER ITEM   OBSERVED TIME   RECORD YEAR NORMAL DEPARTURE LAST
                VALUE   (LST)  VALUE       VALUE  FROM      YEAR
                                                  NORMAL
..................................................................
TEMPERATURE (F)
 TODAY
  MAXIMUM         73    238 PM  91    1960  74     -1       78
  MINIMUM         53    333 AM  40    1957  53      0       49
  AVERAGE         63                        64     -1       64

PRECIPITATION (IN)
  TODAY            T             4.08 1958   0.12  -0.12     0.00
  MONTH TO DATE    1.68                      2.26  -0.58     4.52
  SINCE JUN 1     11.35                      9.82   1.53    17.85
  SINCE JAN 1     28.55                     23.24   5.31    31.87

SNOWFALL (IN)
  TODAY            0.0           0.0  2002   0.0    0.0      0.0
                                      2001
  MONTH TO DATE    0.0                       0.0    0.0      0.0
  SINCE JUN 1      0.0                       0.0    0.0      0.0
  SINCE JUL 1      0.0                       0.0    0.0      0.0
  SNOW DEPTH       0

DEGREE DAYS
 HEATING
  TODAY            2                         3     -1        1
  MONTH TO DATE   20                        41    -21       52
  SINCE JUN 1    133                       264   -131      258
  SINCE JUL 1     44                        99    -55       80

 COOLING
  TODAY            0                         2     -2        0
  MONTH TO DATE   38                        37      1        4
  SINCE JUN 1    204                       148     56      146
  SINCE JAN 1    207                       153     54      154
..................................................................


WIND (MPH)
  HIGHEST WIND SPEED    17   HIGHEST WIND DIRECTION    NW (320)
  HIGHEST GUST SPEED    24   HIGHEST GUST DIRECTION    NW (330)
  AVERAGE WIND SPEED     5.4


SKY COVER
  POSSIBLE SUNSHINE  MM
  AVERAGE SKY COVER 0.9


WEATHER CONDITIONS
 THE FOLLOWING WEATHER WAS RECORDED TODAY.
  LIGHT RAIN
  FOG
  FOG W/VISIBILITY <= 1/4 MILE


RELATIVE HUMIDITY (PERCENT)
 HIGHEST   100          1200 AM
 LOWEST     57           200 PM
 AVERAGE    79

..........................................................


THE CARIBOU ME CLIMATE NORMALS FOR TOMORROW
                         NORMAL    RECORD    YEAR
 MAXIMUM TEMPERATURE (F)   74        92      1960
 MINIMUM TEMPERATURE (F)   53        37      2005


SUNRISE AND SUNSET
AUGUST 18 2014........SUNRISE   533 AM EDT   SUNSET   737 PM EDT
AUGUST 19 2014........SUNRISE   535 AM EDT   SUNSET   736 PM EDT


-  INDICATES NEGATIVE NUMBERS.
R  INDICATES RECORD WAS SET OR TIED.
MM INDICATES DATA IS MISSING.
T  INDICATES TRACE AMOUNT.




$$
