000
CDUS41 KCAR 070527
CLICAR


CLIMATE REPORT
NATIONAL WEATHER SERVICE CARIBOU, ME
1226 AM EST THU DEC 7 2017


...................................

...THE CARIBOU ME CLIMATE SUMMARY FOR DECEMBER 6 2017...

CLIMATE NORMAL PERIOD 1981 TO 2010
CLIMATE RECORD PERIOD 1939 TO 2017


WEATHER ITEM   OBSERVED TIME   RECORD YEAR NORMAL DEPARTURE LAST
                VALUE   (LST)  VALUE       VALUE  FROM      YEAR
                                                  NORMAL
..................................................................
TEMPERATURE (F)
 YESTERDAY
  MAXIMUM         46    444 AM  56    2001  30     16       25
  MINIMUM         27   1001 PM -11    1976  15     12        7
                                      1971
  AVERAGE         37                        22     15       16

PRECIPITATION (IN)
  YESTERDAY        0.59          1.30 1952   0.11   0.48     0.01
  MONTH TO DATE    0.88                      0.70   0.18     1.27
  SINCE DEC 1      0.88                      0.70   0.18     1.27
  SINCE JAN 1     39.77                     35.92   3.85    41.03

SNOWFALL (IN)
  YESTERDAY        0.0          11.9  1952   0.7   -0.7      0.3
  MONTH TO DATE    0.7                       3.9   -3.2     13.6
  SINCE DEC 1      0.7                       3.9   -3.2     13.6
  SINCE JUL 1      4.6                      16.1  -11.5     33.8
  SNOW DEPTH       0

DEGREE DAYS
 HEATING
  YESTERDAY       28                        43    -15       49
  MONTH TO DATE  201                       249    -48      257
  SINCE DEC 1    201                       249    -48      257
  SINCE JUL 1   1905                      2394   -489     1944

 COOLING
  YESTERDAY        0                         0      0        0
  MONTH TO DATE    0                         0      0        0
  SINCE DEC 1      0                         0      0        0
  SINCE JAN 1    222                       180     42      275
..................................................................


WIND (MPH)
  HIGHEST WIND SPEED    22   HIGHEST WIND DIRECTION    SE (150)
  HIGHEST GUST SPEED    32   HIGHEST GUST DIRECTION    SE (150)
  AVERAGE WIND SPEED     7.5


SKY COVER
  POSSIBLE SUNSHINE  MM
  AVERAGE SKY COVER 0.6


WEATHER CONDITIONS
 THE FOLLOWING WEATHER WAS RECORDED YESTERDAY.
  RAIN
  LIGHT RAIN
  FOG


RELATIVE HUMIDITY (PERCENT)
 HIGHEST   100           400 AM
 LOWEST     48           200 PM
 AVERAGE    74

..........................................................


THE CARIBOU ME CLIMATE NORMALS FOR TODAY
                         NORMAL    RECORD    YEAR
 MAXIMUM TEMPERATURE (F)   29        48      1982
 MINIMUM TEMPERATURE (F)   15       -17      1991


SUNRISE AND SUNSET
DECEMBER  7 2017......SUNRISE   704 AM EST   SUNSET   344 PM EST
DECEMBER  8 2017......SUNRISE   705 AM EST   SUNSET   343 PM EST


-  INDICATES NEGATIVE NUMBERS.
R  INDICATES RECORD WAS SET OR TIED.
MM INDICATES DATA IS MISSING.
T  INDICATES TRACE AMOUNT.




$$
