000
CDUS41 KCAR 010535
CLICAR


CLIMATE REPORT
NATIONAL WEATHER SERVICE CARIBOU, ME
1232 AM EST SUN MAR 1 2015


...................................

...THE CARIBOU ME CLIMATE SUMMARY FOR FEBRUARY 28 2015...

CLIMATE NORMAL PERIOD 1981 TO 2010
CLIMATE RECORD PERIOD 1939 TO 2015


WEATHER ITEM   OBSERVED TIME   RECORD YEAR NORMAL DEPARTURE LAST
                VALUE   (LST)  VALUE       VALUE  FROM      YEAR
                                                  NORMAL
..................................................................
TEMPERATURE (F)
 YESTERDAY
  MAXIMUM         25    402 PM  45    2000  28     -3       16
                                      1966
  MINIMUM         -6    535 AM -16    1940   8    -14       -8
  AVERAGE         10                        18     -8        4

PRECIPITATION (IN)
  YESTERDAY        0.00          1.50 2013   0.08  -0.08      T
  MONTH TO DATE    1.20                      2.21  -1.01     2.23
  SINCE DEC 1      9.98                      8.19   1.79     9.80
  SINCE JAN 1      4.10                      4.92  -0.82     6.22

SNOWFALL (IN)
  YESTERDAY        0.0          13.6  2013   0.8   -0.8      0.1
  MONTH TO DATE   18.7                      22.2   -3.5     27.3
  SINCE DEC 1     79.5                      70.3    9.2     89.3
  SINCE JUL 1    108.3                      82.5   25.8     99.4
  SNOW DEPTH      20

DEGREE DAYS
 HEATING
  YESTERDAY       55                        47      8       61
  MONTH TO DATE 1733                      1426    307     1457
  SINCE DEC 1   4789                      4576    213     4698
  SINCE JUL 1   6741                      6721     20     6654

 COOLING
  YESTERDAY        0                         0      0        0
  MONTH TO DATE    0                         0      0        0
  SINCE DEC 1      0                         0      0        0
  SINCE JAN 1      0                         0      0        0
..................................................................


WIND (MPH)
  HIGHEST WIND SPEED    22   HIGHEST WIND DIRECTION     W (250)
  HIGHEST GUST SPEED    26   HIGHEST GUST DIRECTION     S (200)
  AVERAGE WIND SPEED     8.5


SKY COVER
  POSSIBLE SUNSHINE  MM
  AVERAGE SKY COVER 0.0


WEATHER CONDITIONS
 THE FOLLOWING WEATHER WAS RECORDED YESTERDAY.
  NO SIGNIFICANT WEATHER WAS OBSERVED.


RELATIVE HUMIDITY (PERCENT)
 HIGHEST    68           500 AM
 LOWEST     31           200 PM
 AVERAGE    50

..........................................................


THE CARIBOU ME CLIMATE NORMALS FOR TODAY
                         NORMAL    RECORD    YEAR
 MAXIMUM TEMPERATURE (F)   29        47      1954
 MINIMUM TEMPERATURE (F)    9       -21      1992


SUNRISE AND SUNSET
MARCH  1 2015.........SUNRISE   612 AM EST   SUNSET   517 PM EST
MARCH  2 2015.........SUNRISE   610 AM EST   SUNSET   519 PM EST


-  INDICATES NEGATIVE NUMBERS.
R  INDICATES RECORD WAS SET OR TIED.
MM INDICATES DATA IS MISSING.
T  INDICATES TRACE AMOUNT.




$$
