000
CDUS41 KCAR 240528
CLICAR


CLIMATE REPORT
NATIONAL WEATHER SERVICE CARIBOU, ME
1228 AM EST MON NOV 24 2014


...................................

...THE CARIBOU ME CLIMATE SUMMARY FOR NOVEMBER 23 2014...

CLIMATE NORMAL PERIOD 1981 TO 2010
CLIMATE RECORD PERIOD 1939 TO 2014


WEATHER ITEM   OBSERVED TIME   RECORD YEAR NORMAL DEPARTURE LAST
                VALUE   (LST)  VALUE       VALUE  FROM      YEAR
                                                  NORMAL
..................................................................
TEMPERATURE (F)
 YESTERDAY
  MAXIMUM         40    240 PM  60    1953  35      5       33
  MINIMUM         31    116 AM  -3    1986  22      9       18
  AVERAGE         36                        28      8       26

PRECIPITATION (IN)
  YESTERDAY        0.00          0.70 1953   0.12  -0.12     0.14
  MONTH TO DATE    2.27                      2.79  -0.52     2.09
  SINCE SEP 1     10.65                      9.64   1.01    11.64
  SINCE JAN 1     39.31                     34.38   4.93    44.66

SNOWFALL (IN)
  YESTERDAY        0.0           4.4  1941   0.5   -0.5      1.5
  MONTH TO DATE   18.3                       6.9   11.4      5.8
  SINCE SEP 1     18.3                       8.6    9.7      6.8
  SINCE JUL 1     18.3                       8.6    9.7      6.8
  SNOW DEPTH       1

DEGREE DAYS
 HEATING
  YESTERDAY       29                        37     -8       39
  MONTH TO DATE  799                       736     63      700
  SINCE SEP 1   1634                      1722    -88     1542
  SINCE JUL 1   1692                      1876   -184     1656

 COOLING
  YESTERDAY        0                         0      0        0
  MONTH TO DATE    0                         0      0        0
  SINCE SEP 1     25                        11     14       13
  SINCE JAN 1    266                       180     86      192
..................................................................


WIND (MPH)
  HIGHEST WIND SPEED    14   HIGHEST WIND DIRECTION    SW (240)
  HIGHEST GUST SPEED    17   HIGHEST GUST DIRECTION    SW (240)
  AVERAGE WIND SPEED     5.9


SKY COVER
  POSSIBLE SUNSHINE  MM
  AVERAGE SKY COVER 1.0


WEATHER CONDITIONS
 THE FOLLOWING WEATHER WAS RECORDED YESTERDAY.
  NO SIGNIFICANT WEATHER WAS OBSERVED.


RELATIVE HUMIDITY (PERCENT)
 HIGHEST    82          1100 PM
 LOWEST     64          1000 AM
 AVERAGE    73

..........................................................


THE CARIBOU ME CLIMATE NORMALS FOR TODAY
                         NORMAL    RECORD    YEAR
 MAXIMUM TEMPERATURE (F)   35        55      1967
 MINIMUM TEMPERATURE (F)   21        -1      1989


SUNRISE AND SUNSET
NOVEMBER 24 2014......SUNRISE   648 AM EST   SUNSET   350 PM EST
NOVEMBER 25 2014......SUNRISE   649 AM EST   SUNSET   349 PM EST


-  INDICATES NEGATIVE NUMBERS.
R  INDICATES RECORD WAS SET OR TIED.
MM INDICATES DATA IS MISSING.
T  INDICATES TRACE AMOUNT.




$$
