000
CDUS41 KCAR 230543
CLICAR

CLIMATE REPORT
NATIONAL WEATHER SERVICE CARIBOU, ME
133 AM EDT FRI JUN 23 2017


...................................

...THE CARIBOU ME CLIMATE SUMMARY FOR JUNE 22 2017...

CLIMATE NORMAL PERIOD 1981 TO 2010
CLIMATE RECORD PERIOD 1939 TO 2017


WEATHER ITEM   OBSERVED TIME   RECORD YEAR NORMAL DEPARTURE LAST
                VALUE   (LST)  VALUE       VALUE  FROM      YEAR
                                                  NORMAL
..................................................................
TEMPERATURE (F)
 YESTERDAY
  MAXIMUM         75    400 PM  93    1983  73      2       76
  MINIMUM         51    153 AM  34    1950  52     -1       46
  AVERAGE         63                        62      1       61

PRECIPITATION (IN)
  YESTERDAY        0.00          1.84 2012   0.12  -0.12     0.00
  MONTH TO DATE    2.29                      2.46  -0.17     2.21
  SINCE JUN 1      2.29                      2.46  -0.17     2.21
  SINCE JAN 1     18.86                     15.88   2.98    18.14

SNOWFALL (IN)
  YESTERDAY        0.0           0.0  2002   0.0    0.0      0.0
                                      2001
  MONTH TO DATE    0.0                       0.0    0.0      0.0
  SINCE JUN 1      0.0                       0.0    0.0      0.0
  SINCE JUL 1    129.6                     108.7   20.9     94.8
  SNOW DEPTH       0

DEGREE DAYS
 HEATING
  YESTERDAY        2                         4     -2        4
  MONTH TO DATE  105                       138    -33      132
  SINCE JUN 1    105                       138    -33      132
  SINCE JUL 1   8553                      9327   -774     8349

 COOLING
  YESTERDAY        0                         2     -2        0
  MONTH TO DATE   41                        20     21       16
  SINCE JUN 1     41                        20     21       16
  SINCE JAN 1     47                        25     22       24
..................................................................


WIND (MPH)
  HIGHEST WIND SPEED    16   HIGHEST WIND DIRECTION    NW (310)
  HIGHEST GUST SPEED    27   HIGHEST GUST DIRECTION     W (280)
  AVERAGE WIND SPEED     7.7


SKY COVER
  POSSIBLE SUNSHINE  MM
  AVERAGE SKY COVER 0.0


WEATHER CONDITIONS
 THE FOLLOWING WEATHER WAS RECORDED YESTERDAY.
  NO SIGNIFICANT WEATHER WAS OBSERVED.


RELATIVE HUMIDITY (PERCENT)
 HIGHEST    89           100 AM
 LOWEST     35           100 PM
 AVERAGE    62

..........................................................


THE CARIBOU ME CLIMATE NORMALS FOR TODAY
                         NORMAL    RECORD    YEAR
 MAXIMUM TEMPERATURE (F)   73        91      1983
                                             1975
 MINIMUM TEMPERATURE (F)   52        40      1948


SUNRISE AND SUNSET
JUNE 23 2017..........SUNRISE   438 AM EDT   SUNSET   831 PM EDT
JUNE 24 2017..........SUNRISE   438 AM EDT   SUNSET   831 PM EDT


-  INDICATES NEGATIVE NUMBERS.
R  INDICATES RECORD WAS SET OR TIED.
MM INDICATES DATA IS MISSING.
T  INDICATES TRACE AMOUNT.

.....................................................................
THE CARIBOU ME 4 INCH UNDER SOD SOIL TEMPERATURE FOR JUNE 22 2017

MAXIMUM 71 F
MINIMUM 65 F

$$
