000
CDUS41 KCAR 210527
CLICAR


CLIMATE REPORT
NATIONAL WEATHER SERVICE CARIBOU, ME
1227 AM EST FRI NOV 21 2014


...................................

...THE CARIBOU ME CLIMATE SUMMARY FOR NOVEMBER 20 2014...

CLIMATE NORMAL PERIOD 1981 TO 2010
CLIMATE RECORD PERIOD 1939 TO 2014


WEATHER ITEM   OBSERVED TIME   RECORD YEAR NORMAL DEPARTURE LAST
                VALUE   (LST)  VALUE       VALUE  FROM      YEAR
                                                  NORMAL
..................................................................
TEMPERATURE (F)
 YESTERDAY
  MAXIMUM         30    321 PM  67    1953  36     -6       30
  MINIMUM         13   1215 AM   2    1992  23    -10       20
                                      1986
  AVERAGE         22                        30     -8       25

PRECIPITATION (IN)
  YESTERDAY        0.01          0.99 2003   0.13  -0.12     0.00
  MONTH TO DATE    2.25                      2.43  -0.18     1.95
  SINCE SEP 1     10.63                      9.28   1.35    11.50
  SINCE JAN 1     39.29                     34.02   5.27    44.52

SNOWFALL (IN)
  YESTERDAY        0.2          12.8  1945   0.4   -0.2      0.0
  MONTH TO DATE   18.1                       5.5   12.6      4.2
  SINCE SEP 1     18.1                       7.2   10.9      5.2
  SINCE JUL 1     18.1                       7.2   10.9      5.2
  SNOW DEPTH       1

DEGREE DAYS
 HEATING
  YESTERDAY       43                        35      8       40
  MONTH TO DATE  678                       627     51      595
  SINCE SEP 1   1513                      1613   -100     1437
  SINCE JUL 1   1571                      1767   -196     1551

 COOLING
  YESTERDAY        0                         0      0        0
  MONTH TO DATE    0                         0      0        0
  SINCE SEP 1     25                        11     14       13
  SINCE JAN 1    266                       180     86      192
..................................................................


WIND (MPH)
  HIGHEST WIND SPEED    13   HIGHEST WIND DIRECTION    SW (240)
  HIGHEST GUST SPEED    17   HIGHEST GUST DIRECTION     S (170)
  AVERAGE WIND SPEED     5.7


SKY COVER
  POSSIBLE SUNSHINE  MM
  AVERAGE SKY COVER 0.7


WEATHER CONDITIONS
 THE FOLLOWING WEATHER WAS RECORDED YESTERDAY.
  LIGHT SNOW
  FOG


RELATIVE HUMIDITY (PERCENT)
 HIGHEST    84          1200 AM
 LOWEST     53           200 PM
 AVERAGE    69

..........................................................


THE CARIBOU ME CLIMATE NORMALS FOR TODAY
                         NORMAL    RECORD    YEAR
 MAXIMUM TEMPERATURE (F)   36        58      1954
 MINIMUM TEMPERATURE (F)   23        -1      1959


SUNRISE AND SUNSET
NOVEMBER 21 2014......SUNRISE   643 AM EST   SUNSET   352 PM EST
NOVEMBER 22 2014......SUNRISE   645 AM EST   SUNSET   351 PM EST


-  INDICATES NEGATIVE NUMBERS.
R  INDICATES RECORD WAS SET OR TIED.
MM INDICATES DATA IS MISSING.
T  INDICATES TRACE AMOUNT.




$$
