000
CDUS41 KCAR 032034
CLICAR


CLIMATE REPORT
NATIONAL WEATHER SERVICE CARIBOU, ME
433 PM EDT MON AUG 3 2015


...................................

...THE CARIBOU ME CLIMATE SUMMARY FOR AUGUST 3 2015...
VALID TODAY AS OF 0400 PM LOCAL TIME.

CLIMATE NORMAL PERIOD 1981 TO 2010
CLIMATE RECORD PERIOD 1939 TO 2015


WEATHER ITEM   OBSERVED TIME   RECORD YEAR NORMAL DEPARTURE LAST
                VALUE   (LST)  VALUE       VALUE  FROM      YEAR
                                                  NORMAL
..................................................................
TEMPERATURE (F)
 TODAY
  MAXIMUM         86    214 PM  93    1944  76     10       82
  MINIMUM         57    214 AM  41    1982  55      2       61
                                      1959
  AVERAGE         72                        66      6       72

PRECIPITATION (IN)
  TODAY            0.00          1.03 1951   0.14  -0.14     0.00
  MONTH TO DATE    0.37                      0.39  -0.02     0.14
  SINCE JUN 1      7.81                      7.95  -0.14     9.81
  SINCE JAN 1     18.66                     21.37  -2.71    27.01

SNOWFALL (IN)
  TODAY            0.0           0.0  2002   0.0    0.0      0.0
                                      2001
  MONTH TO DATE    0.0                       0.0    0.0      0.0
  SINCE JUN 1      0.0                       0.0    0.0      0.0
  SINCE JUL 1      0.0                       0.0    0.0      0.0
  SNOW DEPTH       0

DEGREE DAYS
 HEATING
  TODAY            0                         2     -2        0
  MONTH TO DATE    0                         6     -6        0
  SINCE JUN 1    277                       229     48      113
  SINCE JUL 1     65                        64      1       24

 COOLING
  TODAY            7                         2      5        7
  MONTH TO DATE   10                         7      3       13
  SINCE JUN 1     72                       118    -46      179
  SINCE JAN 1     93                       123    -30      182
..................................................................


WIND (MPH)
  HIGHEST WIND SPEED    28   HIGHEST WIND DIRECTION     S (180)
  HIGHEST GUST SPEED    39   HIGHEST GUST DIRECTION     S (190)
  AVERAGE WIND SPEED    11.3


SKY COVER
  POSSIBLE SUNSHINE  MM
  AVERAGE SKY COVER 0.0


WEATHER CONDITIONS
 THE FOLLOWING WEATHER WAS RECORDED TODAY.
  NO SIGNIFICANT WEATHER WAS OBSERVED.


RELATIVE HUMIDITY (PERCENT)
 HIGHEST    87           300 AM
 LOWEST     40           200 PM
 AVERAGE    64

..........................................................


THE CARIBOU ME CLIMATE NORMALS FOR TOMORROW
                         NORMAL    RECORD    YEAR
 MAXIMUM TEMPERATURE (F)   76        93      1944
 MINIMUM TEMPERATURE (F)   55        40      1997


SUNRISE AND SUNSET
AUGUST  3 2015........SUNRISE   514 AM EDT   SUNSET   802 PM EDT
AUGUST  4 2015........SUNRISE   515 AM EDT   SUNSET   800 PM EDT


-  INDICATES NEGATIVE NUMBERS.
R  INDICATES RECORD WAS SET OR TIED.
MM INDICATES DATA IS MISSING.
T  INDICATES TRACE AMOUNT.




$$
