000
CDUS41 KCAR 080618
CLICAR


CLIMATE REPORT
NATIONAL WEATHER SERVICE CARIBOU, ME
118 AM EST THU DEC 8 2016


...................................

...THE CARIBOU ME CLIMATE SUMMARY FOR DECEMBER 7 2016...

CLIMATE NORMAL PERIOD 1981 TO 2010
CLIMATE RECORD PERIOD 1939 TO 2016


WEATHER ITEM   OBSERVED TIME   RECORD YEAR NORMAL DEPARTURE LAST
                VALUE   (LST)  VALUE       VALUE  FROM      YEAR
                                                  NORMAL
..................................................................
TEMPERATURE (F)
 YESTERDAY
  MAXIMUM         22   1149 PM  48    1982  29     -7       43
  MINIMUM          8   1233 AM -17    1991  15     -7       26
  AVERAGE         15                        22     -7       35

PRECIPITATION (IN)
  YESTERDAY        0.01          1.21 1983   0.11  -0.10      T
  MONTH TO DATE    1.28                      0.81   0.47     1.10
  SINCE DEC 1      1.28                      0.81   0.47     1.10
  SINCE JAN 1     41.04                     36.03   5.01    32.39

SNOWFALL (IN)
  YESTERDAY        0.3           9.7  2003   0.6   -0.3      0.0
  MONTH TO DATE   13.9                       4.5    9.4      3.4
  SINCE DEC 1     13.9                       4.5    9.4      3.4
  SINCE JUL 1     34.1                      16.7   17.4      7.5
  SNOW DEPTH      17

DEGREE DAYS
 HEATING
  YESTERDAY       50                        43      7       30
  MONTH TO DATE  307                       292     15      241
  SINCE DEC 1    307                       292     15      241
  SINCE JUL 1   1994                      2437   -443     2059

 COOLING
  YESTERDAY        0                         0      0        0
  MONTH TO DATE    0                         0      0        0
  SINCE DEC 1      0                         0      0        0
  SINCE JAN 1    275                       180     95      253
..................................................................


WIND (MPH)
  HIGHEST WIND SPEED    12   HIGHEST WIND DIRECTION     S (170)
  HIGHEST GUST SPEED    14   HIGHEST GUST DIRECTION     S (170)
  AVERAGE WIND SPEED     3.4


SKY COVER
  POSSIBLE SUNSHINE  MM
  AVERAGE SKY COVER 0.9


WEATHER CONDITIONS
 THE FOLLOWING WEATHER WAS RECORDED YESTERDAY.
  LIGHT SNOW
  FOG
  FOG W/VISIBILITY <= 1/4 MILE


RELATIVE HUMIDITY (PERCENT)
 HIGHEST   100          1100 AM
 LOWEST     88           300 AM
 AVERAGE    94

..........................................................


THE CARIBOU ME CLIMATE NORMALS FOR TODAY
                         NORMAL    RECORD    YEAR
 MAXIMUM TEMPERATURE (F)   29        47      1951
 MINIMUM TEMPERATURE (F)   14       -13      1964


SUNRISE AND SUNSET
DECEMBER  8 2016......SUNRISE   705 AM EST   SUNSET   343 PM EST
DECEMBER  9 2016......SUNRISE   706 AM EST   SUNSET   343 PM EST


-  INDICATES NEGATIVE NUMBERS.
R  INDICATES RECORD WAS SET OR TIED.
MM INDICATES DATA IS MISSING.
T  INDICATES TRACE AMOUNT.




$$
