261
CDUS41 KCAR 230533
CLICAR


CLIMATE REPORT
NATIONAL WEATHER SERVICE CARIBOU, ME
1233 AM EST THU FEB 23 2017


...................................

...THE CARIBOU ME CLIMATE SUMMARY FOR FEBRUARY 22 2017...

CLIMATE NORMAL PERIOD 1981 TO 2010
CLIMATE RECORD PERIOD 1939 TO 2017


WEATHER ITEM   OBSERVED TIME   RECORD YEAR NORMAL DEPARTURE LAST
                VALUE   (LST)  VALUE       VALUE  FROM      YEAR
                                                  NORMAL
..................................................................
TEMPERATURE (F)
 YESTERDAY
  MAXIMUM         42    113 PM  52    1990  26     16       18
                                      1981
  MINIMUM         28   1159 PM -20    1972   6     22        5
  AVERAGE         35                        16     19       12

PRECIPITATION (IN)
  YESTERDAY        0.01          0.51 1951   0.08  -0.07     0.00
  MONTH TO DATE    1.49                      1.71  -0.22     2.04
  SINCE DEC 1      9.14                      7.69   1.45     8.34
  SINCE JAN 1      4.94                      4.42   0.52     3.46

SNOWFALL (IN)
  YESTERDAY        T             5.5  1973   0.8   -0.8      0.0
  MONTH TO DATE   15.8                      17.6   -1.8     11.4
  SINCE DEC 1     76.4                      65.7   10.7     50.4
  SINCE JUL 1     96.6                      77.9   18.7     54.5
  SNOW DEPTH      30

DEGREE DAYS
 HEATING
  YESTERDAY       30                        49    -19       53
  MONTH TO DATE 1161                      1141     20     1056
  SINCE DEC 1   4102                      4290   -188     3635
  SINCE JUL 1   5789                      6435   -646     5453

 COOLING
  YESTERDAY        0                         0      0        0
  MONTH TO DATE    0                         0      0        0
  SINCE DEC 1      0                         0      0        0
  SINCE JAN 1      0                         0      0        0
..................................................................


WIND (MPH)
  HIGHEST WIND SPEED    13   HIGHEST WIND DIRECTION     S (160)
  HIGHEST GUST SPEED    15   HIGHEST GUST DIRECTION     S (170)
  AVERAGE WIND SPEED     4.5


SKY COVER
  POSSIBLE SUNSHINE  MM
  AVERAGE SKY COVER 0.8


WEATHER CONDITIONS
 THE FOLLOWING WEATHER WAS RECORDED YESTERDAY.
  LIGHT SNOW


RELATIVE HUMIDITY (PERCENT)
 HIGHEST    85          1000 PM
 LOWEST     50          1200 AM
 AVERAGE    68

..........................................................


THE CARIBOU ME CLIMATE NORMALS FOR TODAY
                         NORMAL    RECORD    YEAR
 MAXIMUM TEMPERATURE (F)   27        52      1981
 MINIMUM TEMPERATURE (F)    7       -25      1972


SUNRISE AND SUNSET
FEBRUARY 23 2017......SUNRISE   622 AM EST   SUNSET   509 PM EST
FEBRUARY 24 2017......SUNRISE   620 AM EST   SUNSET   511 PM EST


-  INDICATES NEGATIVE NUMBERS.
R  INDICATES RECORD WAS SET OR TIED.
MM INDICATES DATA IS MISSING.
T  INDICATES TRACE AMOUNT.




$$
