000
CDUS41 KCAR 112133
CLICAR


CLIMATE REPORT
NATIONAL WEATHER SERVICE CARIBOU, ME
433 PM EST WED JAN 11 2017


...................................

...THE CARIBOU ME CLIMATE SUMMARY FOR JANUARY 11 2017...
VALID TODAY AS OF 0400 PM LOCAL TIME.

CLIMATE NORMAL PERIOD 1981 TO 2010
CLIMATE RECORD PERIOD 1939 TO 2017


WEATHER ITEM   OBSERVED TIME   RECORD YEAR NORMAL DEPARTURE LAST
                VALUE   (LST)  VALUE       VALUE  FROM      YEAR
                                                  NORMAL
..................................................................
TEMPERATURE (F)
 TODAY
  MAXIMUM         45   1232 PM  51    1983  19     26       44
  MINIMUM         33    413 AM -33    1995   1     32        9
  AVERAGE         39                        10     29       27

PRECIPITATION (IN)
  TODAY            0.36          1.13 2014   0.09   0.27     0.12
  MONTH TO DATE    1.27                      0.98   0.29     0.74
  SINCE DEC 1      5.47                      4.25   1.22     5.62
  SINCE JAN 1      1.27                      0.98   0.29     0.74

SNOWFALL (IN)
  TODAY            1.7          10.0  1974   0.8    0.9      0.1
  MONTH TO DATE   10.0                       9.0    1.0      2.3
  SINCE DEC 1     51.2                      31.9   19.3     30.1
  SINCE JUL 1     71.4                      44.1   27.3     34.2
  SNOW DEPTH      28

DEGREE DAYS
 HEATING
  TODAY           26                        55    -29       38
  MONTH TO DATE  562                       594    -32      489
  SINCE DEC 1   2055                      2043     12     1611
  SINCE JUL 1   3742                      4188   -446     3429

 COOLING
  TODAY            0                         0      0        0
  MONTH TO DATE    0                         0      0        0
  SINCE DEC 1      0                         0      0        0
  SINCE JAN 1      0                         0      0        0
..................................................................


WIND (MPH)
  HIGHEST WIND SPEED    33   HIGHEST WIND DIRECTION    SW (240)
  HIGHEST GUST SPEED    45   HIGHEST GUST DIRECTION     S (160)
  AVERAGE WIND SPEED    24.0


SKY COVER
  POSSIBLE SUNSHINE  MM
  AVERAGE SKY COVER 0.8


WEATHER CONDITIONS
 THE FOLLOWING WEATHER WAS RECORDED TODAY.
  LIGHT RAIN
  SNOW
  LIGHT SNOW
  FOG


RELATIVE HUMIDITY (PERCENT)
 HIGHEST    92           600 AM
 LOWEST     58          1200 PM
 AVERAGE    75

..........................................................


THE CARIBOU ME CLIMATE NORMALS FOR TOMORROW
                         NORMAL    RECORD    YEAR
 MAXIMUM TEMPERATURE (F)   19        47      1980
 MINIMUM TEMPERATURE (F)    1       -28      1976


SUNRISE AND SUNSET
JANUARY 11 2017.......SUNRISE   715 AM EST   SUNSET   406 PM EST
JANUARY 12 2017.......SUNRISE   714 AM EST   SUNSET   407 PM EST


-  INDICATES NEGATIVE NUMBERS.
R  INDICATES RECORD WAS SET OR TIED.
MM INDICATES DATA IS MISSING.
T  INDICATES TRACE AMOUNT.




$$
