000
CDUS41 KCAR 190529
CLICAR


CLIMATE REPORT
NATIONAL WEATHER SERVICE CARIBOU, ME
1228 AM EST SUN NOV 19 2017


...................................

...THE CARIBOU ME CLIMATE SUMMARY FOR NOVEMBER 18 2017...

CLIMATE NORMAL PERIOD 1981 TO 2010
CLIMATE RECORD PERIOD 1939 TO 2017


WEATHER ITEM   OBSERVED TIME   RECORD YEAR NORMAL DEPARTURE LAST
                VALUE   (LST)  VALUE       VALUE  FROM      YEAR
                                                  NORMAL
..................................................................
TEMPERATURE (F)
 YESTERDAY
  MAXIMUM         30    317 PM  61    1987  37     -7       43
  MINIMUM         19    715 AM   3    1943  24     -5       33
  AVERAGE         25                        30     -5       38

PRECIPITATION (IN)
  YESTERDAY        0.00          0.84 2002   0.13  -0.13     0.00
  MONTH TO DATE    2.39                      2.18   0.21     1.20
  SINCE SEP 1     11.75                      9.03   2.72     6.22
  SINCE JAN 1     37.61                     33.77   3.84    37.33

SNOWFALL (IN)
  YESTERDAY        0.0           5.8  2002   0.4   -0.4      0.0
  MONTH TO DATE    0.8                       4.7   -3.9       T
  SINCE SEP 1      0.8                       6.4   -5.6       T
  SINCE JUL 1      0.8                       6.4   -5.6       T
  SNOW DEPTH       T

DEGREE DAYS
 HEATING
  YESTERDAY       40                        34      6       27
  MONTH TO DATE  580                       557     23      461
  SINCE SEP 1   1140                      1543   -403     1232
  SINCE JUL 1   1264                      1697   -433     1312

 COOLING
  YESTERDAY        0                         0      0        0
  MONTH TO DATE    0                         0      0        0
  SINCE SEP 1     35                        11     24       22
  SINCE JAN 1    222                       180     42      275
..................................................................


WIND (MPH)
  HIGHEST WIND SPEED    20   HIGHEST WIND DIRECTION    NW (320)
  HIGHEST GUST SPEED    26   HIGHEST GUST DIRECTION    NW (330)
  AVERAGE WIND SPEED     6.1


SKY COVER
  POSSIBLE SUNSHINE  MM
  AVERAGE SKY COVER 0.5


WEATHER CONDITIONS
 THE FOLLOWING WEATHER WAS RECORDED YESTERDAY.
  NO SIGNIFICANT WEATHER WAS OBSERVED.


RELATIVE HUMIDITY (PERCENT)
 HIGHEST    84           800 AM
 LOWEST     63          1100 AM
 AVERAGE    74

..........................................................


THE CARIBOU ME CLIMATE NORMALS FOR TODAY
                         NORMAL    RECORD    YEAR
 MAXIMUM TEMPERATURE (F)   37        59      1953
 MINIMUM TEMPERATURE (F)   24         1      1992


SUNRISE AND SUNSET
NOVEMBER 19 2017......SUNRISE   641 AM EST   SUNSET   354 PM EST
NOVEMBER 20 2017......SUNRISE   642 AM EST   SUNSET   353 PM EST


-  INDICATES NEGATIVE NUMBERS.
R  INDICATES RECORD WAS SET OR TIED.
MM INDICATES DATA IS MISSING.
T  INDICATES TRACE AMOUNT.




$$
