000
CDUS41 KCAR 270621
CLICAR


CLIMATE REPORT
NATIONAL WEATHER SERVICE CARIBOU, ME
221 AM EDT SAT SEP 27 2014


...................................

...THE CARIBOU ME CLIMATE SUMMARY FOR SEPTEMBER 26 2014...

CLIMATE NORMAL PERIOD 1981 TO 2010
CLIMATE RECORD PERIOD 1939 TO 2014


WEATHER ITEM   OBSERVED TIME   RECORD YEAR NORMAL DEPARTURE LAST
                VALUE   (LST)  VALUE       VALUE  FROM      YEAR
                                                  NORMAL
..................................................................
TEMPERATURE (F)
 YESTERDAY
  MAXIMUM         77    222 PM  81    2007  61     16       64
  MINIMUM         48    559 AM  26    2009  41      7       46
  AVERAGE         63                        51     12       55

PRECIPITATION (IN)
  YESTERDAY        0.00          2.03 1961   0.11  -0.11     0.00
  MONTH TO DATE    2.58                      2.86  -0.28     7.01
  SINCE SEP 1      2.58                      2.86  -0.28     7.01
  SINCE JAN 1     31.24                     27.60   3.64    40.03

SNOWFALL (IN)
  YESTERDAY        0.0           0.0  2002   0.0    0.0      0.0
                                      2001
  MONTH TO DATE    0.0                       0.1   -0.1      0.0
  SINCE SEP 1      0.0                       0.1   -0.1      0.0
  SINCE JUL 1      0.0                       0.1   -0.1      0.0
  SNOW DEPTH       0

DEGREE DAYS
 HEATING
  YESTERDAY        2                        14    -12       10
  MONTH TO DATE  261                       251     10      230
  SINCE SEP 1    261                       251     10      230
  SINCE JUL 1    319                       405    -86      344

 COOLING
  YESTERDAY        0                         0      0        0
  MONTH TO DATE   21                        10     11       13
  SINCE SEP 1     21                        10     11       13
  SINCE JAN 1    262                       179     83      192
..................................................................


WIND (MPH)
  HIGHEST WIND SPEED    10   HIGHEST WIND DIRECTION     W (250)
  HIGHEST GUST SPEED    13   HIGHEST GUST DIRECTION     W (260)
  AVERAGE WIND SPEED     3.3


SKY COVER
  POSSIBLE SUNSHINE  MM
  AVERAGE SKY COVER 0.1


WEATHER CONDITIONS
 THE FOLLOWING WEATHER WAS RECORDED YESTERDAY.
  FOG
  FOG W/VISIBILITY <= 1/4 MILE


RELATIVE HUMIDITY (PERCENT)
 HIGHEST   100           500 AM
 LOWEST     43           300 PM
 AVERAGE    72

..........................................................


THE CARIBOU ME CLIMATE NORMALS FOR TODAY
                         NORMAL    RECORD    YEAR
 MAXIMUM TEMPERATURE (F)   61        76      1973
 MINIMUM TEMPERATURE (F)   41        24      1971


SUNRISE AND SUNSET
SEPTEMBER 27 2014.....SUNRISE   625 AM EDT   SUNSET   620 PM EDT
SEPTEMBER 28 2014.....SUNRISE   627 AM EDT   SUNSET   618 PM EDT


-  INDICATES NEGATIVE NUMBERS.
R  INDICATES RECORD WAS SET OR TIED.
MM INDICATES DATA IS MISSING.
T  INDICATES TRACE AMOUNT.




$$
