000
CDUS41 KCAR 242129
CLICAR


CLIMATE REPORT
NATIONAL WEATHER SERVICE CARIBOU, ME
429 PM EST MON NOV 24 2014


...................................

...THE CARIBOU ME CLIMATE SUMMARY FOR NOVEMBER 24 2014...
VALID TODAY AS OF 0400 PM LOCAL TIME.

CLIMATE NORMAL PERIOD 1981 TO 2010
CLIMATE RECORD PERIOD 1939 TO 2014


WEATHER ITEM   OBSERVED TIME   RECORD YEAR NORMAL DEPARTURE LAST
                VALUE   (LST)  VALUE       VALUE  FROM      YEAR
                                                  NORMAL
..................................................................
TEMPERATURE (F)
 TODAY
  MAXIMUM         49    359 PM  55    1967  35     14       18
  MINIMUM         36    121 AM  -1    1989  21     15       16
  AVERAGE         43                        28     15       17

PRECIPITATION (IN)
  TODAY            0.32          0.92 1967   0.13   0.19      T
  MONTH TO DATE    2.59                      2.92  -0.33     2.09
  SINCE SEP 1     10.97                      9.77   1.20    11.64
  SINCE JAN 1     39.63                     34.51   5.12    44.66

SNOWFALL (IN)
  TODAY            0.0           4.2  1997   0.5   -0.5       T
  MONTH TO DATE   18.3                       7.4   10.9      5.8
  SINCE SEP 1     18.3                       9.1    9.2      6.8
  SINCE JUL 1     18.3                       9.1    9.2      6.8
  SNOW DEPTH       0

DEGREE DAYS
 HEATING
  TODAY           22                        37    -15       48
  MONTH TO DATE  821                       773     48      748
  SINCE SEP 1   1656                      1759   -103     1590
  SINCE JUL 1   1714                      1913   -199     1704

 COOLING
  TODAY            0                         0      0        0
  MONTH TO DATE    0                         0      0        0
  SINCE SEP 1     25                        11     14       13
  SINCE JAN 1    266                       180     86      192
..................................................................


WIND (MPH)
  HIGHEST WIND SPEED    22   HIGHEST WIND DIRECTION     S (160)
  HIGHEST GUST SPEED    32   HIGHEST GUST DIRECTION     S (170)
  AVERAGE WIND SPEED    10.1


SKY COVER
  POSSIBLE SUNSHINE  MM
  AVERAGE SKY COVER 0.9


WEATHER CONDITIONS
 THE FOLLOWING WEATHER WAS RECORDED TODAY.
  RAIN
  LIGHT RAIN
  FOG


RELATIVE HUMIDITY (PERCENT)
 HIGHEST    93           400 PM
 LOWEST     82           200 AM
 AVERAGE    88

..........................................................


THE CARIBOU ME CLIMATE NORMALS FOR TOMORROW
                         NORMAL    RECORD    YEAR
 MAXIMUM TEMPERATURE (F)   34        62      1953
 MINIMUM TEMPERATURE (F)   21         0      1956


SUNRISE AND SUNSET
NOVEMBER 24 2014......SUNRISE   648 AM EST   SUNSET   350 PM EST
NOVEMBER 25 2014......SUNRISE   649 AM EST   SUNSET   349 PM EST


-  INDICATES NEGATIVE NUMBERS.
R  INDICATES RECORD WAS SET OR TIED.
MM INDICATES DATA IS MISSING.
T  INDICATES TRACE AMOUNT.




$$
