704
CDUS41 KCAR 240529
CLICAR


CLIMATE REPORT
NATIONAL WEATHER SERVICE CARIBOU, ME
128 AM EDT WED MAY 24 2017


...................................

...THE CARIBOU ME CLIMATE SUMMARY FOR MAY 23 2017...

CLIMATE NORMAL PERIOD 1981 TO 2010
CLIMATE RECORD PERIOD 1939 TO 2017


WEATHER ITEM   OBSERVED TIME   RECORD YEAR NORMAL DEPARTURE LAST
                VALUE   (LST)  VALUE       VALUE  FROM      YEAR
                                                  NORMAL
..................................................................
TEMPERATURE (F)
 YESTERDAY
  MAXIMUM         68    414 PM  95    1977  65      3       81
  MINIMUM         44    419 AM  29    1982  43      1       48
  AVERAGE         56                        54      2       65

PRECIPITATION (IN)
  YESTERDAY        0.00          0.73 1999   0.12  -0.12     0.00
  MONTH TO DATE    3.73                      2.41   1.32     2.16
  SINCE MAR 1     10.31                      7.58   2.73     9.66
  SINCE JAN 1     15.93                     12.50   3.43    15.13

SNOWFALL (IN)
  YESTERDAY        0.0           0.3  2015   0.0    0.0      0.0
  MONTH TO DATE    T                         0.5   -0.5      4.8
  SINCE MAR 1     33.0                      26.2    6.8     34.8
  SINCE JUL 1    129.6                     108.7   20.9     94.8
  SNOW DEPTH       0

DEGREE DAYS
 HEATING
  YESTERDAY        9                        11     -2        0
  MONTH TO DATE  308                       343    -35      304
  SINCE MAR 1   2395                      2388      7     2434
  SINCE JUL 1   8376                      9109   -733     8176

 COOLING
  YESTERDAY        0                         0      0        0
  MONTH TO DATE    6                         0      6        1
  SINCE MAR 1      6                         0      6        1
  SINCE JAN 1      6                         0      6        1
..................................................................


WIND (MPH)
  HIGHEST WIND SPEED    16   HIGHEST WIND DIRECTION     S (190)
  HIGHEST GUST SPEED    23   HIGHEST GUST DIRECTION     S (190)
  AVERAGE WIND SPEED     7.1


SKY COVER
  POSSIBLE SUNSHINE  MM
  AVERAGE SKY COVER 0.8


WEATHER CONDITIONS
 THE FOLLOWING WEATHER WAS RECORDED YESTERDAY.
  FOG


RELATIVE HUMIDITY (PERCENT)
 HIGHEST    92           400 AM
 LOWEST     45           300 PM
 AVERAGE    69

..........................................................


THE CARIBOU ME CLIMATE NORMALS FOR TODAY
                         NORMAL    RECORD    YEAR
 MAXIMUM TEMPERATURE (F)   66        94      1977
 MINIMUM TEMPERATURE (F)   43        28      1956


SUNRISE AND SUNSET
MAY 24 2017...........SUNRISE   447 AM EDT   SUNSET   811 PM EDT
MAY 25 2017...........SUNRISE   446 AM EDT   SUNSET   812 PM EDT


-  INDICATES NEGATIVE NUMBERS.
R  INDICATES RECORD WAS SET OR TIED.
MM INDICATES DATA IS MISSING.
T  INDICATES TRACE AMOUNT.




$$
