000
CDUS41 KCAR 240531
CLICAR

CLIMATE REPORT
NATIONAL WEATHER SERVICE CARIBOU, ME
130 AM EDT MON JUL 24 2017


...................................

...THE CARIBOU ME CLIMATE SUMMARY FOR JULY 23 2017...

CLIMATE NORMAL PERIOD 1981 TO 2010
CLIMATE RECORD PERIOD 1939 TO 2017


WEATHER ITEM   OBSERVED TIME   RECORD YEAR NORMAL DEPARTURE LAST
                VALUE   (LST)  VALUE       VALUE  FROM      YEAR
                                                  NORMAL
..................................................................
TEMPERATURE (F)
 YESTERDAY
  MAXIMUM         71    448 PM  95    1952  76     -5       84
  MINIMUM         42R   414 AM  42    1997  56    -14       61
  AVERAGE         57                        66     -9       73

PRECIPITATION (IN)
  YESTERDAY        0.00          1.28 1990   0.13  -0.13      T
  MONTH TO DATE    2.49                      3.08  -0.59     4.41
  SINCE JUN 1      6.88                      6.56   0.32     8.06
  SINCE JAN 1     23.45                     19.98   3.47    23.99

SNOWFALL (IN)
  YESTERDAY        0.0           0.0  2002   0.0    0.0      0.0
                                      2001
  MONTH TO DATE    0.0                       0.0    0.0      0.0
  SINCE JUN 1      0.0                       0.0    0.0      0.0
  SINCE JUL 1      0.0                       0.0    0.0      0.0
  SNOW DEPTH       0

DEGREE DAYS
 HEATING
  YESTERDAY        8                         2      6        0
  MONTH TO DATE   20                        48    -28       48
  SINCE JUN 1    152                       213    -61      192
  SINCE JUL 1     20                        48    -28       48

 COOLING
  YESTERDAY        0                         3     -3        8
  MONTH TO DATE   73                        55     18       72
  SINCE JUN 1    118                        89     29      117
  SINCE JAN 1    124                        94     30      125
..................................................................


WIND (MPH)
  HIGHEST WIND SPEED    15   HIGHEST WIND DIRECTION     N (340)
  HIGHEST GUST SPEED    20   HIGHEST GUST DIRECTION    NW (330)
  AVERAGE WIND SPEED     4.9


SKY COVER
  POSSIBLE SUNSHINE  MM
  AVERAGE SKY COVER 0.1


WEATHER CONDITIONS
 THE FOLLOWING WEATHER WAS RECORDED YESTERDAY.
  NO SIGNIFICANT WEATHER WAS OBSERVED.


RELATIVE HUMIDITY (PERCENT)
 HIGHEST    89           400 AM
 LOWEST     37           200 PM
 AVERAGE    63

..........................................................


THE CARIBOU ME CLIMATE NORMALS FOR TODAY
                         NORMAL    RECORD    YEAR
 MAXIMUM TEMPERATURE (F)   76        92      1941
 MINIMUM TEMPERATURE (F)   56        45      1997
                                             1964


SUNRISE AND SUNSET
JULY 24 2017..........SUNRISE   503 AM EDT   SUNSET   814 PM EDT
JULY 25 2017..........SUNRISE   504 AM EDT   SUNSET   813 PM EDT


-  INDICATES NEGATIVE NUMBERS.
R  INDICATES RECORD WAS SET OR TIED.
MM INDICATES DATA IS MISSING.
T  INDICATES TRACE AMOUNT.

...................................................................
THE CARIBOU ME 4 INCH UNDER SOD SOIL TEMPERATURES FOR JULY 23 2017

MAXIMUM 72F
MINIMUM 65F


$$
