000
CDUS41 KCAR 232035
CLICAR


CLIMATE REPORT
NATIONAL WEATHER SERVICE CARIBOU, ME
433 PM EDT TUE AUG 23 2016


...................................

...THE CARIBOU ME CLIMATE SUMMARY FOR AUGUST 23 2016...
VALID TODAY AS OF 0400 PM LOCAL TIME.

CLIMATE NORMAL PERIOD 1981 TO 2010
CLIMATE RECORD PERIOD 1939 TO 2016


WEATHER ITEM   OBSERVED TIME   RECORD YEAR NORMAL DEPARTURE LAST
                VALUE   (LST)  VALUE       VALUE  FROM      YEAR
                                                  NORMAL
..................................................................
TEMPERATURE (F)
 TODAY
  MAXIMUM         77    243 PM  89    1947  73      4       82
  MINIMUM         51    413 AM  38    1988  52     -1       55
                                      1957
  AVERAGE         64                        62      2       69

PRECIPITATION (IN)
  TODAY            0.00          1.66 1972   0.11  -0.11     0.00
  MONTH TO DATE    5.08                      2.84   2.24     3.26
  SINCE JUN 1     14.37                     10.40   3.97    10.70
  SINCE JAN 1     30.30                     23.82   6.48    21.55

SNOWFALL (IN)
  TODAY            0.0           0.0  2002   0.0    0.0      0.0
                                      2001
  MONTH TO DATE    0.0                       0.0    0.0      0.0
  SINCE JUN 1      0.0                       0.0    0.0      0.0
  SINCE JUL 1      0.0                       0.0    0.0      0.0
  SNOW DEPTH       0

DEGREE DAYS
 HEATING
  TODAY            1                         4     -3        0
  MONTH TO DATE   27                        58    -31       10
  SINCE JUN 1    219                       281    -62      287
  SINCE JUL 1     75                       116    -41       75

 COOLING
  TODAY            0                         1     -1        4
  MONTH TO DATE   61                        43     18       96
  SINCE JUN 1    215                       154     61      158
  SINCE JAN 1    223                       159     64      179
..................................................................


WIND (MPH)
  HIGHEST WIND SPEED    18   HIGHEST WIND DIRECTION     W (250)
  HIGHEST GUST SPEED    27   HIGHEST GUST DIRECTION    SW (240)
  AVERAGE WIND SPEED     7.3


SKY COVER
  POSSIBLE SUNSHINE  MM
  AVERAGE SKY COVER 0.1


WEATHER CONDITIONS
 THE FOLLOWING WEATHER WAS RECORDED TODAY.
  NO SIGNIFICANT WEATHER WAS OBSERVED.


RELATIVE HUMIDITY (PERCENT)
 HIGHEST    89           500 AM
 LOWEST     38           100 PM
 AVERAGE    64

..........................................................


THE CARIBOU ME CLIMATE NORMALS FOR TOMORROW
                         NORMAL    RECORD    YEAR
 MAXIMUM TEMPERATURE (F)   73        88      2014
 MINIMUM TEMPERATURE (F)   52        37      1975


SUNRISE AND SUNSET
AUGUST 23 2016........SUNRISE   541 AM EDT   SUNSET   728 PM EDT
AUGUST 24 2016........SUNRISE   542 AM EDT   SUNSET   726 PM EDT


-  INDICATES NEGATIVE NUMBERS.
R  INDICATES RECORD WAS SET OR TIED.
MM INDICATES DATA IS MISSING.
T  INDICATES TRACE AMOUNT.

...........................................................................

THE CARIBOU ME 4-INCH UNDER SOD SOIL TEMPERATURE AUG 23 2016:

MAXIMUM SOIL TEMPERATURE: 70 F
MINIMUM SOIL TEMPERATURE: 65 F


$$

HEWITT
