000
CDUS41 KCAR 140531
CLICAR


CLIMATE REPORT
NATIONAL WEATHER SERVICE CARIBOU, ME
1230 AM EST SUN JAN 14 2018


...................................

...THE CARIBOU ME CLIMATE SUMMARY FOR JANUARY 13 2018...

CLIMATE NORMAL PERIOD 1981 TO 2010
CLIMATE RECORD PERIOD 1939 TO 2018


WEATHER ITEM   OBSERVED TIME   RECORD YEAR NORMAL DEPARTURE LAST
                VALUE   (LST)  VALUE       VALUE  FROM      YEAR
                                                  NORMAL
..................................................................
TEMPERATURE (F)
 YESTERDAY
  MAXIMUM         34   1242 AM  45    1972  19     15       42
  MINIMUM          7   1159 PM -32    1976   0      7        2
  AVERAGE         21                        10     11       22

PRECIPITATION (IN)
  YESTERDAY        0.92R         0.66 2002   0.09   0.83      T
  MONTH TO DATE    3.21                      1.16   2.05     1.46
  SINCE DEC 1      7.33                      4.43   2.90     5.66
  SINCE JAN 1      3.21                      1.16   2.05     1.46

SNOWFALL (IN)
  YESTERDAY        2.4           7.3  2002   0.8    1.6      0.2
  MONTH TO DATE   25.9                      10.6   15.3     10.2
  SINCE DEC 1     60.1                      33.5   26.6     51.4
  SINCE JUL 1     64.0                      45.7   18.3     71.6
  SNOW DEPTH      15

DEGREE DAYS
 HEATING
  YESTERDAY       44                        55    -11       43
  MONTH TO DATE  689                       704    -15      632
  SINCE DEC 1   2283                      2153    130     2125
  SINCE JUL 1   3987                      4298   -311     3812

 COOLING
  YESTERDAY        0                         0      0        0
  MONTH TO DATE    0                         0      0        0
  SINCE DEC 1      0                         0      0        0
  SINCE JAN 1      0                         0      0        0
..................................................................


WIND (MPH)
  HIGHEST WIND SPEED    23   HIGHEST WIND DIRECTION     N (340)
  HIGHEST GUST SPEED    32   HIGHEST GUST DIRECTION    NW (330)
  AVERAGE WIND SPEED    14.9


SKY COVER
  POSSIBLE SUNSHINE  MM
  AVERAGE SKY COVER 0.9


WEATHER CONDITIONS
 THE FOLLOWING WEATHER WAS RECORDED YESTERDAY.
  RAIN
  FREEZING RAIN
  LT FREEZING RAIN
  SNOW
  LIGHT SNOW
  FOG
  FOG W/VISIBILITY <= 1/4 MILE


RELATIVE HUMIDITY (PERCENT)
 HIGHEST    88           500 AM
 LOWEST     67           800 PM
 AVERAGE    78

..........................................................


THE CARIBOU ME CLIMATE NORMALS FOR TODAY
                         NORMAL    RECORD    YEAR
 MAXIMUM TEMPERATURE (F)   19        52      2013
 MINIMUM TEMPERATURE (F)    0       -32      1974


SUNRISE AND SUNSET
JANUARY 14 2018.......SUNRISE   714 AM EST   SUNSET   409 PM EST
JANUARY 15 2018.......SUNRISE   713 AM EST   SUNSET   410 PM EST


-  INDICATES NEGATIVE NUMBERS.
R  INDICATES RECORD WAS SET OR TIED.
MM INDICATES DATA IS MISSING.
T  INDICATES TRACE AMOUNT.




$$
