000
CDUS41 KCAR 210532
CLICAR

CLIMATE REPORT
NATIONAL WEATHER SERVICE CARIBOU, ME
127 AM EDT THU MAY 21 2015


...................................

...THE CARIBOU ME CLIMATE SUMMARY FOR MAY 20 2015...

CLIMATE NORMAL PERIOD 1981 TO 2010
CLIMATE RECORD PERIOD 1939 TO 2015


WEATHER ITEM   OBSERVED TIME   RECORD YEAR NORMAL DEPARTURE LAST
                VALUE   (LST)  VALUE       VALUE  FROM      YEAR
                                                  NORMAL
..................................................................
TEMPERATURE (F)
 YESTERDAY
  MAXIMUM         57   1247 AM  86    2003  64     -7       57
                                      1951
  MINIMUM         43   1159 PM  28    1944  42      1       48
  AVERAGE         50                        53     -3       53

PRECIPITATION (IN)
  YESTERDAY        0.01          1.27 1975   0.12  -0.11     0.15
  MONTH TO DATE    1.28                      2.06  -0.78     2.47
  SINCE MAR 1      5.28                      7.23  -1.95    10.28
  SINCE JAN 1      9.38                     12.15  -2.77    16.50

SNOWFALL (IN)
  YESTERDAY        0.0           0.0  2002   0.0    0.0      0.0
                                      2001
  MONTH TO DATE    T                         0.4   -0.4      0.0
  SINCE MAR 1     33.5                      26.1    7.4     51.3
  SINCE JUL 1    141.8                     108.6   33.2    150.7
  SNOW DEPTH       0

DEGREE DAYS
 HEATING
  YESTERDAY       15                        12      3       12
  MONTH TO DATE  233                       308    -75      286
  SINCE MAR 1   2480                      2353    127     2654
  SINCE JUL 1   9221                      9074    147     9308

 COOLING
  YESTERDAY        0                         0      0        0
  MONTH TO DATE    0                         0      0        3
  SINCE MAR 1      0                         0      0        3
  SINCE JAN 1      0                         0      0        3
..................................................................


WIND (MPH)
  HIGHEST WIND SPEED    25   HIGHEST WIND DIRECTION    NW (300)
  HIGHEST GUST SPEED    36   HIGHEST GUST DIRECTION    NW (300)
  AVERAGE WIND SPEED    11.8


SKY COVER
  POSSIBLE SUNSHINE  MM
  AVERAGE SKY COVER 0.7


WEATHER CONDITIONS
 THE FOLLOWING WEATHER WAS RECORDED YESTERDAY.
  FOG


RELATIVE HUMIDITY (PERCENT)
 HIGHEST   100          1200 AM
 LOWEST     46          1200 PM
 AVERAGE    73

..........................................................


THE CARIBOU ME CLIMATE NORMALS FOR TODAY
                         NORMAL    RECORD    YEAR
 MAXIMUM TEMPERATURE (F)   65        92      1992
 MINIMUM TEMPERATURE (F)   42        31      1974


SUNRISE AND SUNSET
MAY 21 2015...........SUNRISE   451 AM EDT   SUNSET   807 PM EDT
MAY 22 2015...........SUNRISE   450 AM EDT   SUNSET   808 PM EDT


-  INDICATES NEGATIVE NUMBERS.
R  INDICATES RECORD WAS SET OR TIED.
MM INDICATES DATA IS MISSING.
T  INDICATES TRACE AMOUNT.

..................................................
THE CARIBOU ME 4 INCH SOIL TEMPERATURES FOR MAY 20 2015

MAXIMUM SOIL TEMPERATURE (F): 56
MINIMUM SOIL TEMPERATURE (F): 55



$$
