000
CDUS41 KCAR 220531
CLICAR


CLIMATE REPORT
NATIONAL WEATHER SERVICE CARIBOU, ME
1231 AM EST SAT NOV 22 2014


...................................

...THE CARIBOU ME CLIMATE SUMMARY FOR NOVEMBER 21 2014...

CLIMATE NORMAL PERIOD 1981 TO 2010
CLIMATE RECORD PERIOD 1939 TO 2014


WEATHER ITEM   OBSERVED TIME   RECORD YEAR NORMAL DEPARTURE LAST
                VALUE   (LST)  VALUE       VALUE  FROM      YEAR
                                                  NORMAL
..................................................................
TEMPERATURE (F)
 YESTERDAY
  MAXIMUM         24    302 PM  58    1954  36    -12       45
  MINIMUM         12   1159 PM  -1    1959  23    -11       16
  AVERAGE         18                        29    -11       31

PRECIPITATION (IN)
  YESTERDAY        T             2.01 1986   0.12  -0.12     0.00
  MONTH TO DATE    2.25                      2.55  -0.30     1.95
  SINCE SEP 1     10.63                      9.40   1.23    11.50
  SINCE JAN 1     39.29                     34.14   5.15    44.52

SNOWFALL (IN)
  YESTERDAY        T            20.9  1986   0.4   -0.4      0.0
  MONTH TO DATE   18.1                       5.9   12.2      4.2
  SINCE SEP 1     18.1                       7.6   10.5      5.2
  SINCE JUL 1     18.1                       7.6   10.5      5.2
  SNOW DEPTH       1

DEGREE DAYS
 HEATING
  YESTERDAY       47                        36     11       34
  MONTH TO DATE  725                       663     62      629
  SINCE SEP 1   1560                      1649    -89     1471
  SINCE JUL 1   1618                      1803   -185     1585

 COOLING
  YESTERDAY        0                         0      0        0
  MONTH TO DATE    0                         0      0        0
  SINCE SEP 1     25                        11     14       13
  SINCE JAN 1    266                       180     86      192
..................................................................


WIND (MPH)
  HIGHEST WIND SPEED    21   HIGHEST WIND DIRECTION    NW (310)
  HIGHEST GUST SPEED    30   HIGHEST GUST DIRECTION    NW (310)
  AVERAGE WIND SPEED     9.4


SKY COVER
  POSSIBLE SUNSHINE  MM
  AVERAGE SKY COVER 0.4


WEATHER CONDITIONS
 THE FOLLOWING WEATHER WAS RECORDED YESTERDAY.
  LIGHT SNOW


RELATIVE HUMIDITY (PERCENT)
 HIGHEST    80           100 AM
 LOWEST     50           200 PM
 AVERAGE    65

..........................................................


THE CARIBOU ME CLIMATE NORMALS FOR TODAY
                         NORMAL    RECORD    YEAR
 MAXIMUM TEMPERATURE (F)   35        52      1999
                                             1992
 MINIMUM TEMPERATURE (F)   22         0      1978


SUNRISE AND SUNSET
NOVEMBER 22 2014......SUNRISE   645 AM EST   SUNSET   351 PM EST
NOVEMBER 23 2014......SUNRISE   646 AM EST   SUNSET   350 PM EST


-  INDICATES NEGATIVE NUMBERS.
R  INDICATES RECORD WAS SET OR TIED.
MM INDICATES DATA IS MISSING.
T  INDICATES TRACE AMOUNT.




$$
