000
CDUS41 KCAR 132027
CLICAR


CLIMATE REPORT
NATIONAL WEATHER SERVICE CARIBOU, ME
427 PM EDT SUN APR 13 2014


...................................

...THE CARIBOU ME CLIMATE SUMMARY FOR APRIL 13 2014...
VALID TODAY AS OF 0400 PM LOCAL TIME.

CLIMATE NORMAL PERIOD 1981 TO 2010
CLIMATE RECORD PERIOD 1939 TO 2014


WEATHER ITEM   OBSERVED TIME   RECORD YEAR NORMAL DEPARTURE LAST
                VALUE   (LST)  VALUE       VALUE  FROM      YEAR
                                                  NORMAL
..................................................................
TEMPERATURE (F)
 TODAY
  MAXIMUM         35   1140 AM  78    1945  46    -11       40
  MINIMUM         22    539 AM  10    1992  29     -7       31
  AVERAGE         29                        38     -9       36

PRECIPITATION (IN)
  TODAY            0.09          1.93 1940   0.09   0.00     0.05
  MONTH TO DATE    1.19                      1.14   0.05     0.74
  SINCE MAR 1      4.63                      3.65   0.98     2.48
  SINCE JAN 1     10.85                      8.57   2.28     7.85

SNOWFALL (IN)
  TODAY            1.1          10.3  2007   0.3    0.8      0.4
  MONTH TO DATE    4.5                       4.5    0.0      2.7
  SINCE MAR 1     46.6                      22.8   23.8     17.9
  SINCE JUL 1    146.0                     105.3   40.7    105.3
  SNOW DEPTH      15

DEGREE DAYS
 HEATING
  TODAY           36                        28      8       29
  MONTH TO DATE  394                       400     -6      436
  SINCE MAR 1   1934                      1654    280     1521
  SINCE JUL 1   8588                      8375    213     7669

 COOLING
  TODAY            0                         0      0        0
  MONTH TO DATE    0                         0      0        0
  SINCE MAR 1      0                         0      0        0
  SINCE JAN 1      0                         0      0        0
..................................................................


WIND (MPH)
  HIGHEST WIND SPEED    13   HIGHEST WIND DIRECTION     S (190)
  HIGHEST GUST SPEED    17   HIGHEST GUST DIRECTION     S (190)
  AVERAGE WIND SPEED     3.8


SKY COVER
  POSSIBLE SUNSHINE  MM
  AVERAGE SKY COVER 0.4


WEATHER CONDITIONS
 THE FOLLOWING WEATHER WAS RECORDED TODAY.
  SNOW
  LIGHT SNOW
  FOG


RELATIVE HUMIDITY (PERCENT)
 HIGHEST    92           100 PM
 LOWEST     35           900 AM
 AVERAGE    64

..........................................................


THE CARIBOU ME CLIMATE NORMALS FOR TOMORROW
                         NORMAL    RECORD    YEAR
 MAXIMUM TEMPERATURE (F)   47        67      1968
 MINIMUM TEMPERATURE (F)   29         8      1985


SUNRISE AND SUNSET
APRIL 13 2014.........SUNRISE   548 AM EDT   SUNSET   718 PM EDT
APRIL 14 2014.........SUNRISE   546 AM EDT   SUNSET   719 PM EDT


-  INDICATES NEGATIVE NUMBERS.
R  INDICATES RECORD WAS SET OR TIED.
MM INDICATES DATA IS MISSING.
T  INDICATES TRACE AMOUNT.




$$
