000
CDUS41 KCAR 170534
CLICAR


CLIMATE REPORT
NATIONAL WEATHER SERVICE CARIBOU, ME
131 AM EDT FRI OCT 17 2014


...................................

...THE CARIBOU ME CLIMATE SUMMARY FOR OCTOBER 16 2014...

CLIMATE NORMAL PERIOD 1981 TO 2010
CLIMATE RECORD PERIOD 1939 TO 2014


WEATHER ITEM   OBSERVED TIME   RECORD YEAR NORMAL DEPARTURE LAST
                VALUE   (LST)  VALUE       VALUE  FROM      YEAR
                                                  NORMAL
..................................................................
TEMPERATURE (F)
 YESTERDAY
  MAXIMUM         62    340 PM  79    1968  52     10       57
  MINIMUM         56   1159 PM  21    2009  35     21       39
  AVERAGE         59                        43     16       48

PRECIPITATION (IN)
  YESTERDAY        0.07          1.81 2005   0.11  -0.04     0.00
  MONTH TO DATE    1.93                      1.82   0.11     0.91
  SINCE SEP 1      4.52                      5.14  -0.62     7.92
  SINCE JAN 1     33.18                     29.88   3.30    40.94

SNOWFALL (IN)
  YESTERDAY        0.0           0.1  1959   0.0    0.0      0.0
  MONTH TO DATE    0.0                       0.3   -0.3      0.0
  SINCE SEP 1      0.0                       0.4   -0.4      0.0
  SINCE JUL 1      0.0                       0.4   -0.4      0.0
  SNOW DEPTH       0

DEGREE DAYS
 HEATING
  YESTERDAY        6                        22    -16       17
  MONTH TO DATE  232                       303    -71      224
  SINCE SEP 1    526                       616    -90      481
  SINCE JUL 1    584                       770   -186      595

 COOLING
  YESTERDAY        0                         0      0        0
  MONTH TO DATE    1                         0      1        0
  SINCE SEP 1     25                        11     14       13
  SINCE JAN 1    266                       180     86      192
..................................................................


WIND (MPH)
  HIGHEST WIND SPEED    14   HIGHEST WIND DIRECTION    SE (140)
  HIGHEST GUST SPEED    18   HIGHEST GUST DIRECTION    SE (140)
  AVERAGE WIND SPEED     8.2


SKY COVER
  POSSIBLE SUNSHINE  MM
  AVERAGE SKY COVER 1.0


WEATHER CONDITIONS
 THE FOLLOWING WEATHER WAS RECORDED YESTERDAY.
  LIGHT RAIN
  FOG


RELATIVE HUMIDITY (PERCENT)
 HIGHEST    93          1200 AM
 LOWEST     84           100 PM
 AVERAGE    89

..........................................................


THE CARIBOU ME CLIMATE NORMALS FOR TODAY
                         NORMAL    RECORD    YEAR
 MAXIMUM TEMPERATURE (F)   52        79      1947
 MINIMUM TEMPERATURE (F)   34        22      2009
                                             2000


SUNRISE AND SUNSET
OCTOBER 17 2014.......SUNRISE   653 AM EDT   SUNSET   541 PM EDT
OCTOBER 18 2014.......SUNRISE   654 AM EDT   SUNSET   540 PM EDT


-  INDICATES NEGATIVE NUMBERS.
R  INDICATES RECORD WAS SET OR TIED.
MM INDICATES DATA IS MISSING.
T  INDICATES TRACE AMOUNT.




$$
