520
CDUS41 KCAR 222027
CLICAR

CLIMATE REPORT
NATIONAL WEATHER SERVICE CARIBOU, ME
426 PM EDT SAT JUL 22 2017


...................................

...THE CARIBOU ME CLIMATE SUMMARY FOR JULY 22 2017...
VALID TODAY AS OF 0400 PM LOCAL TIME.

CLIMATE NORMAL PERIOD 1981 TO 2010
CLIMATE RECORD PERIOD 1939 TO 2017


WEATHER ITEM   OBSERVED TIME   RECORD YEAR NORMAL DEPARTURE LAST
                VALUE   (LST)  VALUE       VALUE  FROM      YEAR
                                                  NORMAL
..................................................................
TEMPERATURE (F)
 TODAY
  MAXIMUM         68    246 PM  89    1979  76     -8       85
  MINIMUM         53    430 AM  41    1992  56     -3       64
  AVERAGE         61                        66     -5       75

PRECIPITATION (IN)
  TODAY            0.00          2.42 1982   0.13  -0.13     0.17
  MONTH TO DATE    2.49                      2.95  -0.46     4.41
  SINCE JUN 1      6.88                      6.43   0.45     8.06
  SINCE JAN 1     23.45                     19.85   3.60    23.99

SNOWFALL (IN)
  TODAY            0.0           0.0  2002   0.0    0.0      0.0
                                      2001
  MONTH TO DATE    0.0                       0.0    0.0      0.0
  SINCE JUN 1      0.0                       0.0    0.0      0.0
  SINCE JUL 1      0.0                       0.0    0.0      0.0
  SNOW DEPTH       0

DEGREE DAYS
 HEATING
  TODAY            4                         2      2        0
  MONTH TO DATE   10                        46    -36       48
  SINCE JUN 1    142                       211    -69      192
  SINCE JUL 1     10                        46    -36       48

 COOLING
  TODAY            0                         3     -3       10
  MONTH TO DATE   73                        52     21       64
  SINCE JUN 1    118                        86     32      109
  SINCE JAN 1    124                        91     33      117
..................................................................


WIND (MPH)
  HIGHEST WIND SPEED    17   HIGHEST WIND DIRECTION    NW (330)
  HIGHEST GUST SPEED    23   HIGHEST GUST DIRECTION    NW (330)
  AVERAGE WIND SPEED     8.5


SKY COVER
  POSSIBLE SUNSHINE  MM
  AVERAGE SKY COVER 0.1


WEATHER CONDITIONS
 THE FOLLOWING WEATHER WAS RECORDED TODAY.
  LIGHT RAIN


RELATIVE HUMIDITY (PERCENT)
 HIGHEST    93           200 AM
 LOWEST     37           300 PM
 AVERAGE    65

..........................................................


THE CARIBOU ME CLIMATE NORMALS FOR TOMORROW
                         NORMAL    RECORD    YEAR
 MAXIMUM TEMPERATURE (F)   76        95      1952
 MINIMUM TEMPERATURE (F)   56        42      1997


SUNRISE AND SUNSET
JULY 22 2017..........SUNRISE   500 AM EDT   SUNSET   816 PM EDT
JULY 23 2017..........SUNRISE   501 AM EDT   SUNSET   815 PM EDT


-  INDICATES NEGATIVE NUMBERS.
R  INDICATES RECORD WAS SET OR TIED.
MM INDICATES DATA IS MISSING.
T  INDICATES TRACE AMOUNT.
...................................................................
THE CARIBOU ME 4 INCH UNDER SOD SOIL TEMPERATURES FOR JULY 22 2017

MAXIMUM 76F
MINIMUM 70F




$$
