170
CDUS41 KCAR 180618
CLICAR


CLIMATE REPORT
NATIONAL WEATHER SERVICE CARIBOU, ME
117 AM EST SAT FEB 18 2017


...................................

...THE CARIBOU ME CLIMATE SUMMARY FOR FEBRUARY 17 2017...

CLIMATE NORMAL PERIOD 1981 TO 2010
CLIMATE RECORD PERIOD 1939 TO 2017


WEATHER ITEM   OBSERVED TIME   RECORD YEAR NORMAL DEPARTURE LAST
                VALUE   (LST)  VALUE       VALUE  FROM      YEAR
                                                  NORMAL
..................................................................
TEMPERATURE (F)
 YESTERDAY
  MAXIMUM         32    212 PM  48    2016  25      7       48
  MINIMUM         16   1159 PM -23    2004   5     11       22
  AVERAGE         24                        15      9       35

PRECIPITATION (IN)
  YESTERDAY        0.00          0.92 2006   0.08  -0.08     0.04
  MONTH TO DATE    1.46                      1.33   0.13     1.80
  SINCE DEC 1      9.11                      7.31   1.80     8.10
  SINCE JAN 1      4.91                      4.04   0.87     3.22

SNOWFALL (IN)
  YESTERDAY        0.0          10.1  1955   0.8   -0.8      0.0
  MONTH TO DATE   15.5                      13.7    1.8     10.3
  SINCE DEC 1     76.1                      61.8   14.3     49.3
  SINCE JUL 1     96.3                      74.0   22.3     53.4
  SNOW DEPTH      31

DEGREE DAYS
 HEATING
  YESTERDAY       41                        50     -9       30
  MONTH TO DATE  959                       894     65      834
  SINCE DEC 1   3900                      4043   -143     3413
  SINCE JUL 1   5587                      6188   -601     5231

 COOLING
  YESTERDAY        0                         0      0        0
  MONTH TO DATE    0                         0      0        0
  SINCE DEC 1      0                         0      0        0
  SINCE JAN 1      0                         0      0        0
..................................................................


WIND (MPH)
  HIGHEST WIND SPEED    25   HIGHEST WIND DIRECTION    NW (310)
  HIGHEST GUST SPEED    39   HIGHEST GUST DIRECTION    NW (310)
  AVERAGE WIND SPEED    15.1


SKY COVER
  POSSIBLE SUNSHINE  MM
  AVERAGE SKY COVER 0.2


WEATHER CONDITIONS
 THE FOLLOWING WEATHER WAS RECORDED YESTERDAY.
  NO SIGNIFICANT WEATHER WAS OBSERVED.


RELATIVE HUMIDITY (PERCENT)
 HIGHEST    74           600 AM
 LOWEST     49           400 PM
 AVERAGE    62

..........................................................


THE CARIBOU ME CLIMATE NORMALS FOR TODAY
                         NORMAL    RECORD    YEAR
 MAXIMUM TEMPERATURE (F)   25        52      1981
 MINIMUM TEMPERATURE (F)    5       -27      1967


SUNRISE AND SUNSET
FEBRUARY 18 2017......SUNRISE   631 AM EST   SUNSET   502 PM EST
FEBRUARY 19 2017......SUNRISE   629 AM EST   SUNSET   503 PM EST


-  INDICATES NEGATIVE NUMBERS.
R  INDICATES RECORD WAS SET OR TIED.
MM INDICATES DATA IS MISSING.
T  INDICATES TRACE AMOUNT.




$$
