000
CDUS41 KCAR 110543
CLICAR


CLIMATE REPORT
NATIONAL WEATHER SERVICE CARIBOU, ME
1239 AM EST SAT NOV 11 2017


...................................

...THE CARIBOU ME CLIMATE SUMMARY FOR NOVEMBER 10 2017...

CLIMATE NORMAL PERIOD 1981 TO 2010
CLIMATE RECORD PERIOD 1939 TO 2017


WEATHER ITEM   OBSERVED TIME   RECORD YEAR NORMAL DEPARTURE LAST
                VALUE   (LST)  VALUE       VALUE  FROM      YEAR
                                                  NORMAL
..................................................................
TEMPERATURE (F)
 YESTERDAY
  MAXIMUM         39    549 AM  63    1948  41     -2       43
  MINIMUM         18   1134 PM   7    1965  27     -9       29
  AVERAGE         29                        34     -5       36

PRECIPITATION (IN)
  YESTERDAY        0.12          0.79 1962   0.12   0.00     0.00
  MONTH TO DATE    1.63                      1.23   0.40     0.36
  SINCE SEP 1     10.99                      8.08   2.91     5.38
  SINCE JAN 1     36.85                     32.82   4.03    36.49

SNOWFALL (IN)
  YESTERDAY        T             2.7  2013   0.3   -0.3      0.0
  MONTH TO DATE    T                         2.1   -2.1       T
  SINCE SEP 1      T                         3.8   -3.8       T
  SINCE JUL 1      T                         3.8   -3.8       T
  SNOW DEPTH       0

DEGREE DAYS
 HEATING
  YESTERDAY       36                        31      5       29
  MONTH TO DATE  270                       293    -23      272
  SINCE SEP 1    830                      1279   -449     1043
  SINCE JUL 1    954                      1433   -479     1123

 COOLING
  YESTERDAY        0                         0      0        0
  MONTH TO DATE    0                         0      0        0
  SINCE SEP 1     35                        11     24       22
  SINCE JAN 1    222                       180     42      275
..................................................................


WIND (MPH)
  HIGHEST WIND SPEED    25   HIGHEST WIND DIRECTION     W (250)
  HIGHEST GUST SPEED    39   HIGHEST GUST DIRECTION    NW (300)
  AVERAGE WIND SPEED    15.5


SKY COVER
  POSSIBLE SUNSHINE  MM
  AVERAGE SKY COVER 0.8


WEATHER CONDITIONS
 THE FOLLOWING WEATHER WAS RECORDED YESTERDAY.
  THUNDERSTORM
  HEAVY RAIN
  LIGHT RAIN
  LIGHT SNOW
  FOG


RELATIVE HUMIDITY (PERCENT)
 HIGHEST    85           600 AM
 LOWEST     51           300 PM
 AVERAGE    68

..........................................................


THE CARIBOU ME CLIMATE NORMALS FOR TODAY
                         NORMAL    RECORD    YEAR
 MAXIMUM TEMPERATURE (F)   40        66      2002
 MINIMUM TEMPERATURE (F)   27         6      1965


SUNRISE AND SUNSET
NOVEMBER 11 2017......SUNRISE   629 AM EST   SUNSET   402 PM EST
NOVEMBER 12 2017......SUNRISE   631 AM EST   SUNSET   401 PM EST


-  INDICATES NEGATIVE NUMBERS.
R  INDICATES RECORD WAS SET OR TIED.
MM INDICATES DATA IS MISSING.
T  INDICATES TRACE AMOUNT.




$$
