465
CDUS41 KCAR 110533
CLICAR


CLIMATE REPORT
NATIONAL WEATHER SERVICE CARIBOU, ME
1232 AM EST THU FEB 11 2016


...................................

...THE CARIBOU ME CLIMATE SUMMARY FOR FEBRUARY 10 2016...

CLIMATE NORMAL PERIOD 1981 TO 2010
CLIMATE RECORD PERIOD 1939 TO 2016


WEATHER ITEM   OBSERVED TIME   RECORD YEAR NORMAL DEPARTURE LAST
                VALUE   (LST)  VALUE       VALUE  FROM      YEAR
                                                  NORMAL
..................................................................
TEMPERATURE (F)
 YESTERDAY
  MAXIMUM         23    559 PM  40    2012  22      1       11
                                      2001
  MINIMUM          0    656 AM -29    1948   3     -3        0
  AVERAGE         12                        12      0        6

PRECIPITATION (IN)
  YESTERDAY        0.01          1.09 2005   0.08  -0.07      T
  MONTH TO DATE    0.86                      0.79   0.07     0.29
  SINCE DEC 1      7.16                      6.77   0.39     9.07
  SINCE JAN 1      2.28                      3.50  -1.22     3.19

SNOWFALL (IN)
  YESTERDAY        0.5          12.8  1969   0.8   -0.3      0.2
  MONTH TO DATE    7.9                       8.0   -0.1      4.6
  SINCE DEC 1     46.9                      56.1   -9.2     65.4
  SINCE JUL 1     51.0                      68.3  -17.3     94.2
  SNOW DEPTH      11

DEGREE DAYS
 HEATING
  YESTERDAY       53                        52      1       59
  MONTH TO DATE  455                       535    -80      660
  SINCE DEC 1   3034                      3684   -650     3716
  SINCE JUL 1   4852                      5829   -977     5668

 COOLING
  YESTERDAY        0                         0      0        0
  MONTH TO DATE    0                         0      0        0
  SINCE DEC 1      0                         0      0        0
  SINCE JAN 1      0                         0      0        0
..................................................................


WIND (MPH)
  HIGHEST WIND SPEED     8   HIGHEST WIND DIRECTION    SE (120)
  HIGHEST GUST SPEED    12   HIGHEST GUST DIRECTION    SE (150)
  AVERAGE WIND SPEED     2.9


SKY COVER
  POSSIBLE SUNSHINE  MM
  AVERAGE SKY COVER 0.8


WEATHER CONDITIONS
 THE FOLLOWING WEATHER WAS RECORDED YESTERDAY.
  LIGHT SNOW
  FOG
  HAZE


RELATIVE HUMIDITY (PERCENT)
 HIGHEST    92          1000 AM
 LOWEST     68           100 PM
 AVERAGE    80

..........................................................


THE CARIBOU ME CLIMATE NORMALS FOR TODAY
                         NORMAL    RECORD    YEAR
 MAXIMUM TEMPERATURE (F)   23        51      1981
 MINIMUM TEMPERATURE (F)    3       -26      1975


SUNRISE AND SUNSET
FEBRUARY 11 2016......SUNRISE   643 AM EST   SUNSET   450 PM EST
FEBRUARY 12 2016......SUNRISE   642 AM EST   SUNSET   451 PM EST


-  INDICATES NEGATIVE NUMBERS.
R  INDICATES RECORD WAS SET OR TIED.
MM INDICATES DATA IS MISSING.
T  INDICATES TRACE AMOUNT.




$$
