000
CDUS41 KCAR 312027
CLICAR

CLIMATE REPORT
NATIONAL WEATHER SERVICE CARIBOU, ME
425 PM EDT SUN MAY 31 2015


...................................

...THE CARIBOU ME CLIMATE SUMMARY FOR MAY 31 2015...
VALID TODAY AS OF 0400 PM LOCAL TIME.

CLIMATE NORMAL PERIOD 1981 TO 2010
CLIMATE RECORD PERIOD 1939 TO 2015


WEATHER ITEM   OBSERVED TIME   RECORD YEAR NORMAL DEPARTURE LAST
                VALUE   (LST)  VALUE       VALUE  FROM      YEAR
                                                  NORMAL
..................................................................
TEMPERATURE (F)
 TODAY
  MAXIMUM         68   1209 AM  87    2013  68      0       73
                                      1999
  MINIMUM         48    649 AM  32    1946  45      3       47
  AVERAGE         58                        56      2       60

PRECIPITATION (IN)
  TODAY            0.12          1.21 1984   0.11   0.01     0.00
  MONTH TO DATE    2.75                      3.33  -0.58     3.17
  SINCE MAR 1      6.75                      8.50  -1.75    10.98
  SINCE JAN 1     10.85                     13.42  -2.57    17.20

SNOWFALL (IN)
  TODAY            0.0           0.0  2003   0.0    0.0      0.0
                                      2002
  MONTH TO DATE    0.3                       0.5   -0.2      0.0
  SINCE MAR 1     33.8                      26.2    7.6     51.3
  SINCE JUL 1    142.1                     108.7   33.4    150.7
  SNOW DEPTH       0

DEGREE DAYS
 HEATING
  TODAY            7                         9     -2        5
  MONTH TO DATE  301                       423   -122      390
  SINCE MAR 1   2548                      2468     80     2758
  SINCE JUL 1   9289                      9189    100     9412

 COOLING
  TODAY            0                         0      0        0
  MONTH TO DATE   21                         5     16        3
  SINCE MAR 1     21                         5     16        3
  SINCE JAN 1     21                         5     16        3
..................................................................


WIND (MPH)
  HIGHEST WIND SPEED    21   HIGHEST WIND DIRECTION    NW (330)
  HIGHEST GUST SPEED    30   HIGHEST GUST DIRECTION     N (340)
  AVERAGE WIND SPEED    11.6


SKY COVER
  POSSIBLE SUNSHINE  MM
  AVERAGE SKY COVER 0.7


WEATHER CONDITIONS
 THE FOLLOWING WEATHER WAS RECORDED TODAY.
  RAIN
  LIGHT RAIN
  FOG


RELATIVE HUMIDITY (PERCENT)
 HIGHEST    93          1200 AM
 LOWEST     40           300 PM
 AVERAGE    67

..........................................................


THE CARIBOU ME CLIMATE NORMALS FOR TOMORROW
                         NORMAL    RECORD    YEAR
 MAXIMUM TEMPERATURE (F)   68        87      1995
 MINIMUM TEMPERATURE (F)   45        31      1946


SUNRISE AND SUNSET
MAY 31 2015...........SUNRISE   442 AM EDT   SUNSET   818 PM EDT
JUNE  1 2015..........SUNRISE   442 AM EDT   SUNSET   819 PM EDT


-  INDICATES NEGATIVE NUMBERS.
R  INDICATES RECORD WAS SET OR TIED.
MM INDICATES DATA IS MISSING.
T  INDICATES TRACE AMOUNT.

THE CARIBOU ME 4 INCH SOIL TEMPERATURES FOR MAY 31 2015

MAXIMUM SOIL TEMPERATURE (F): 67
MINIMUM SOIL TEMPERATURE (F): 62


$$
