000
CDUS41 KCAR 142026
CLICAR


CLIMATE REPORT
NATIONAL WEATHER SERVICE CARIBOU, ME
426 PM EDT SAT OCT 14 2017


...................................

...THE CARIBOU ME CLIMATE SUMMARY FOR OCTOBER 14 2017...
VALID TODAY AS OF 0400 PM LOCAL TIME.

CLIMATE NORMAL PERIOD 1981 TO 2010
CLIMATE RECORD PERIOD 1939 TO 2017


WEATHER ITEM   OBSERVED TIME   RECORD YEAR NORMAL DEPARTURE LAST
                VALUE   (LST)  VALUE       VALUE  FROM      YEAR
                                                  NORMAL
..................................................................
TEMPERATURE (F)
 TODAY
  MAXIMUM         63    259 PM  75    1995  53     10       48
  MINIMUM         49    501 AM  18    1972  35     14       31
  AVERAGE         56                        44     12       40

PRECIPITATION (IN)
  TODAY            0.03          1.15 1944   0.11  -0.08     0.00
  MONTH TO DATE    1.32                      1.59  -0.27     0.14
  SINCE SEP 1      4.45                      4.91  -0.46     2.62
  SINCE JAN 1     30.31                     29.65   0.66    33.73

SNOWFALL (IN)
  TODAY            0.0           0.3  1988   0.0    0.0      0.0
  MONTH TO DATE    0.0                       0.2   -0.2      0.0
  SINCE SEP 1      0.0                       0.3   -0.3      0.0
  SINCE JUL 1      0.0                       0.3   -0.3      0.0
  SNOW DEPTH       0

DEGREE DAYS
 HEATING
  TODAY            9                        21    -12       25
  MONTH TO DATE  179                       260    -81      197
  SINCE SEP 1    325                       573   -248      402
  SINCE JUL 1    449                       727   -278      482

 COOLING
  TODAY            0                         0      0        0
  MONTH TO DATE    0                         0      0        0
  SINCE SEP 1     34                        11     23       22
  SINCE JAN 1    221                       180     41      275
..................................................................


WIND (MPH)
  HIGHEST WIND SPEED    20   HIGHEST WIND DIRECTION     W (250)
  HIGHEST GUST SPEED    25   HIGHEST GUST DIRECTION     W (250)
  AVERAGE WIND SPEED    11.5


SKY COVER
  POSSIBLE SUNSHINE  MM
  AVERAGE SKY COVER 0.9


WEATHER CONDITIONS
 THE FOLLOWING WEATHER WAS RECORDED TODAY.
  LIGHT RAIN


RELATIVE HUMIDITY (PERCENT)
 HIGHEST    93           400 AM
 LOWEST     67          1100 AM
 AVERAGE    80

..........................................................


THE CARIBOU ME CLIMATE NORMALS FOR TOMORROW
                         NORMAL    RECORD    YEAR
 MAXIMUM TEMPERATURE (F)   52        74      2014
 MINIMUM TEMPERATURE (F)   35        21      2009


SUNRISE AND SUNSET
OCTOBER 14 2017.......SUNRISE   649 AM EDT   SUNSET   546 PM EDT
OCTOBER 15 2017.......SUNRISE   650 AM EDT   SUNSET   545 PM EDT


-  INDICATES NEGATIVE NUMBERS.
R  INDICATES RECORD WAS SET OR TIED.
MM INDICATES DATA IS MISSING.
T  INDICATES TRACE AMOUNT.




$$
