000
CDUS41 KCAR 180541
CLICAR


CLIMATE REPORT
NATIONAL WEATHER SERVICE CARIBOU, ME
138 AM EDT SAT OCT 18 2014


...................................

...THE CARIBOU ME CLIMATE SUMMARY FOR OCTOBER 17 2014...

CLIMATE NORMAL PERIOD 1981 TO 2010
CLIMATE RECORD PERIOD 1939 TO 2014


WEATHER ITEM   OBSERVED TIME   RECORD YEAR NORMAL DEPARTURE LAST
                VALUE   (LST)  VALUE       VALUE  FROM      YEAR
                                                  NORMAL
..................................................................
TEMPERATURE (F)
 YESTERDAY
  MAXIMUM         65    218 PM  79    1947  52     13       65
  MINIMUM         52   1003 PM  22    2009  34     18       47
                                      2000
  AVERAGE         59                        43     16       56

PRECIPITATION (IN)
  YESTERDAY        1.73R         1.32 1977   0.11   1.62     0.12
  MONTH TO DATE    3.66                      1.93   1.73     1.03
  SINCE SEP 1      6.25                      5.25   1.00     8.04
  SINCE JAN 1     34.91                     29.99   4.92    41.06

SNOWFALL (IN)
  YESTERDAY        0.0           4.9  1970   0.1   -0.1      0.0
  MONTH TO DATE    0.0                       0.4   -0.4      0.0
  SINCE SEP 1      0.0                       0.5   -0.5      0.0
  SINCE JUL 1      0.0                       0.5   -0.5      0.0
  SNOW DEPTH       0

DEGREE DAYS
 HEATING
  YESTERDAY        6                        22    -16        9
  MONTH TO DATE  238                       325    -87      233
  SINCE SEP 1    532                       638   -106      490
  SINCE JUL 1    590                       792   -202      604

 COOLING
  YESTERDAY        0                         0      0        0
  MONTH TO DATE    1                         0      1        0
  SINCE SEP 1     25                        11     14       13
  SINCE JAN 1    266                       180     86      192
..................................................................


WIND (MPH)
  HIGHEST WIND SPEED    26   HIGHEST WIND DIRECTION    SW (230)
  HIGHEST GUST SPEED    38   HIGHEST GUST DIRECTION    SW (220)
  AVERAGE WIND SPEED     8.1


SKY COVER
  POSSIBLE SUNSHINE  MM
  AVERAGE SKY COVER 0.8


WEATHER CONDITIONS
 THE FOLLOWING WEATHER WAS RECORDED YESTERDAY.
  HEAVY RAIN
  RAIN
  LIGHT RAIN
  FOG


RELATIVE HUMIDITY (PERCENT)
 HIGHEST    97           400 AM
 LOWEST     78           200 PM
 AVERAGE    88

..........................................................


THE CARIBOU ME CLIMATE NORMALS FOR TODAY
                         NORMAL    RECORD    YEAR
 MAXIMUM TEMPERATURE (F)   51        79      1968
 MINIMUM TEMPERATURE (F)   34        17      1972


SUNRISE AND SUNSET
OCTOBER 18 2014.......SUNRISE   654 AM EDT   SUNSET   540 PM EDT
OCTOBER 19 2014.......SUNRISE   656 AM EDT   SUNSET   538 PM EDT


-  INDICATES NEGATIVE NUMBERS.
R  INDICATES RECORD WAS SET OR TIED.
MM INDICATES DATA IS MISSING.
T  INDICATES TRACE AMOUNT.




$$
