000
CDUS41 KCAR 090534
CLICAR


CLIMATE REPORT
NATIONAL WEATHER SERVICE CARIBOU, ME
1231 AM EST MON JAN 9 2017


...................................

...THE CARIBOU ME CLIMATE SUMMARY FOR JANUARY 8 2017...

CLIMATE NORMAL PERIOD 1981 TO 2010
CLIMATE RECORD PERIOD 1939 TO 2017


WEATHER ITEM   OBSERVED TIME   RECORD YEAR NORMAL DEPARTURE LAST
                VALUE   (LST)  VALUE       VALUE  FROM      YEAR
                                                  NORMAL
..................................................................
TEMPERATURE (F)
 YESTERDAY
  MAXIMUM          7    245 PM  48    2008  20    -13       27
  MINIMUM         -5   1159 PM -23    1942   1     -6       15
  AVERAGE          1                        11    -10       21

PRECIPITATION (IN)
  YESTERDAY        0.03          0.95 1998   0.09  -0.06     0.00
  MONTH TO DATE    0.88                      0.72   0.16     0.10
  SINCE DEC 1      5.08                      3.99   1.09     4.98
  SINCE JAN 1      0.88                      0.72   0.16     0.10

SNOWFALL (IN)
  YESTERDAY        0.5           7.2  1998   0.8   -0.3      0.0
  MONTH TO DATE    8.0                       6.5    1.5      2.0
  SINCE DEC 1     49.2                      29.4   19.8     29.8
  SINCE JUL 1     69.4                      41.6   27.8     33.9
  SNOW DEPTH      29

DEGREE DAYS
 HEATING
  YESTERDAY       64                        54     10       44
  MONTH TO DATE  418                       429    -11      376
  SINCE DEC 1   1911                      1878     33     1498
  SINCE JUL 1   3598                      4023   -425     3316

 COOLING
  YESTERDAY        0                         0      0        0
  MONTH TO DATE    0                         0      0        0
  SINCE DEC 1      0                         0      0        0
  SINCE JAN 1      0                         0      0        0
..................................................................


WIND (MPH)
  HIGHEST WIND SPEED    20   HIGHEST WIND DIRECTION    NW (320)
  HIGHEST GUST SPEED    26   HIGHEST GUST DIRECTION    NW (330)
  AVERAGE WIND SPEED    11.7


SKY COVER
  POSSIBLE SUNSHINE  MM
  AVERAGE SKY COVER 0.5


WEATHER CONDITIONS
 THE FOLLOWING WEATHER WAS RECORDED YESTERDAY.
  LIGHT SNOW


RELATIVE HUMIDITY (PERCENT)
 HIGHEST    86           200 AM
 LOWEST     58           900 PM
 AVERAGE    72

..........................................................


THE CARIBOU ME CLIMATE NORMALS FOR TODAY
                         NORMAL    RECORD    YEAR
 MAXIMUM TEMPERATURE (F)   20        46      2008
                                             1978
 MINIMUM TEMPERATURE (F)    1       -26      1973


SUNRISE AND SUNSET
JANUARY  9 2017.......SUNRISE   716 AM EST   SUNSET   403 PM EST
JANUARY 10 2017.......SUNRISE   715 AM EST   SUNSET   404 PM EST


-  INDICATES NEGATIVE NUMBERS.
R  INDICATES RECORD WAS SET OR TIED.
MM INDICATES DATA IS MISSING.
T  INDICATES TRACE AMOUNT.




$$
