000
CDUS41 KCAR 090529
CLICAR


CLIMATE REPORT
NATIONAL WEATHER SERVICE CARIBOU, ME
1228 AM EST SAT DEC 9 2017


...................................

...THE CARIBOU ME CLIMATE SUMMARY FOR DECEMBER 8 2017...

CLIMATE NORMAL PERIOD 1981 TO 2010
CLIMATE RECORD PERIOD 1939 TO 2017


WEATHER ITEM   OBSERVED TIME   RECORD YEAR NORMAL DEPARTURE LAST
                VALUE   (LST)  VALUE       VALUE  FROM      YEAR
                                                  NORMAL
..................................................................
TEMPERATURE (F)
 YESTERDAY
  MAXIMUM         33    132 PM  47    1951  29      4       33
  MINIMUM         23   1125 PM -13    1964  14      9       20
  AVERAGE         28                        22      6       27

PRECIPITATION (IN)
  YESTERDAY        0.01          0.60 2004   0.12  -0.11      T
  MONTH TO DATE    0.89                      0.93  -0.04     1.28
  SINCE DEC 1      0.89                      0.93  -0.04     1.28
  SINCE JAN 1     39.78                     36.15   3.63    41.04

SNOWFALL (IN)
  YESTERDAY        0.3           8.2  2011   0.7   -0.4       T
  MONTH TO DATE    1.0                       5.2   -4.2     13.9
  SINCE DEC 1      1.0                       5.2   -4.2     13.9
  SINCE JUL 1      4.9                      17.4  -12.5     34.1
  SNOW DEPTH       T

DEGREE DAYS
 HEATING
  YESTERDAY       37                        43     -6       38
  MONTH TO DATE  272                       335    -63      345
  SINCE DEC 1    272                       335    -63      345
  SINCE JUL 1   1976                      2480   -504     2032

 COOLING
  YESTERDAY        0                         0      0        0
  MONTH TO DATE    0                         0      0        0
  SINCE DEC 1      0                         0      0        0
  SINCE JAN 1    222                       180     42      275
..................................................................


WIND (MPH)
  HIGHEST WIND SPEED    17   HIGHEST WIND DIRECTION     W (250)
  HIGHEST GUST SPEED    24   HIGHEST GUST DIRECTION    SW (230)
  AVERAGE WIND SPEED     6.9


SKY COVER
  POSSIBLE SUNSHINE  MM
  AVERAGE SKY COVER 0.7


WEATHER CONDITIONS
 THE FOLLOWING WEATHER WAS RECORDED YESTERDAY.
  LIGHT SNOW
  FOG


RELATIVE HUMIDITY (PERCENT)
 HIGHEST    92           100 AM
 LOWEST     47           200 PM
 AVERAGE    70

..........................................................


THE CARIBOU ME CLIMATE NORMALS FOR TODAY
                         NORMAL    RECORD    YEAR
 MAXIMUM TEMPERATURE (F)   29        47      1974
 MINIMUM TEMPERATURE (F)   14       -16      1986


SUNRISE AND SUNSET
DECEMBER  9 2017......SUNRISE   706 AM EST   SUNSET   343 PM EST
DECEMBER 10 2017......SUNRISE   706 AM EST   SUNSET   343 PM EST


-  INDICATES NEGATIVE NUMBERS.
R  INDICATES RECORD WAS SET OR TIED.
MM INDICATES DATA IS MISSING.
T  INDICATES TRACE AMOUNT.




$$
