000
CDUS41 KCAR 210530
CLICAR


CLIMATE REPORT
NATIONAL WEATHER SERVICE CARIBOU, ME
130 AM EDT MON JUL 21 2014


...................................

...THE CARIBOU ME CLIMATE SUMMARY FOR JULY 20 2014...

CLIMATE NORMAL PERIOD 1981 TO 2010
CLIMATE RECORD PERIOD 1939 TO 2014


WEATHER ITEM   OBSERVED TIME   RECORD YEAR NORMAL DEPARTURE LAST
                VALUE   (LST)  VALUE       VALUE  FROM      YEAR
                                                  NORMAL
..................................................................
TEMPERATURE (F)
 YESTERDAY
  MAXIMUM         80    121 PM  95    1991  76      4       80
  MINIMUM         58    424 AM  40    1943  56      2       55
  AVERAGE         69                        66      3       68

PRECIPITATION (IN)
  YESTERDAY        T             1.31 1980   0.13  -0.13     0.03
  MONTH TO DATE    4.70                      2.70   2.00     5.07
  SINCE JUN 1      7.31                      6.18   1.13    11.13
  SINCE JAN 1     24.51                     19.60   4.91    25.15

SNOWFALL (IN)
  YESTERDAY        0.0           0.0  2002   0.0    0.0      0.0
                                      2001
  MONTH TO DATE    0.0                       0.0    0.0      0.0
  SINCE JUN 1      0.0                       0.0    0.0      0.0
  SINCE JUL 1      0.0                       0.0    0.0      0.0
  SNOW DEPTH       0

DEGREE DAYS
 HEATING
  YESTERDAY        0                         2     -2        0
  MONTH TO DATE   17                        42    -25        3
  SINCE JUN 1    106                       207   -101      181
  SINCE JUL 1     17                        42    -25        3

 COOLING
  YESTERDAY        4                         3      1        3
  MONTH TO DATE   94                        46     48      118
  SINCE JUN 1    130                        80     50      141
  SINCE JAN 1    133                        85     48      149
..................................................................


WIND (MPH)
  HIGHEST WIND SPEED    13   HIGHEST WIND DIRECTION     S (160)
  HIGHEST GUST SPEED    16   HIGHEST GUST DIRECTION    SE (150)
  AVERAGE WIND SPEED     3.0


SKY COVER
  POSSIBLE SUNSHINE  MM
  AVERAGE SKY COVER 0.1


WEATHER CONDITIONS
 THE FOLLOWING WEATHER WAS RECORDED YESTERDAY.
  LIGHT RAIN
  FOG


RELATIVE HUMIDITY (PERCENT)
 HIGHEST    93           400 AM
 LOWEST     45           200 PM
 AVERAGE    69

..........................................................


THE CARIBOU ME CLIMATE NORMALS FOR TODAY
                         NORMAL    RECORD    YEAR
 MAXIMUM TEMPERATURE (F)   76        90      1994
 MINIMUM TEMPERATURE (F)   56        44      1992
                                             1989


SUNRISE AND SUNSET
JULY 21 2014..........SUNRISE   459 AM EDT   SUNSET   817 PM EDT
JULY 22 2014..........SUNRISE   500 AM EDT   SUNSET   816 PM EDT


-  INDICATES NEGATIVE NUMBERS.
R  INDICATES RECORD WAS SET OR TIED.
MM INDICATES DATA IS MISSING.
T  INDICATES TRACE AMOUNT.




$$
