000
CDUS41 KCAR 300527
CLICAR


CLIMATE REPORT
NATIONAL WEATHER SERVICE CARIBOU, ME
127 AM EDT WED JUL 30 2014


...................................

...THE CARIBOU ME CLIMATE SUMMARY FOR JULY 29 2014...

CLIMATE NORMAL PERIOD 1981 TO 2010
CLIMATE RECORD PERIOD 1939 TO 2014


WEATHER ITEM   OBSERVED TIME   RECORD YEAR NORMAL DEPARTURE LAST
                VALUE   (LST)  VALUE       VALUE  FROM      YEAR
                                                  NORMAL
..................................................................
TEMPERATURE (F)
 YESTERDAY
  MAXIMUM         71    421 PM  89    1990  76     -5       69
                                      1970
  MINIMUM         54   1159 PM  43    1996  55     -1       58
                                      1987
  AVERAGE         63                        66     -3       64

PRECIPITATION (IN)
  YESTERDAY        0.93          1.13 1958   0.12   0.81     0.24
  MONTH TO DATE    7.02                      3.84   3.18     7.14
  SINCE JUN 1      9.63                      7.32   2.31    13.20
  SINCE JAN 1     26.83                     20.74   6.09    27.22

SNOWFALL (IN)
  YESTERDAY        0.0           0.0  2002   0.0    0.0      0.0
                                      2001
  MONTH TO DATE    0.0                       0.0    0.0      0.0
  SINCE JUN 1      0.0                       0.0    0.0      0.0
  SINCE JUL 1      0.0                       0.0    0.0      0.0
  SNOW DEPTH       0

DEGREE DAYS
 HEATING
  YESTERDAY        2                         2      0        1
  MONTH TO DATE   22                        60    -38       28
  SINCE JUN 1    111                       225   -114      206
  SINCE JUL 1     22                        60    -38       28

 COOLING
  YESTERDAY        0                         3     -3        0
  MONTH TO DATE  127                        73     54      119
  SINCE JUN 1    163                       107     56      142
  SINCE JAN 1    166                       112     54      150
..................................................................


WIND (MPH)
  HIGHEST WIND SPEED    18   HIGHEST WIND DIRECTION    SW (240)
  HIGHEST GUST SPEED    24   HIGHEST GUST DIRECTION     W (260)
  AVERAGE WIND SPEED     7.4


SKY COVER
  POSSIBLE SUNSHINE  MM
  AVERAGE SKY COVER 0.7


WEATHER CONDITIONS
 THE FOLLOWING WEATHER WAS RECORDED YESTERDAY.
  HEAVY RAIN
  RAIN
  LIGHT RAIN
  FOG


RELATIVE HUMIDITY (PERCENT)
 HIGHEST   100          1200 AM
 LOWEST     57           500 PM
 AVERAGE    79

..........................................................


THE CARIBOU ME CLIMATE NORMALS FOR TODAY
                         NORMAL    RECORD    YEAR
 MAXIMUM TEMPERATURE (F)   76        90      1988
                                             1959
 MINIMUM TEMPERATURE (F)   55        40      1952


SUNRISE AND SUNSET
JULY 30 2014..........SUNRISE   509 AM EDT   SUNSET   807 PM EDT
JULY 31 2014..........SUNRISE   511 AM EDT   SUNSET   806 PM EDT


-  INDICATES NEGATIVE NUMBERS.
R  INDICATES RECORD WAS SET OR TIED.
MM INDICATES DATA IS MISSING.
T  INDICATES TRACE AMOUNT.




$$
