000
CDUS41 KCAR 200541
CLICAR


CLIMATE REPORT
NATIONAL WEATHER SERVICE CARIBOU, ME
137 AM EDT MON MAR 20 2017


...................................

...THE CARIBOU ME CLIMATE SUMMARY FOR MARCH 19 2017...

CLIMATE NORMAL PERIOD 1981 TO 2010
CLIMATE RECORD PERIOD 1939 TO 2017


WEATHER ITEM   OBSERVED TIME   RECORD YEAR NORMAL DEPARTURE LAST
                VALUE   (LST)  VALUE       VALUE  FROM      YEAR
                                                  NORMAL
..................................................................
TEMPERATURE (F)
 YESTERDAY
  MAXIMUM         43    217 PM  55    1968  35      8       24
  MINIMUM          5    538 AM -12    1993  16    -11        7
  AVERAGE         24                        26     -2       16

PRECIPITATION (IN)
  YESTERDAY        0.00          0.78 1991   0.08  -0.08     0.00
  MONTH TO DATE    2.05                      1.53   0.52     2.12
  SINCE MAR 1      2.05                      1.53   0.52     2.12
  SINCE JAN 1      7.67                      6.45   1.22     7.59

SNOWFALL (IN)
  YESTERDAY        0.0           4.7  1981   0.6   -0.6      0.0
  MONTH TO DATE   16.9                      12.7    4.2     15.2
  SINCE MAR 1     16.9                      12.7    4.2     15.2
  SINCE JUL 1    113.5                      95.2   18.3     75.2
  SNOW DEPTH      27

DEGREE DAYS
 HEATING
  YESTERDAY       41                        39      2       49
  MONTH TO DATE  901                       815     86      797
  SINCE MAR 1    901                       815     86      797
  SINCE JUL 1   6882                      7536   -654     6539

 COOLING
  YESTERDAY        0                         0      0        0
  MONTH TO DATE    0                         0      0        0
  SINCE MAR 1      0                         0      0        0
  SINCE JAN 1      0                         0      0        0
..................................................................


WIND (MPH)
  HIGHEST WIND SPEED    10   HIGHEST WIND DIRECTION     N (10)
  HIGHEST GUST SPEED    14   HIGHEST GUST DIRECTION    SE (120)
  AVERAGE WIND SPEED     2.9


SKY COVER
  POSSIBLE SUNSHINE  MM
  AVERAGE SKY COVER 0.0


WEATHER CONDITIONS
 THE FOLLOWING WEATHER WAS RECORDED YESTERDAY.
  NO SIGNIFICANT WEATHER WAS OBSERVED.


RELATIVE HUMIDITY (PERCENT)
 HIGHEST    92           300 AM
 LOWEST     19           300 PM
 AVERAGE    56

..........................................................


THE CARIBOU ME CLIMATE NORMALS FOR TODAY
                         NORMAL    RECORD    YEAR
 MAXIMUM TEMPERATURE (F)   35        73      2012
 MINIMUM TEMPERATURE (F)   17        -9      1955


SUNRISE AND SUNSET
MARCH 20 2017.........SUNRISE   635 AM EDT   SUNSET   645 PM EDT
MARCH 21 2017.........SUNRISE   633 AM EDT   SUNSET   646 PM EDT


-  INDICATES NEGATIVE NUMBERS.
R  INDICATES RECORD WAS SET OR TIED.
MM INDICATES DATA IS MISSING.
T  INDICATES TRACE AMOUNT.




$$
