000
CDUS41 KCAR 160527
CLICAR


CLIMATE REPORT
NATIONAL WEATHER SERVICE CARIBOU, ME
126 AM EDT SAT SEP 16 2017


...................................

...THE CARIBOU ME CLIMATE SUMMARY FOR SEPTEMBER 15 2017...

CLIMATE NORMAL PERIOD 1981 TO 2010
CLIMATE RECORD PERIOD 1939 TO 2017


WEATHER ITEM   OBSERVED TIME   RECORD YEAR NORMAL DEPARTURE LAST
                VALUE   (LST)  VALUE       VALUE  FROM      YEAR
                                                  NORMAL
..................................................................
TEMPERATURE (F)
 YESTERDAY
  MAXIMUM         74    310 PM  84    2003  66      8       64
  MINIMUM         47    537 AM  28    1959  45      2       41
                                      1952
  AVERAGE         61                        55      6       53

PRECIPITATION (IN)
  YESTERDAY        0.00          0.96 1961   0.11  -0.11     0.00
  MONTH TO DATE    2.84                      1.59   1.25     1.17
  SINCE SEP 1      2.84                      1.59   1.25     1.17
  SINCE JAN 1     28.70                     26.33   2.37    32.28

SNOWFALL (IN)
  YESTERDAY        0.0           0.0  2002   0.0    0.0      0.0
                                      2001
  MONTH TO DATE    0.0                       0.0    0.0      0.0
  SINCE SEP 1      0.0                       0.0    0.0      0.0
  SINCE JUL 1      0.0                       0.0    0.0      0.0
  SNOW DEPTH       0

DEGREE DAYS
 HEATING
  YESTERDAY        4                        10     -6       12
  MONTH TO DATE   78                       117    -39       41
  SINCE SEP 1     78                       117    -39       41
  SINCE JUL 1    202                       271    -69      121

 COOLING
  YESTERDAY        0                         0      0        0
  MONTH TO DATE    6                        10     -4       19
  SINCE SEP 1      6                        10     -4       19
  SINCE JAN 1    193                       179     14      272
..................................................................


WIND (MPH)
  HIGHEST WIND SPEED     9   HIGHEST WIND DIRECTION     N (350)
  HIGHEST GUST SPEED    12   HIGHEST GUST DIRECTION     N (340)
  AVERAGE WIND SPEED     1.9


SKY COVER
  POSSIBLE SUNSHINE  MM
  AVERAGE SKY COVER 0.0


WEATHER CONDITIONS
 THE FOLLOWING WEATHER WAS RECORDED YESTERDAY.
  NO SIGNIFICANT WEATHER WAS OBSERVED.


RELATIVE HUMIDITY (PERCENT)
 HIGHEST    86           500 AM
 LOWEST     38           200 PM
 AVERAGE    62

..........................................................


THE CARIBOU ME CLIMATE NORMALS FOR TODAY
                         NORMAL    RECORD    YEAR
 MAXIMUM TEMPERATURE (F)   65        88      1939
 MINIMUM TEMPERATURE (F)   44        29      1959


SUNRISE AND SUNSET
SEPTEMBER 16 2017.....SUNRISE   611 AM EDT   SUNSET   641 PM EDT
SEPTEMBER 17 2017.....SUNRISE   613 AM EDT   SUNSET   639 PM EDT


-  INDICATES NEGATIVE NUMBERS.
R  INDICATES RECORD WAS SET OR TIED.
MM INDICATES DATA IS MISSING.
T  INDICATES TRACE AMOUNT.




$$
