384
CDUS41 KCAR 142128
CLICAR


CLIMATE REPORT
NATIONAL WEATHER SERVICE CARIBOU, ME
428 PM EST TUE NOV 14 2017


...................................

...THE CARIBOU ME CLIMATE SUMMARY FOR NOVEMBER 14 2017...
VALID TODAY AS OF 0400 PM LOCAL TIME.

CLIMATE NORMAL PERIOD 1981 TO 2010
CLIMATE RECORD PERIOD 1939 TO 2017


WEATHER ITEM   OBSERVED TIME   RECORD YEAR NORMAL DEPARTURE LAST
                VALUE   (LST)  VALUE       VALUE  FROM      YEAR
                                                  NORMAL
..................................................................
TEMPERATURE (F)
 TODAY
  MAXIMUM         34    106 PM  60    1951  39     -5       53
  MINIMUM         30    359 PM   4    1986  26      4       36
  AVERAGE         32                        32      0       45

PRECIPITATION (IN)
  TODAY            0.00          2.22 2006   0.12  -0.12     0.00
  MONTH TO DATE    1.63                      1.69  -0.06     0.49
  SINCE SEP 1     10.99                      8.54   2.45     5.51
  SINCE JAN 1     36.85                     33.28   3.57    36.62

SNOWFALL (IN)
  TODAY            0.0           2.3  1973   0.3   -0.3      0.0
  MONTH TO DATE    T                         3.3   -3.3       T
  SINCE SEP 1      T                         5.0   -5.0       T
  SINCE JUL 1      T                         5.0   -5.0       T
  SNOW DEPTH       0

DEGREE DAYS
 HEATING
  TODAY           33                        33      0       20
  MONTH TO DATE  423                       422      1      373
  SINCE SEP 1    983                      1408   -425     1144
  SINCE JUL 1   1107                      1562   -455     1224

 COOLING
  TODAY            0                         0      0        0
  MONTH TO DATE    0                         0      0        0
  SINCE SEP 1     35                        11     24       22
  SINCE JAN 1    222                       180     42      275
..................................................................


WIND (MPH)
  HIGHEST WIND SPEED    14   HIGHEST WIND DIRECTION     N (10)
  HIGHEST GUST SPEED    18   HIGHEST GUST DIRECTION     N (10)
  AVERAGE WIND SPEED     7.3


SKY COVER
  POSSIBLE SUNSHINE  MM
  AVERAGE SKY COVER 0.9


WEATHER CONDITIONS
 THE FOLLOWING WEATHER WAS RECORDED TODAY.
  NO SIGNIFICANT WEATHER WAS OBSERVED.


RELATIVE HUMIDITY (PERCENT)
 HIGHEST    72           600 AM
 LOWEST     51          1200 PM
 AVERAGE    62

..........................................................


THE CARIBOU ME CLIMATE NORMALS FOR TOMORROW
                         NORMAL    RECORD    YEAR
 MAXIMUM TEMPERATURE (F)   39        60      2008
 MINIMUM TEMPERATURE (F)   25         8      1971


SUNRISE AND SUNSET
NOVEMBER 14 2017......SUNRISE   634 AM EST   SUNSET   359 PM EST
NOVEMBER 15 2017......SUNRISE   635 AM EST   SUNSET   358 PM EST


-  INDICATES NEGATIVE NUMBERS.
R  INDICATES RECORD WAS SET OR TIED.
MM INDICATES DATA IS MISSING.
T  INDICATES TRACE AMOUNT.




$$
