000
CDUS41 KCAR 210527
CLICAR


CLIMATE REPORT
NATIONAL WEATHER SERVICE CARIBOU, ME
126 AM EDT SUN AUG 21 2016


...................................

...THE CARIBOU ME CLIMATE SUMMARY FOR AUGUST 20 2016...

CLIMATE NORMAL PERIOD 1981 TO 2010
CLIMATE RECORD PERIOD 1939 TO 2016


WEATHER ITEM   OBSERVED TIME   RECORD YEAR NORMAL DEPARTURE LAST
                VALUE   (LST)  VALUE       VALUE  FROM      YEAR
                                                  NORMAL
..................................................................
TEMPERATURE (F)
 YESTERDAY
  MAXIMUM         74    200 PM  87    1945  74      0       82
  MINIMUM         51    246 AM  38    1990  52     -1       68
  AVERAGE         63                        63      0       75

PRECIPITATION (IN)
  YESTERDAY        0.00          1.60 1960   0.12  -0.12     0.00
  MONTH TO DATE    4.22                      2.50   1.72     2.30
  SINCE JUN 1     13.51                     10.06   3.45     9.74
  SINCE JAN 1     29.44                     23.48   5.96    20.59

SNOWFALL (IN)
  YESTERDAY        0.0           0.0  2002   0.0    0.0      0.0
                                      2001
  MONTH TO DATE    0.0                       0.0    0.0      0.0
  SINCE JUN 1      0.0                       0.0    0.0      0.0
  SINCE JUL 1      0.0                       0.0    0.0      0.0
  SNOW DEPTH       0

DEGREE DAYS
 HEATING
  YESTERDAY        2                         3     -1        0
  MONTH TO DATE   21                        47    -26       10
  SINCE JUN 1    213                       270    -57      287
  SINCE JUL 1     69                       105    -36       75

 COOLING
  YESTERDAY        0                         1     -1       10
  MONTH TO DATE   57                        40     17       78
  SINCE JUN 1    211                       151     60      140
  SINCE JAN 1    219                       156     63      161
..................................................................


WIND (MPH)
  HIGHEST WIND SPEED    14   HIGHEST WIND DIRECTION     S (160)
  HIGHEST GUST SPEED    18   HIGHEST GUST DIRECTION    SE (150)
  AVERAGE WIND SPEED     5.8


SKY COVER
  POSSIBLE SUNSHINE  MM
  AVERAGE SKY COVER 0.3


WEATHER CONDITIONS
 THE FOLLOWING WEATHER WAS RECORDED YESTERDAY.
  FOG
  FOG W/VISIBILITY <= 1/4 MILE


RELATIVE HUMIDITY (PERCENT)
 HIGHEST   100           400 AM
 LOWEST     57           200 PM
 AVERAGE    79

..........................................................


THE CARIBOU ME CLIMATE NORMALS FOR TODAY
                         NORMAL    RECORD    YEAR
 MAXIMUM TEMPERATURE (F)   74        93      1976
 MINIMUM TEMPERATURE (F)   52        38      2007
                                             1957


SUNRISE AND SUNSET
AUGUST 21 2016........SUNRISE   538 AM EDT   SUNSET   731 PM EDT
AUGUST 22 2016........SUNRISE   539 AM EDT   SUNSET   729 PM EDT


-  INDICATES NEGATIVE NUMBERS.
R  INDICATES RECORD WAS SET OR TIED.
MM INDICATES DATA IS MISSING.
T  INDICATES TRACE AMOUNT.

---------------------------------------------------------------------
THE CARIBOU ME 4-INCH UNDER SOD SOIL TEMP AUG 20 2016:

MAXIMUM SOIL TEMPERATURE: 70F
MINIMUM SOIL TEMPERATURE: 65F


$$
