000
CDUS41 KCAR 300539
CLICAR

CLIMATE REPORT
NATIONAL WEATHER SERVICE CARIBOU, ME
128 AM EDT SAT AUG 30 2014


...................................

...THE CARIBOU ME CLIMATE SUMMARY FOR AUGUST 29 2014...

CLIMATE NORMAL PERIOD 1981 TO 2010
CLIMATE RECORD PERIOD 1939 TO 2014


WEATHER ITEM   OBSERVED TIME   RECORD YEAR NORMAL DEPARTURE LAST
                VALUE   (LST)  VALUE       VALUE  FROM      YEAR
                                                  NORMAL
..................................................................
TEMPERATURE (F)
 YESTERDAY
  MAXIMUM         73    425 PM  92    2010  72      1       67
                                      1977
  MINIMUM         44    518 AM  35    1986  50     -6       47
  AVERAGE         59                        61     -2       57

PRECIPITATION (IN)
  YESTERDAY        0.00          1.21 1967   0.12  -0.12     0.00
  MONTH TO DATE    1.68                      3.54  -1.86     5.57
  SINCE JUN 1     11.35                     11.10   0.25    18.90
  SINCE JAN 1     28.55                     24.52   4.03    32.92

SNOWFALL (IN)
  YESTERDAY        0.0           0.0  2002   0.0    0.0      0.0
                                      2001
  MONTH TO DATE    0.0                       0.0    0.0      0.0
  SINCE JUN 1      0.0                       0.0    0.0      0.0
  SINCE JUL 1      0.0                       0.0    0.0      0.0
  SNOW DEPTH       0

DEGREE DAYS
 HEATING
  YESTERDAY        6                         5      1        8
  MONTH TO DATE   31                        85    -54       79
  SINCE JUN 1    144                       308   -164      285
  SINCE JUL 1     55                       143    -88      107

 COOLING
  YESTERDAY        0                         1     -1        0
  MONTH TO DATE   72                        49     23       28
  SINCE JUN 1    238                       160     78      170
  SINCE JAN 1    241                       165     76      178
..................................................................


WIND (MPH)
  HIGHEST WIND SPEED    15   HIGHEST WIND DIRECTION     N (360)
  HIGHEST GUST SPEED    20   HIGHEST GUST DIRECTION     N (10)
  AVERAGE WIND SPEED     4.8


SKY COVER
  POSSIBLE SUNSHINE  MM
  AVERAGE SKY COVER 0.0


WEATHER CONDITIONS
 THE FOLLOWING WEATHER WAS RECORDED YESTERDAY.
  NO SIGNIFICANT WEATHER WAS OBSERVED.


RELATIVE HUMIDITY (PERCENT)
 HIGHEST    93           200 AM
 LOWEST     31           200 PM
 AVERAGE    62

..........................................................


THE CARIBOU ME CLIMATE NORMALS FOR TODAY
                         NORMAL    RECORD    YEAR
 MAXIMUM TEMPERATURE (F)   72        91      2010
 MINIMUM TEMPERATURE (F)   50        34      1982
                                             1947


SUNRISE AND SUNSET
AUGUST 30 2014........SUNRISE   549 AM EDT   SUNSET   715 PM EDT
AUGUST 31 2014........SUNRISE   550 AM EDT   SUNSET   714 PM EDT


-  INDICATES NEGATIVE NUMBERS.
R  INDICATES RECORD WAS SET OR TIED.
MM INDICATES DATA IS MISSING.
T  INDICATES TRACE AMOUNT.

---------------------------------------------------------------------
THE CARIBOU ME 4 INCH SOIL TEMPERATURE FOR AUGUST 29 2014

MAXIMUM SOIL TEMPERATURE (F)...70
MINIMUM SOIL TEMPERATURE (F)...65


$$
