000
CDUS41 KCAR 140527
CLICAR


CLIMATE REPORT
NATIONAL WEATHER SERVICE CARIBOU, ME
126 AM EDT MON AUG 14 2017


...................................

...THE CARIBOU ME CLIMATE SUMMARY FOR AUGUST 13 2017...

CLIMATE NORMAL PERIOD 1981 TO 2010
CLIMATE RECORD PERIOD 1939 TO 2017


WEATHER ITEM   OBSERVED TIME   RECORD YEAR NORMAL DEPARTURE LAST
                VALUE   (LST)  VALUE       VALUE  FROM      YEAR
                                                  NORMAL
..................................................................
TEMPERATURE (F)
 YESTERDAY
  MAXIMUM         76    345 PM  91    1947  75      1       74
  MINIMUM         57   1139 PM  36    1941  54      3       49
  AVERAGE         67                        64      3       62

PRECIPITATION (IN)
  YESTERDAY        0.04          2.36 1989   0.13  -0.09     0.09
  MONTH TO DATE    1.39                      1.65  -0.26     2.43
  SINCE JUN 1      8.40                      9.21  -0.81    11.72
  SINCE JAN 1     24.97                     22.63   2.34    27.65

SNOWFALL (IN)
  YESTERDAY        0.0           0.0  2002   0.0    0.0      0.0
                                      2001
  MONTH TO DATE    0.0                       0.0    0.0      0.0
  SINCE JUN 1      0.0                       0.0    0.0      0.0
  SINCE JUL 1      0.0                       0.0    0.0      0.0
  SNOW DEPTH       0

DEGREE DAYS
 HEATING
  YESTERDAY        0                         2     -2        3
  MONTH TO DATE   19                        26     -7       12
  SINCE JUN 1    190                       249    -59      204
  SINCE JUL 1     58                        84    -26       60

 COOLING
  YESTERDAY        2                         2      0        0
  MONTH TO DATE   35                        27      8       44
  SINCE JUN 1    158                       138     20      198
  SINCE JAN 1    164                       143     21      206
..................................................................


WIND (MPH)
  HIGHEST WIND SPEED    18   HIGHEST WIND DIRECTION    NW (310)
  HIGHEST GUST SPEED    26   HIGHEST GUST DIRECTION    NW (310)
  AVERAGE WIND SPEED     7.2


SKY COVER
  POSSIBLE SUNSHINE  MM
  AVERAGE SKY COVER 0.3


WEATHER CONDITIONS
 THE FOLLOWING WEATHER WAS RECORDED YESTERDAY.
  THUNDERSTORM
  HEAVY RAIN
  LIGHT RAIN
  FOG


RELATIVE HUMIDITY (PERCENT)
 HIGHEST    93           200 AM
 LOWEST     43           400 PM
 AVERAGE    68

..........................................................


THE CARIBOU ME CLIMATE NORMALS FOR TODAY
                         NORMAL    RECORD    YEAR
 MAXIMUM TEMPERATURE (F)   75        95      1944
 MINIMUM TEMPERATURE (F)   54        37      1941


SUNRISE AND SUNSET
AUGUST 14 2017........SUNRISE   529 AM EDT   SUNSET   744 PM EDT
AUGUST 15 2017........SUNRISE   530 AM EDT   SUNSET   742 PM EDT


-  INDICATES NEGATIVE NUMBERS.
R  INDICATES RECORD WAS SET OR TIED.
MM INDICATES DATA IS MISSING.
T  INDICATES TRACE AMOUNT.

-------------------------------------------------------------------
THE CARIBOU ME 4 INCH UNDER SOD SOIL TEMPERATURES FOR AUGUST 13 2017

MAXIMUM 74F
MINIMUM 68F


$$
