000
CDUS41 KCAR 150547
CLICAR


CLIMATE REPORT
NATIONAL WEATHER SERVICE CARIBOU, ME
1246 AM EST THU FEB 15 2018


...................................

...THE CARIBOU ME CLIMATE SUMMARY FOR FEBRUARY 14 2018...

CLIMATE NORMAL PERIOD 1981 TO 2010
CLIMATE RECORD PERIOD 1939 TO 2018


WEATHER ITEM   OBSERVED TIME   RECORD YEAR NORMAL DEPARTURE LAST
                VALUE   (LST)  VALUE       VALUE  FROM      YEAR
                                                  NORMAL
..................................................................
TEMPERATURE (F)
 YESTERDAY
  MAXIMUM         31    445 PM  42    1971  24      7       26
  MINIMUM         11    259 AM -25    1967   4      7        2
  AVERAGE         21                        14      7       14

PRECIPITATION (IN)
  YESTERDAY        0.00          1.92 2000   0.07  -0.07     0.00
  MONTH TO DATE    1.82                      1.09   0.73     1.39
  SINCE DEC 1     11.24                      7.07   4.17     9.04
  SINCE JAN 1      7.12                      3.80   3.32     4.84

SNOWFALL (IN)
  YESTERDAY        0.0          18.3  2000   0.8   -0.8      0.0
  MONTH TO DATE   21.8                      11.3   10.5     14.5
  SINCE DEC 1     94.9                      59.4   35.5     75.1
  SINCE JUL 1     98.8                      71.6   27.2     95.3
  SNOW DEPTH      33

DEGREE DAYS
 HEATING
  YESTERDAY       44                        51     -7       51
  MONTH TO DATE  722                       742    -20      820
  SINCE DEC 1   3947                      3891     56     3761
  SINCE JUL 1   5651                      6036   -385     5448

 COOLING
  YESTERDAY        0                         0      0        0
  MONTH TO DATE    0                         0      0        0
  SINCE DEC 1      0                         0      0        0
  SINCE JAN 1      0                         0      0        0
..................................................................


WIND (MPH)
  HIGHEST WIND SPEED    14   HIGHEST WIND DIRECTION    SW (210)
  HIGHEST GUST SPEED    18   HIGHEST GUST DIRECTION     S (200)
  AVERAGE WIND SPEED     7.2


SKY COVER
  POSSIBLE SUNSHINE  MM
  AVERAGE SKY COVER 0.6


WEATHER CONDITIONS
 THE FOLLOWING WEATHER WAS RECORDED YESTERDAY.
  NO SIGNIFICANT WEATHER WAS OBSERVED.


RELATIVE HUMIDITY (PERCENT)
 HIGHEST    75          1100 PM
 LOWEST     49           200 PM
 AVERAGE    62

..........................................................


THE CARIBOU ME CLIMATE NORMALS FOR TODAY
                         NORMAL    RECORD    YEAR
 MAXIMUM TEMPERATURE (F)   24        43      1984
 MINIMUM TEMPERATURE (F)    4       -29      1943


SUNRISE AND SUNSET
FEBRUARY 15 2018......SUNRISE   636 AM EST   SUNSET   457 PM EST
FEBRUARY 16 2018......SUNRISE   635 AM EST   SUNSET   458 PM EST


-  INDICATES NEGATIVE NUMBERS.
R  INDICATES RECORD WAS SET OR TIED.
MM INDICATES DATA IS MISSING.
T  INDICATES TRACE AMOUNT.




$$
