000
CDUS41 KCAR 250534
CLICAR


CLIMATE REPORT
NATIONAL WEATHER SERVICE CARIBOU, ME
1233 AM EST SUN JAN 25 2015


...................................

...THE CARIBOU ME CLIMATE SUMMARY FOR JANUARY 24 2015...

CLIMATE NORMAL PERIOD 1981 TO 2010
CLIMATE RECORD PERIOD 1939 TO 2015


WEATHER ITEM   OBSERVED TIME   RECORD YEAR NORMAL DEPARTURE LAST
                VALUE   (LST)  VALUE       VALUE  FROM      YEAR
                                                  NORMAL
..................................................................
TEMPERATURE (F)
 YESTERDAY
  MAXIMUM         30    159 PM  49    1996  19     11        5
  MINIMUM         23    757 AM -29    1961   0     23      -11
  AVERAGE         27                        10     17       -3

PRECIPITATION (IN)
  YESTERDAY        0.02          0.97 1998   0.08  -0.06     0.00
  MONTH TO DATE    1.66                      2.12  -0.46     3.08
  SINCE DEC 1      7.54                      5.39   2.15     6.66
  SINCE JAN 1      1.66                      2.12  -0.46     3.08

SNOWFALL (IN)
  YESTERDAY        0.6           8.5  1998   0.8   -0.2      0.0
  MONTH TO DATE   13.6                      19.5   -5.9      4.2
  SINCE DEC 1     40.7                      42.4   -1.7     49.0
  SINCE JUL 1     69.5                      54.6   14.9     59.1
  SNOW DEPTH      10

DEGREE DAYS
 HEATING
  YESTERDAY       38                        55    -17       68
  MONTH TO DATE 1356                      1316     40     1240
  SINCE DEC 1   2671                      2765    -94     2849
  SINCE JUL 1   4623                      4910   -287     4805

 COOLING
  YESTERDAY        0                         0      0        0
  MONTH TO DATE    0                         0      0        0
  SINCE DEC 1      0                         0      0        0
  SINCE JAN 1      0                         0      0        0
..................................................................


WIND (MPH)
  HIGHEST WIND SPEED    15   HIGHEST WIND DIRECTION    NW (330)
  HIGHEST GUST SPEED    18   HIGHEST GUST DIRECTION     N (340)
  AVERAGE WIND SPEED     7.5


SKY COVER
  POSSIBLE SUNSHINE  MM
  AVERAGE SKY COVER 0.8


WEATHER CONDITIONS
 THE FOLLOWING WEATHER WAS RECORDED YESTERDAY.
  LIGHT SNOW
  FOG


RELATIVE HUMIDITY (PERCENT)
 HIGHEST    88           800 AM
 LOWEST     68          1200 AM
 AVERAGE    78

..........................................................


THE CARIBOU ME CLIMATE NORMALS FOR TODAY
                         NORMAL    RECORD    YEAR
 MAXIMUM TEMPERATURE (F)   19        45      1953
 MINIMUM TEMPERATURE (F)    0       -29      2008


SUNRISE AND SUNSET
JANUARY 25 2015.......SUNRISE   705 AM EST   SUNSET   424 PM EST
JANUARY 26 2015.......SUNRISE   704 AM EST   SUNSET   426 PM EST


-  INDICATES NEGATIVE NUMBERS.
R  INDICATES RECORD WAS SET OR TIED.
MM INDICATES DATA IS MISSING.
T  INDICATES TRACE AMOUNT.




$$
