000
CDUS41 KCAR 150538
CLICAR


CLIMATE REPORT
NATIONAL WEATHER SERVICE CARIBOU, ME
1233 AM EST SUN JAN 15 2017


...................................

...THE CARIBOU ME CLIMATE SUMMARY FOR JANUARY 14 2017...

CLIMATE NORMAL PERIOD 1981 TO 2010
CLIMATE RECORD PERIOD 1939 TO 2017


WEATHER ITEM   OBSERVED TIME   RECORD YEAR NORMAL DEPARTURE LAST
                VALUE   (LST)  VALUE       VALUE  FROM      YEAR
                                                  NORMAL
..................................................................
TEMPERATURE (F)
 YESTERDAY
  MAXIMUM          9   1159 PM  52    2013  19    -10       13
  MINIMUM         -8    711 AM -32    1974   0     -8        1
  AVERAGE          1                        10     -9        7

PRECIPITATION (IN)
  YESTERDAY        0.00          1.34 1978   0.09  -0.09      T
  MONTH TO DATE    1.46                      1.25   0.21     1.21
  SINCE DEC 1      5.66                      4.52   1.14     6.09
  SINCE JAN 1      1.46                      1.25   0.21     1.21

SNOWFALL (IN)
  YESTERDAY        0.0          14.0  1978   0.8   -0.8       T
  MONTH TO DATE   10.2                      11.4   -1.2      8.6
  SINCE DEC 1     51.4                      34.3   17.1     36.4
  SINCE JUL 1     71.6                      46.5   25.1     40.5
  SNOW DEPTH      21.0

DEGREE DAYS
 HEATING
  YESTERDAY       64                        55      9       58
  MONTH TO DATE  696                       759    -63      648
  SINCE DEC 1   2189                      2208    -19     1770
  SINCE JUL 1   3876                      4353   -477     3588

 COOLING
  YESTERDAY        0                         0      0        0
  MONTH TO DATE    0                         0      0        0
  SINCE DEC 1      0                         0      0        0
  SINCE JAN 1      0                         0      0        0
..................................................................


WIND (MPH)
  HIGHEST WIND SPEED    14   HIGHEST WIND DIRECTION    NW (300)
  HIGHEST GUST SPEED    20   HIGHEST GUST DIRECTION    NW (310)
  AVERAGE WIND SPEED     6.5


SKY COVER
  POSSIBLE SUNSHINE  MM
  AVERAGE SKY COVER 0.3


WEATHER CONDITIONS
 THE FOLLOWING WEATHER WAS RECORDED YESTERDAY.
  NO SIGNIFICANT WEATHER WAS OBSERVED.


RELATIVE HUMIDITY (PERCENT)
 HIGHEST    71           700 AM
 LOWEST     41           200 PM
 AVERAGE    56

..........................................................


THE CARIBOU ME CLIMATE NORMALS FOR TODAY
                         NORMAL    RECORD    YEAR
 MAXIMUM TEMPERATURE (F)   19        53      1995
 MINIMUM TEMPERATURE (F)    0       -28      2009
                                             1957


SUNRISE AND SUNSET
JANUARY 15 2017.......SUNRISE   713 AM EST   SUNSET   411 PM EST
JANUARY 16 2017.......SUNRISE   712 AM EST   SUNSET   412 PM EST


-  INDICATES NEGATIVE NUMBERS.
R  INDICATES RECORD WAS SET OR TIED.
MM INDICATES DATA IS MISSING.
T  INDICATES TRACE AMOUNT.




$$
