000
CDUS41 KCAR 302032
CLICAR


CLIMATE REPORT
NATIONAL WEATHER SERVICE CARIBOU, ME
432 PM EDT TUE AUG 30 2016


...................................

...THE CARIBOU ME CLIMATE SUMMARY FOR AUGUST 30 2016...
VALID TODAY AS OF 0400 PM LOCAL TIME.

CLIMATE NORMAL PERIOD 1981 TO 2010
CLIMATE RECORD PERIOD 1939 TO 2016


WEATHER ITEM   OBSERVED TIME   RECORD YEAR NORMAL DEPARTURE LAST
                VALUE   (LST)  VALUE       VALUE  FROM      YEAR
                                                  NORMAL
..................................................................
TEMPERATURE (F)
 TODAY
  MAXIMUM         75    128 PM  91    2010  72      3       77
  MINIMUM         52    351 AM  34    1982  50      2       60
                                      1947
  AVERAGE         64                        61      3       69

PRECIPITATION (IN)
  TODAY            0.02          0.76 2004   0.11  -0.09     0.04
                                      1941
  MONTH TO DATE    5.85                      3.65   2.20     4.18
  SINCE JUN 1     15.14                     11.21   3.93    11.62
  SINCE JAN 1     31.07                     24.63   6.44    22.47

SNOWFALL (IN)
  TODAY            0.0           0.0  2002   0.0    0.0      0.0
                                      2001
  MONTH TO DATE    0.0                       0.0    0.0      0.0
  SINCE JUN 1      0.0                       0.0    0.0      0.0
  SINCE JUL 1      0.0                       0.0    0.0      0.0
  SNOW DEPTH       0

DEGREE DAYS
 HEATING
  TODAY            1                         5     -4        0
  MONTH TO DATE   32                        90    -58       12
  SINCE JUN 1    224                       313    -89      289
  SINCE JUL 1     80                       148    -68       77

 COOLING
  TODAY            0                         1     -1        4
  MONTH TO DATE   87                        50     37      116
  SINCE JUN 1    241                       161     80      178
  SINCE JAN 1    249                       166     83      199
..................................................................


WIND (MPH)
  HIGHEST WIND SPEED    16   HIGHEST WIND DIRECTION     W (260)
  HIGHEST GUST SPEED    24   HIGHEST GUST DIRECTION     W (270)
  AVERAGE WIND SPEED     2.0


SKY COVER
  POSSIBLE SUNSHINE  MM
  AVERAGE SKY COVER 0.3


WEATHER CONDITIONS
 THE FOLLOWING WEATHER WAS RECORDED TODAY.
  LIGHT RAIN


RELATIVE HUMIDITY (PERCENT)
 HIGHEST    93           300 AM
 LOWEST     53           100 PM
 AVERAGE    73

..........................................................


THE CARIBOU ME CLIMATE NORMALS FOR TOMORROW
                         NORMAL    RECORD    YEAR
 MAXIMUM TEMPERATURE (F)   71        93      2010
 MINIMUM TEMPERATURE (F)   50        34      2002
                                             1965


SUNRISE AND SUNSET
AUGUST 30 2016........SUNRISE   550 AM EDT   SUNSET   714 PM EDT
AUGUST 31 2016........SUNRISE   551 AM EDT   SUNSET   713 PM EDT


-  INDICATES NEGATIVE NUMBERS.
R  INDICATES RECORD WAS SET OR TIED.
MM INDICATES DATA IS MISSING.
T  INDICATES TRACE AMOUNT.




$$
