000
CDUS41 KCAR 290527
CLICAR


CLIMATE REPORT
NATIONAL WEATHER SERVICE CARIBOU, ME
127 AM EDT WED MAR 29 2017


...................................

...THE CARIBOU ME CLIMATE SUMMARY FOR MARCH 28 2017...

CLIMATE NORMAL PERIOD 1981 TO 2010
CLIMATE RECORD PERIOD 1939 TO 2017


WEATHER ITEM   OBSERVED TIME   RECORD YEAR NORMAL DEPARTURE LAST
                VALUE   (LST)  VALUE       VALUE  FROM      YEAR
                                                  NORMAL
..................................................................
TEMPERATURE (F)
 YESTERDAY
  MAXIMUM         32    625 PM  64    1993  38     -6       39
  MINIMUM         25    607 AM  -7    1974  21      4       30
  AVERAGE         29                        30     -1       35

PRECIPITATION (IN)
  YESTERDAY        0.32          0.71 1991   0.08   0.24     0.69
  MONTH TO DATE    2.72                      2.27   0.45     3.67
  SINCE MAR 1      2.72                      2.27   0.45     3.67
  SINCE JAN 1      8.34                      7.19   1.15     9.14

SNOWFALL (IN)
  YESTERDAY        3.0 R         2.1  2005   0.4    2.6       T
  MONTH TO DATE   23.6                      17.0    6.6     21.3
  SINCE MAR 1     23.6                      17.0    6.6     21.3
  SINCE JUL 1    120.2                      99.5   20.7     81.3
  SNOW DEPTH      26

DEGREE DAYS
 HEATING
  YESTERDAY       36                        35      1       30
  MONTH TO DATE 1278                      1150    128     1161
  SINCE MAR 1   1278                      1150    128     1161
  SINCE JUL 1   7259                      7871   -612     6903

 COOLING
  YESTERDAY        0                         0      0        0
  MONTH TO DATE    0                         0      0        0
  SINCE MAR 1      0                         0      0        0
  SINCE JAN 1      0                         0      0        0
..................................................................


WIND (MPH)
  HIGHEST WIND SPEED    12   HIGHEST WIND DIRECTION    SE (150)
  HIGHEST GUST SPEED    13   HIGHEST GUST DIRECTION    SE (150)
  AVERAGE WIND SPEED     4.5


SKY COVER
  POSSIBLE SUNSHINE  MM
  AVERAGE SKY COVER 1.0


WEATHER CONDITIONS
 THE FOLLOWING WEATHER WAS RECORDED YESTERDAY.
  LT FREEZING RAIN
  SNOW
  LIGHT SNOW
  FOG
  HAZE


RELATIVE HUMIDITY (PERCENT)
 HIGHEST   100           500 PM
 LOWEST     78          1000 AM
 AVERAGE    89

..........................................................


THE CARIBOU ME CLIMATE NORMALS FOR TODAY
                         NORMAL    RECORD    YEAR
 MAXIMUM TEMPERATURE (F)   39        58      1986
                                             1945
 MINIMUM TEMPERATURE (F)   21        -3      1974


SUNRISE AND SUNSET
MARCH 29 2017.........SUNRISE   617 AM EDT   SUNSET   658 PM EDT
MARCH 30 2017.........SUNRISE   615 AM EDT   SUNSET   659 PM EDT


-  INDICATES NEGATIVE NUMBERS.
R  INDICATES RECORD WAS SET OR TIED.
MM INDICATES DATA IS MISSING.
T  INDICATES TRACE AMOUNT.




$$
