000
CDUS41 KCAR 050536
CLICAR


CLIMATE REPORT
NATIONAL WEATHER SERVICE CARIBOU, ME
1232 AM EST THU MAR 5 2015


...................................

...THE CARIBOU ME CLIMATE SUMMARY FOR MARCH 4 2015...

CLIMATE NORMAL PERIOD 1981 TO 2010
CLIMATE RECORD PERIOD 1939 TO 2015


WEATHER ITEM   OBSERVED TIME   RECORD YEAR NORMAL DEPARTURE LAST
                VALUE   (LST)  VALUE       VALUE  FROM      YEAR
                                                  NORMAL
..................................................................
TEMPERATURE (F)
 YESTERDAY
  MAXIMUM         34    145 PM  54    1974  30      4       17
  MINIMUM         15   1209 AM -17    1955  10      5      -16
                                      1950
  AVERAGE         25                        20      5        1

PRECIPITATION (IN)
  YESTERDAY        0.16          0.88 1971   0.08   0.08     0.00
  MONTH TO DATE    0.31                      0.33  -0.02     0.03
  SINCE MAR 1      0.31                      0.33  -0.02     0.03
  SINCE JAN 1      4.41                      5.25  -0.84     6.25

SNOWFALL (IN)
  YESTERDAY        3.7          11.4  1971   0.7    3.0      0.0
  MONTH TO DATE    6.2                       2.9    3.3      0.6
  SINCE MAR 1      6.2                       2.9    3.3      0.6
  SINCE JUL 1    114.5                      85.4   29.1    100.0
  SNOW DEPTH      25

DEGREE DAYS
 HEATING
  YESTERDAY       40                        45     -5       64
  MONTH TO DATE  194                       183     11      249
  SINCE MAR 1    194                       183     11      249
  SINCE JUL 1   6935                      6904     31     6903

 COOLING
  YESTERDAY        0                         0      0        0
  MONTH TO DATE    0                         0      0        0
  SINCE MAR 1      0                         0      0        0
  SINCE JAN 1      0                         0      0        0
..................................................................


WIND (MPH)
  HIGHEST WIND SPEED    25   HIGHEST WIND DIRECTION     W (250)
  HIGHEST GUST SPEED    33   HIGHEST GUST DIRECTION     W (250)
  AVERAGE WIND SPEED     9.8


SKY COVER
  POSSIBLE SUNSHINE  MM
  AVERAGE SKY COVER 0.7


WEATHER CONDITIONS
 THE FOLLOWING WEATHER WAS RECORDED YESTERDAY.
  SNOW
  LIGHT SNOW
  FOG


RELATIVE HUMIDITY (PERCENT)
 HIGHEST    92           500 AM
 LOWEST     47           400 PM
 AVERAGE    70

..........................................................


THE CARIBOU ME CLIMATE NORMALS FOR TODAY
                         NORMAL    RECORD    YEAR
 MAXIMUM TEMPERATURE (F)   30        48      1965
 MINIMUM TEMPERATURE (F)   10       -19      2014


SUNRISE AND SUNSET
MARCH  5 2015.........SUNRISE   605 AM EST   SUNSET   523 PM EST
MARCH  6 2015.........SUNRISE   603 AM EST   SUNSET   525 PM EST


-  INDICATES NEGATIVE NUMBERS.
R  INDICATES RECORD WAS SET OR TIED.
MM INDICATES DATA IS MISSING.
T  INDICATES TRACE AMOUNT.




$$
