000
CDUS41 KCAR 170531
CLICAR


CLIMATE REPORT
NATIONAL WEATHER SERVICE CARIBOU, ME
130 AM EDT WED SEP 17 2014


...................................

...THE CARIBOU ME CLIMATE SUMMARY FOR SEPTEMBER 16 2014...

CLIMATE NORMAL PERIOD 1981 TO 2010
CLIMATE RECORD PERIOD 1939 TO 2014


WEATHER ITEM   OBSERVED TIME   RECORD YEAR NORMAL DEPARTURE LAST
                VALUE   (LST)  VALUE       VALUE  FROM      YEAR
                                                  NORMAL
..................................................................
TEMPERATURE (F)
 YESTERDAY
  MAXIMUM         59    223 PM  88    1939  65     -6       56
  MINIMUM         42    156 AM  29    1959  44     -2       38
  AVERAGE         51                        55     -4       47

PRECIPITATION (IN)
  YESTERDAY        0.23          1.24 1941   0.11   0.12     0.09
  MONTH TO DATE    2.41                      1.70   0.71     5.47
  SINCE SEP 1      2.41                      1.70   0.71     5.47
  SINCE JAN 1     31.07                     26.44   4.63    38.49

SNOWFALL (IN)
  YESTERDAY        0.0           0.0  2002   0.0    0.0      0.0
                                      2001
  MONTH TO DATE    0.0                       0.0    0.0      0.0
  SINCE SEP 1      0.0                       0.0    0.0      0.0
  SINCE JUL 1      0.0                       0.0    0.0      0.0
  SNOW DEPTH       0

DEGREE DAYS
 HEATING
  YESTERDAY       14                        10      4       18
  MONTH TO DATE  126                       127     -1      125
  SINCE SEP 1    126                       127     -1      125
  SINCE JUL 1    184                       281    -97      239

 COOLING
  YESTERDAY        0                         0      0        0
  MONTH TO DATE   21                        10     11       13
  SINCE SEP 1     21                        10     11       13
  SINCE JAN 1    262                       179     83      192
..................................................................


WIND (MPH)
  HIGHEST WIND SPEED    15   HIGHEST WIND DIRECTION     W (250)
  HIGHEST GUST SPEED    23   HIGHEST GUST DIRECTION     W (270)
  AVERAGE WIND SPEED     5.3


SKY COVER
  POSSIBLE SUNSHINE  MM
  AVERAGE SKY COVER 0.6


WEATHER CONDITIONS
 THE FOLLOWING WEATHER WAS RECORDED YESTERDAY.
  LIGHT RAIN
  FOG


RELATIVE HUMIDITY (PERCENT)
 HIGHEST    93           800 AM
 LOWEST     80           100 PM
 AVERAGE    87

..........................................................


THE CARIBOU ME CLIMATE NORMALS FOR TODAY
                         NORMAL    RECORD    YEAR
 MAXIMUM TEMPERATURE (F)   65        82      1942
 MINIMUM TEMPERATURE (F)   44        29      2009
                                             1960
                                             1959


SUNRISE AND SUNSET
SEPTEMBER 17 2014.....SUNRISE   612 AM EDT   SUNSET   640 PM EDT
SEPTEMBER 18 2014.....SUNRISE   614 AM EDT   SUNSET   638 PM EDT


-  INDICATES NEGATIVE NUMBERS.
R  INDICATES RECORD WAS SET OR TIED.
MM INDICATES DATA IS MISSING.
T  INDICATES TRACE AMOUNT.




$$
