000
CDUS41 KCAR 210538
CLICAR


CLIMATE REPORT
NATIONAL WEATHER SERVICE CARIBOU, ME
135 AM EDT TUE MAR 21 2017


...................................

...THE CARIBOU ME CLIMATE SUMMARY FOR MARCH 20 2017...

CLIMATE NORMAL PERIOD 1981 TO 2010
CLIMATE RECORD PERIOD 1939 TO 2017


WEATHER ITEM   OBSERVED TIME   RECORD YEAR NORMAL DEPARTURE LAST
                VALUE   (LST)  VALUE       VALUE  FROM      YEAR
                                                  NORMAL
..................................................................
TEMPERATURE (F)
 YESTERDAY
  MAXIMUM         45    347 PM  73    2012  35     10       33
  MINIMUM         14    540 AM  -9    1955  17     -3        4
  AVERAGE         30                        26      4       19

PRECIPITATION (IN)
  YESTERDAY        0.00          1.39 2008   0.08  -0.08     0.00
  MONTH TO DATE    2.05                      1.61   0.44     2.12
  SINCE MAR 1      2.05                      1.61   0.44     2.12
  SINCE JAN 1      7.67                      6.53   1.14     7.59

SNOWFALL (IN)
  YESTERDAY        0.0          10.6  2008   0.5   -0.5      0.0
  MONTH TO DATE   16.9                      13.2    3.7     15.2
  SINCE MAR 1     16.9                      13.2    3.7     15.2
  SINCE JUL 1    113.5                      95.7   17.8     75.2
  SNOW DEPTH      26

DEGREE DAYS
 HEATING
  YESTERDAY       35                        39     -4       46
  MONTH TO DATE  936                       854     82      843
  SINCE MAR 1    936                       854     82      843
  SINCE JUL 1   6917                      7575   -658     6585

 COOLING
  YESTERDAY        0                         0      0        0
  MONTH TO DATE    0                         0      0        0
  SINCE MAR 1      0                         0      0        0
  SINCE JAN 1      0                         0      0        0
..................................................................


WIND (MPH)
  HIGHEST WIND SPEED    12   HIGHEST WIND DIRECTION     N (360)
  HIGHEST GUST SPEED    15   HIGHEST GUST DIRECTION     N (20)
  AVERAGE WIND SPEED     5.6


SKY COVER
  POSSIBLE SUNSHINE  MM
  AVERAGE SKY COVER 0.0


WEATHER CONDITIONS
 THE FOLLOWING WEATHER WAS RECORDED YESTERDAY.
  NO SIGNIFICANT WEATHER WAS OBSERVED.


RELATIVE HUMIDITY (PERCENT)
 HIGHEST    88           600 AM
 LOWEST     29           200 PM
 AVERAGE    59

..........................................................


THE CARIBOU ME CLIMATE NORMALS FOR TODAY
                         NORMAL    RECORD    YEAR
 MAXIMUM TEMPERATURE (F)   36        75      2012
 MINIMUM TEMPERATURE (F)   17        -8      1986


SUNRISE AND SUNSET
MARCH 21 2017.........SUNRISE   633 AM EDT   SUNSET   646 PM EDT
MARCH 22 2017.........SUNRISE   631 AM EDT   SUNSET   648 PM EDT


-  INDICATES NEGATIVE NUMBERS.
R  INDICATES RECORD WAS SET OR TIED.
MM INDICATES DATA IS MISSING.
T  INDICATES TRACE AMOUNT.




$$
