000
CDUS41 KCAR 190538
CLICAR


CLIMATE REPORT
NATIONAL WEATHER SERVICE CARIBOU, ME
135 AM EDT TUE SEP 19 2017


...................................

...THE CARIBOU ME CLIMATE SUMMARY FOR SEPTEMBER 18 2017...

CLIMATE NORMAL PERIOD 1981 TO 2010
CLIMATE RECORD PERIOD 1939 TO 2017


WEATHER ITEM   OBSERVED TIME   RECORD YEAR NORMAL DEPARTURE LAST
                VALUE   (LST)  VALUE       VALUE  FROM      YEAR
                                                  NORMAL
..................................................................
TEMPERATURE (F)
 YESTERDAY
  MAXIMUM         67    442 PM  86    1942  65      2       77
  MINIMUM         56    534 AM  28    1945  44     12       58
  AVERAGE         62                        54      8       68

PRECIPITATION (IN)
  YESTERDAY        0.00          1.83 1948   0.12  -0.12     0.05
  MONTH TO DATE    2.84                      1.94   0.90     1.29
  SINCE SEP 1      2.84                      1.94   0.90     1.29
  SINCE JAN 1     28.70                     26.68   2.02    32.40

SNOWFALL (IN)
  YESTERDAY        0.0           0.0  2002   0.0    0.0      0.0
                                      2001
  MONTH TO DATE    0.0                       0.0    0.0      0.0
  SINCE SEP 1      0.0                       0.0    0.0      0.0
  SINCE JUL 1      0.0                       0.0    0.0      0.0
  SNOW DEPTH       0

DEGREE DAYS
 HEATING
  YESTERDAY        3                        11     -8        0
  MONTH TO DATE   81                       149    -68       60
  SINCE SEP 1     81                       149    -68       60
  SINCE JUL 1    205                       303    -98      140

 COOLING
  YESTERDAY        0                         0      0        3
  MONTH TO DATE   11                        10      1       22
  SINCE SEP 1     11                        10      1       22
  SINCE JAN 1    198                       179     19      275
..................................................................


WIND (MPH)
  HIGHEST WIND SPEED    14   HIGHEST WIND DIRECTION     S (170)
  HIGHEST GUST SPEED    18   HIGHEST GUST DIRECTION     S (190)
  AVERAGE WIND SPEED     4.9


SKY COVER
  POSSIBLE SUNSHINE  MM
  AVERAGE SKY COVER 0.9


WEATHER CONDITIONS
 THE FOLLOWING WEATHER WAS RECORDED YESTERDAY.
  FOG
  FOG W/VISIBILITY <= 1/4 MILE


RELATIVE HUMIDITY (PERCENT)
 HIGHEST   100           500 AM
 LOWEST     81           500 PM
 AVERAGE    91

..........................................................


THE CARIBOU ME CLIMATE NORMALS FOR TODAY
                         NORMAL    RECORD    YEAR
 MAXIMUM TEMPERATURE (F)   64        84      1968
 MINIMUM TEMPERATURE (F)   43        27      2008


SUNRISE AND SUNSET
SEPTEMBER 19 2017.....SUNRISE   615 AM EDT   SUNSET   635 PM EDT
SEPTEMBER 20 2017.....SUNRISE   617 AM EDT   SUNSET   633 PM EDT


-  INDICATES NEGATIVE NUMBERS.
R  INDICATES RECORD WAS SET OR TIED.
MM INDICATES DATA IS MISSING.
T  INDICATES TRACE AMOUNT.

......................................................................................
THE CARIBOU ME 4 INCH UNDER SOD SOIL TEMPERATURE FOR SEPT 18, 2017

MAXIMUM 69F
MINIMUM 65F


$$
