975
CDUS41 KCAR 202127
CLICAR


CLIMATE REPORT
NATIONAL WEATHER SERVICE CARIBOU, ME
426 PM EST FRI JAN 20 2017


...................................

...THE CARIBOU ME CLIMATE SUMMARY FOR JANUARY 20 2017...
VALID TODAY AS OF 0400 PM LOCAL TIME.

CLIMATE NORMAL PERIOD 1981 TO 2010
CLIMATE RECORD PERIOD 1939 TO 2017


WEATHER ITEM   OBSERVED TIME   RECORD YEAR NORMAL DEPARTURE LAST
                VALUE   (LST)  VALUE       VALUE  FROM      YEAR
                                                  NORMAL
..................................................................
TEMPERATURE (F)
 TODAY
  MAXIMUM         31    248 PM  50    1996  19     12       23
  MINIMUM         22    430 AM -28    1994   0     22       14
  AVERAGE         27                         9     18       19

PRECIPITATION (IN)
  TODAY            T             1.06 1986   0.09  -0.09      T
  MONTH TO DATE    1.63                      1.77  -0.14     1.29
  SINCE DEC 1      5.83                      5.04   0.79     6.17
  SINCE JAN 1      1.63                      1.77  -0.14     1.29

SNOWFALL (IN)
  TODAY            T            11.1  2005   0.8   -0.8       T
  MONTH TO DATE   12.0                      16.2   -4.2      9.8
  SINCE DEC 1     53.2                      39.1   14.1     37.6
  SINCE JUL 1     73.4                      51.3   22.1     41.7
  SNOW DEPTH      21

DEGREE DAYS
 HEATING
  TODAY           38                        56    -18       46
  MONTH TO DATE 1000                      1093    -93      958
  SINCE DEC 1   2493                      2542    -49     2080
  SINCE JUL 1   4180                      4687   -507     3898

 COOLING
  TODAY            0                         0      0        0
  MONTH TO DATE    0                         0      0        0
  SINCE DEC 1      0                         0      0        0
  SINCE JAN 1      0                         0      0        0
..................................................................


WIND (MPH)
  HIGHEST WIND SPEED    12   HIGHEST WIND DIRECTION    NW (330)
  HIGHEST GUST SPEED    15   HIGHEST GUST DIRECTION    NW (330)
  AVERAGE WIND SPEED     4.7


SKY COVER
  POSSIBLE SUNSHINE  MM
  AVERAGE SKY COVER 0.9


WEATHER CONDITIONS
 THE FOLLOWING WEATHER WAS RECORDED TODAY.
  NO SIGNIFICANT WEATHER WAS OBSERVED.


RELATIVE HUMIDITY (PERCENT)
 HIGHEST    92           300 AM
 LOWEST     69          1200 PM
 AVERAGE    81

..........................................................


THE CARIBOU ME CLIMATE NORMALS FOR TOMORROW
                         NORMAL    RECORD    YEAR
 MAXIMUM TEMPERATURE (F)   19        40      1947
 MINIMUM TEMPERATURE (F)    0       -29      1975


SUNRISE AND SUNSET
JANUARY 20 2017.......SUNRISE   709 AM EST   SUNSET   418 PM EST
JANUARY 21 2017.......SUNRISE   708 AM EST   SUNSET   419 PM EST


-  INDICATES NEGATIVE NUMBERS.
R  INDICATES RECORD WAS SET OR TIED.
MM INDICATES DATA IS MISSING.
T  INDICATES TRACE AMOUNT.




$$
