000
CDUS41 KCAR 232026
CLICAR


CLIMATE REPORT
NATIONAL WEATHER SERVICE CARIBOU, ME
425 PM EDT FRI SEP 23 2016


...................................

...THE CARIBOU ME CLIMATE SUMMARY FOR SEPTEMBER 23 2016...
VALID TODAY AS OF 0400 PM LOCAL TIME.

CLIMATE NORMAL PERIOD 1981 TO 2010
CLIMATE RECORD PERIOD 1939 TO 2016


WEATHER ITEM   OBSERVED TIME   RECORD YEAR NORMAL DEPARTURE LAST
                VALUE   (LST)  VALUE       VALUE  FROM      YEAR
                                                  NORMAL
..................................................................
TEMPERATURE (F)
 TODAY
  MAXIMUM         58    257 PM  86    1965  62     -4       74
  MINIMUM         49   1018 AM  27    2008  42      7       45
  AVERAGE         54                        52      2       60

PRECIPITATION (IN)
  TODAY            0.30          1.86 1990   0.12   0.18     0.00
  MONTH TO DATE    2.47                      2.53  -0.06     2.12
  SINCE SEP 1      2.47                      2.53  -0.06     2.12
  SINCE JAN 1     33.58                     27.27   6.31    24.59

SNOWFALL (IN)
  TODAY            0.0           0.0  2002   0.0    0.0      0.0
                                      2001
  MONTH TO DATE    0.0                       0.0    0.0      0.0
  SINCE SEP 1      0.0                       0.0    0.0      0.0
  SINCE JUL 1      0.0                       0.0    0.0      0.0
  SNOW DEPTH       0

DEGREE DAYS
 HEATING
  TODAY           11                        13     -2        5
  MONTH TO DATE   83                       210   -127       68
  SINCE SEP 1     83                       210   -127       68
  SINCE JUL 1    163                       364   -201      145

 COOLING
  TODAY            0                         0      0        0
  MONTH TO DATE   22                        10     12       50
  SINCE SEP 1     22                        10     12       50
  SINCE JAN 1    275                       179     96      253
..................................................................


WIND (MPH)
  HIGHEST WIND SPEED    16   HIGHEST WIND DIRECTION     N (360)
  HIGHEST GUST SPEED    20   HIGHEST GUST DIRECTION     N (360)
  AVERAGE WIND SPEED     7.2


SKY COVER
  POSSIBLE SUNSHINE  MM
  AVERAGE SKY COVER 1.0


WEATHER CONDITIONS
 THE FOLLOWING WEATHER WAS RECORDED TODAY.
  RAIN
  LIGHT RAIN
  FOG


RELATIVE HUMIDITY (PERCENT)
 HIGHEST    93           400 AM
 LOWEST     62           300 PM
 AVERAGE    78

..........................................................


THE CARIBOU ME CLIMATE NORMALS FOR TOMORROW
                         NORMAL    RECORD    YEAR
 MAXIMUM TEMPERATURE (F)   62        80      1958
 MINIMUM TEMPERATURE (F)   42        27      1963
                                             1953
                                             1939


SUNRISE AND SUNSET
SEPTEMBER 23 2016.....SUNRISE   621 AM EDT   SUNSET   627 PM EDT
SEPTEMBER 24 2016.....SUNRISE   622 AM EDT   SUNSET   625 PM EDT


-  INDICATES NEGATIVE NUMBERS.
R  INDICATES RECORD WAS SET OR TIED.
MM INDICATES DATA IS MISSING.
T  INDICATES TRACE AMOUNT.




$$
