000
CDUS41 KCAR 142031
CLICAR


CLIMATE REPORT
NATIONAL WEATHER SERVICE CARIBOU, ME
431 PM EDT MON APR 14 2014


...................................

...THE CARIBOU ME CLIMATE SUMMARY FOR APRIL 14 2014...
VALID TODAY AS OF 0400 PM LOCAL TIME.

CLIMATE NORMAL PERIOD 1981 TO 2010
CLIMATE RECORD PERIOD 1939 TO 2014


WEATHER ITEM   OBSERVED TIME   RECORD YEAR NORMAL DEPARTURE LAST
                VALUE   (LST)  VALUE       VALUE  FROM      YEAR
                                                  NORMAL
..................................................................
TEMPERATURE (F)
 TODAY
  MAXIMUM         58    245 PM  67    1968  47     11       43
  MINIMUM         35    603 AM   8    1985  29      6       32
  AVERAGE         47                        38      9       38

PRECIPITATION (IN)
  TODAY            0.05          0.65 1952   0.09  -0.04     0.11
  MONTH TO DATE    1.68                      1.23   0.45     0.85
  SINCE MAR 1      5.12                      3.74   1.38     2.59
  SINCE JAN 1     11.34                      8.66   2.68     7.96

SNOWFALL (IN)
  TODAY            0.0           2.9  1961   0.3   -0.3      1.6
  MONTH TO DATE    5.3                       4.8    0.5      4.3
  SINCE MAR 1     47.4                      23.1   24.3     19.5
  SINCE JUL 1    146.8                     105.6   41.2    106.9
  SNOW DEPTH      15

DEGREE DAYS
 HEATING
  TODAY           18                        27     -9       27
  MONTH TO DATE  412                       427    -15      463
  SINCE MAR 1   1952                      1681    271     1548
  SINCE JUL 1   8606                      8402    204     7696

 COOLING
  TODAY            0                         0      0        0
  MONTH TO DATE    0                         0      0        0
  SINCE MAR 1      0                         0      0        0
  SINCE JAN 1      0                         0      0        0
..................................................................


WIND (MPH)
  HIGHEST WIND SPEED    18   HIGHEST WIND DIRECTION     S (170)
  HIGHEST GUST SPEED    23   HIGHEST GUST DIRECTION     S (190)
  AVERAGE WIND SPEED     8.7


SKY COVER
  POSSIBLE SUNSHINE  MM
  AVERAGE SKY COVER 0.9


WEATHER CONDITIONS
 THE FOLLOWING WEATHER WAS RECORDED TODAY.
  RAIN
  LIGHT RAIN
  FOG
  FOG W/VISIBILITY <= 1/4 MILE


RELATIVE HUMIDITY (PERCENT)
 HIGHEST   100           400 AM
 LOWEST     71           200 PM
 AVERAGE    86

..........................................................


THE CARIBOU ME CLIMATE NORMALS FOR TOMORROW
                         NORMAL    RECORD    YEAR
 MAXIMUM TEMPERATURE (F)   47        65      2012
                                             1994
                                             1987
 MINIMUM TEMPERATURE (F)   30        13      1981


SUNRISE AND SUNSET
APRIL 14 2014.........SUNRISE   546 AM EDT   SUNSET   719 PM EDT
APRIL 15 2014.........SUNRISE   545 AM EDT   SUNSET   720 PM EDT


-  INDICATES NEGATIVE NUMBERS.
R  INDICATES RECORD WAS SET OR TIED.
MM INDICATES DATA IS MISSING.
T  INDICATES TRACE AMOUNT.




$$
