000
CDUS41 KCAR 230548
CLICAR

CLIMATE REPORT
NATIONAL WEATHER SERVICE CARIBOU, ME
132 AM EDT TUE AUG 23 2016


...................................

...THE CARIBOU ME CLIMATE SUMMARY FOR AUGUST 22 2016...

CLIMATE NORMAL PERIOD 1981 TO 2010
CLIMATE RECORD PERIOD 1939 TO 2016


WEATHER ITEM   OBSERVED TIME   RECORD YEAR NORMAL DEPARTURE LAST
                VALUE   (LST)  VALUE       VALUE  FROM      YEAR
                                                  NORMAL
..................................................................
TEMPERATURE (F)
 YESTERDAY
  MAXIMUM         66    157 PM  91    1976  74     -8       80
  MINIMUM         54   1159 PM  38    1965  52      2       60
  AVERAGE         60                        63     -3       70

PRECIPITATION (IN)
  YESTERDAY        0.86          1.36 2011   0.12   0.74     0.02
  MONTH TO DATE    5.08                      2.73   2.35     3.26
  SINCE JUN 1     14.37                     10.29   4.08    10.70
  SINCE JAN 1     30.30                     23.71   6.59    21.55

SNOWFALL (IN)
  YESTERDAY        0.0           0.0  2002   0.0    0.0      0.0
                                      2001
  MONTH TO DATE    0.0                       0.0    0.0      0.0
  SINCE JUN 1      0.0                       0.0    0.0      0.0
  SINCE JUL 1      0.0                       0.0    0.0      0.0
  SNOW DEPTH       0

DEGREE DAYS
 HEATING
  YESTERDAY        5                         4      1        0
  MONTH TO DATE   26                        54    -28       10
  SINCE JUN 1    218                       277    -59      287
  SINCE JUL 1     74                       112    -38       75

 COOLING
  YESTERDAY        0                         1     -1        5
  MONTH TO DATE   61                        42     19       92
  SINCE JUN 1    215                       153     62      154
  SINCE JAN 1    223                       158     65      175
..................................................................


WIND (MPH)
  HIGHEST WIND SPEED    17   HIGHEST WIND DIRECTION    NW (330)
  HIGHEST GUST SPEED    24   HIGHEST GUST DIRECTION    NW (330)
  AVERAGE WIND SPEED     5.4


SKY COVER
  POSSIBLE SUNSHINE  MM
  AVERAGE SKY COVER 0.9


WEATHER CONDITIONS
 THE FOLLOWING WEATHER WAS RECORDED YESTERDAY.
  HEAVY RAIN
  RAIN
  LIGHT RAIN
  FOG


RELATIVE HUMIDITY (PERCENT)
 HIGHEST    93           600 AM
 LOWEST     75           800 PM
 AVERAGE    84

..........................................................


THE CARIBOU ME CLIMATE NORMALS FOR TODAY
                         NORMAL    RECORD    YEAR
 MAXIMUM TEMPERATURE (F)   73        89      1947
 MINIMUM TEMPERATURE (F)   52        38      1988
                                             1957


SUNRISE AND SUNSET
AUGUST 23 2016........SUNRISE   541 AM EDT   SUNSET   728 PM EDT
AUGUST 24 2016........SUNRISE   542 AM EDT   SUNSET   726 PM EDT


-  INDICATES NEGATIVE NUMBERS.
R  INDICATES RECORD WAS SET OR TIED.
MM INDICATES DATA IS MISSING.
T  INDICATES TRACE AMOUNT.

.....................................................................

THE CARIBOU ME 4 INCH UNDER SOD SOIL TEMPERATURE AUG 22 2016:

MAXIMUM SOIL TEMPERATURE: 73 F
MINIMUM SOIL TEMPERATURE: 69 F


$$
