000
CDUS41 KCAR 122132
CLICAR


CLIMATE REPORT
NATIONAL WEATHER SERVICE CARIBOU, ME
431 PM EST FRI JAN 12 2018


...................................

...THE CARIBOU ME CLIMATE SUMMARY FOR JANUARY 12 2018...
VALID TODAY AS OF 0400 PM LOCAL TIME.

CLIMATE NORMAL PERIOD 1981 TO 2010
CLIMATE RECORD PERIOD 1939 TO 2018


WEATHER ITEM   OBSERVED TIME   RECORD YEAR NORMAL DEPARTURE LAST
                VALUE   (LST)  VALUE       VALUE  FROM      YEAR
                                                  NORMAL
..................................................................
TEMPERATURE (F)
 TODAY
  MAXIMUM         51R   359 PM  47    1980  19     32       42
  MINIMUM         37   1200 AM -28    1976   1     36       36
  AVERAGE         44                        10     34       39

PRECIPITATION (IN)
  TODAY            0.25          0.61 1995   0.09   0.16     0.19
  MONTH TO DATE    2.02                      1.07   0.95     1.46
  SINCE DEC 1      6.14                      4.34   1.80     5.66
  SINCE JAN 1      2.02                      1.07   0.95     1.46

SNOWFALL (IN)
  TODAY            0.0           7.6  1995   0.8   -0.8      0.0
  MONTH TO DATE   23.5                       9.8   13.7     10.0
  SINCE DEC 1     57.7                      32.7   25.0     51.2
  SINCE JUL 1     61.6                      44.9   16.7     71.4
  SNOW DEPTH      25

DEGREE DAYS
 HEATING
  TODAY           21                        55    -34       26
  MONTH TO DATE  644                       649     -5      589
  SINCE DEC 1   2238                      2098    140     2082
  SINCE JUL 1   3942                      4243   -301     3769

 COOLING
  TODAY            0                         0      0        0
  MONTH TO DATE    0                         0      0        0
  SINCE DEC 1      0                         0      0        0
  SINCE JAN 1      0                         0      0        0
..................................................................


WIND (MPH)
  HIGHEST WIND SPEED    18   HIGHEST WIND DIRECTION     S (200)
  HIGHEST GUST SPEED    28   HIGHEST GUST DIRECTION     S (200)
  AVERAGE WIND SPEED    11.1


SKY COVER
  POSSIBLE SUNSHINE  MM
  AVERAGE SKY COVER 0.9


WEATHER CONDITIONS
 THE FOLLOWING WEATHER WAS RECORDED TODAY.
  LIGHT RAIN
  FOG


RELATIVE HUMIDITY (PERCENT)
 HIGHEST    93           100 PM
 LOWEST     85          1200 AM
 AVERAGE    89

..........................................................


THE CARIBOU ME CLIMATE NORMALS FOR TOMORROW
                         NORMAL    RECORD    YEAR
 MAXIMUM TEMPERATURE (F)   19        45      1972
 MINIMUM TEMPERATURE (F)    0       -32      1976


SUNRISE AND SUNSET
JANUARY 12 2018.......SUNRISE   715 AM EST   SUNSET   407 PM EST
JANUARY 13 2018.......SUNRISE   714 AM EST   SUNSET   408 PM EST


-  INDICATES NEGATIVE NUMBERS.
R  INDICATES RECORD WAS SET OR TIED.
MM INDICATES DATA IS MISSING.
T  INDICATES TRACE AMOUNT.




$$
