000
CDUS41 KCAR 160527
CLICAR


CLIMATE REPORT
NATIONAL WEATHER SERVICE CARIBOU, ME
127 AM EDT TUE SEP 16 2014


...................................

...THE CARIBOU ME CLIMATE SUMMARY FOR SEPTEMBER 15 2014...

CLIMATE NORMAL PERIOD 1981 TO 2010
CLIMATE RECORD PERIOD 1939 TO 2014


WEATHER ITEM   OBSERVED TIME   RECORD YEAR NORMAL DEPARTURE LAST
                VALUE   (LST)  VALUE       VALUE  FROM      YEAR
                                                  NORMAL
..................................................................
TEMPERATURE (F)
 YESTERDAY
  MAXIMUM         59    443 PM  84    2003  66     -7       66
  MINIMUM         39   1251 AM  28    1959  45     -6       46
                                      1952
  AVERAGE         49                        55     -6       56

PRECIPITATION (IN)
  YESTERDAY        T             0.96 1961   0.11  -0.11      T
  MONTH TO DATE    2.18                      1.59   0.59     5.38
  SINCE SEP 1      2.18                      1.59   0.59     5.38
  SINCE JAN 1     30.84                     26.33   4.51    38.40

SNOWFALL (IN)
  YESTERDAY        0.0           0.0  2002   0.0    0.0      0.0
                                      2001
  MONTH TO DATE    0.0                       0.0    0.0      0.0
  SINCE SEP 1      0.0                       0.0    0.0      0.0
  SINCE JUL 1      0.0                       0.0    0.0      0.0
  SNOW DEPTH       0

DEGREE DAYS
 HEATING
  YESTERDAY       16                        10      6        9
  MONTH TO DATE  112                       117     -5      107
  SINCE SEP 1    112                       117     -5      107
  SINCE JUL 1    170                       271   -101      221

 COOLING
  YESTERDAY        0                         0      0        0
  MONTH TO DATE   21                        10     11       13
  SINCE SEP 1     21                        10     11       13
  SINCE JAN 1    262                       179     83      192
..................................................................


WIND (MPH)
  HIGHEST WIND SPEED    13   HIGHEST WIND DIRECTION     W (280)
  HIGHEST GUST SPEED    18   HIGHEST GUST DIRECTION     W (270)
  AVERAGE WIND SPEED     4.8


SKY COVER
  POSSIBLE SUNSHINE  MM
  AVERAGE SKY COVER 0.6


WEATHER CONDITIONS
 THE FOLLOWING WEATHER WAS RECORDED YESTERDAY.
  FOG


RELATIVE HUMIDITY (PERCENT)
 HIGHEST    92          1200 AM
 LOWEST     44           300 PM
 AVERAGE    68

..........................................................


THE CARIBOU ME CLIMATE NORMALS FOR TODAY
                         NORMAL    RECORD    YEAR
 MAXIMUM TEMPERATURE (F)   65        88      1939
 MINIMUM TEMPERATURE (F)   44        29      1959


SUNRISE AND SUNSET
SEPTEMBER 16 2014.....SUNRISE   611 AM EDT   SUNSET   642 PM EDT
SEPTEMBER 17 2014.....SUNRISE   612 AM EDT   SUNSET   640 PM EDT


-  INDICATES NEGATIVE NUMBERS.
R  INDICATES RECORD WAS SET OR TIED.
MM INDICATES DATA IS MISSING.
T  INDICATES TRACE AMOUNT.




$$
