000
CDUS41 KCAR 252029
CLICAR


CLIMATE REPORT
NATIONAL WEATHER SERVICE CARIBOU, ME
429 PM EDT SAT JUL 25 2015


...................................

...THE CARIBOU ME CLIMATE SUMMARY FOR JULY 25 2015...
VALID TODAY AS OF 0400 PM LOCAL TIME.

CLIMATE NORMAL PERIOD 1981 TO 2010
CLIMATE RECORD PERIOD 1939 TO 2015


WEATHER ITEM   OBSERVED TIME   RECORD YEAR NORMAL DEPARTURE LAST
                VALUE   (LST)  VALUE       VALUE  FROM      YEAR
                                                  NORMAL
..................................................................
TEMPERATURE (F)
 TODAY
  MAXIMUM         65    131 PM  95    1989  76    -11       79
  MINIMUM         52    421 AM  43    1962  56     -4       50
  AVERAGE         59                        66     -7       65

PRECIPITATION (IN)
  TODAY            T             1.59 1945   0.13  -0.13     0.00
  MONTH TO DATE    3.00                      3.34  -0.34     5.32
  SINCE JUN 1      7.25                      6.82   0.43     7.93
  SINCE JAN 1     18.10                     20.24  -2.14    25.13

SNOWFALL (IN)
  TODAY            0.0           0.0  2002   0.0    0.0      0.0
                                      2001
  MONTH TO DATE    0.0                       0.0    0.0      0.0
  SINCE JUN 1      0.0                       0.0    0.0      0.0
  SINCE JUL 1      0.0                       0.0    0.0      0.0
  SNOW DEPTH       0

DEGREE DAYS
 HEATING
  TODAY            6                         2      4        0
  MONTH TO DATE   59                        52      7       20
  SINCE JUN 1    271                       217     54      109
  SINCE JUL 1     59                        52      7       20

 COOLING
  TODAY            0                         3     -3        0
  MONTH TO DATE   33                        61    -28      117
  SINCE JUN 1     39                        95    -56      153
  SINCE JAN 1     60                       100    -40      156
..................................................................


WIND (MPH)
  HIGHEST WIND SPEED     8   HIGHEST WIND DIRECTION    SE (140)
  HIGHEST GUST SPEED    12   HIGHEST GUST DIRECTION    SE (130)
  AVERAGE WIND SPEED     2.8


SKY COVER
  POSSIBLE SUNSHINE  MM
  AVERAGE SKY COVER 1.0


WEATHER CONDITIONS
 THE FOLLOWING WEATHER WAS RECORDED TODAY.
  LIGHT RAIN


RELATIVE HUMIDITY (PERCENT)
 HIGHEST    96           400 AM
 LOWEST     56           200 PM
 AVERAGE    76

..........................................................


THE CARIBOU ME CLIMATE NORMALS FOR TOMORROW
                         NORMAL    RECORD    YEAR
 MAXIMUM TEMPERATURE (F)   76        93      1963
 MINIMUM TEMPERATURE (F)   56        42      1993


SUNRISE AND SUNSET
JULY 25 2015..........SUNRISE   503 AM EDT   SUNSET   813 PM EDT
JULY 26 2015..........SUNRISE   504 AM EDT   SUNSET   812 PM EDT


-  INDICATES NEGATIVE NUMBERS.
R  INDICATES RECORD WAS SET OR TIED.
MM INDICATES DATA IS MISSING.
T  INDICATES TRACE AMOUNT.




$$
