000
CDUS41 KCAR 220537
CLICAR


CLIMATE REPORT
NATIONAL WEATHER SERVICE CARIBOU, ME
136 AM EDT TUE JUL 22 2014


...................................

...THE CARIBOU ME CLIMATE SUMMARY FOR JULY 21 2014...

CLIMATE NORMAL PERIOD 1981 TO 2010
CLIMATE RECORD PERIOD 1939 TO 2014


WEATHER ITEM   OBSERVED TIME   RECORD YEAR NORMAL DEPARTURE LAST
                VALUE   (LST)  VALUE       VALUE  FROM      YEAR
                                                  NORMAL
..................................................................
TEMPERATURE (F)
 YESTERDAY
  MAXIMUM         81    306 PM  90    1994  76      5       70
  MINIMUM         62   1159 PM  44    1992  56      6       49
                                      1989
  AVERAGE         72                        66      6       60

PRECIPITATION (IN)
  YESTERDAY        0.00          2.02 2008   0.12  -0.12     0.00
  MONTH TO DATE    4.70                      2.82   1.88     5.07
  SINCE JUN 1      7.31                      6.30   1.01    11.13
  SINCE JAN 1     24.51                     19.72   4.79    25.15

SNOWFALL (IN)
  YESTERDAY        0.0           0.0  2002   0.0    0.0      0.0
                                      2001
  MONTH TO DATE    0.0                       0.0    0.0      0.0
  SINCE JUN 1      0.0                       0.0    0.0      0.0
  SINCE JUL 1      0.0                       0.0    0.0      0.0
  SNOW DEPTH       0

DEGREE DAYS
 HEATING
  YESTERDAY        0                         2     -2        5
  MONTH TO DATE   17                        44    -27        8
  SINCE JUN 1    106                       209   -103      186
  SINCE JUL 1     17                        44    -27        8

 COOLING
  YESTERDAY        7                         3      4        0
  MONTH TO DATE  101                        49     52      118
  SINCE JUN 1    137                        83     54      141
  SINCE JAN 1    140                        88     52      149
..................................................................


WIND (MPH)
  HIGHEST WIND SPEED    14   HIGHEST WIND DIRECTION     S (170)
  HIGHEST GUST SPEED    16   HIGHEST GUST DIRECTION     S (170)
  AVERAGE WIND SPEED     2.8


SKY COVER
  POSSIBLE SUNSHINE  MM
  AVERAGE SKY COVER 0.5


WEATHER CONDITIONS
 THE FOLLOWING WEATHER WAS RECORDED YESTERDAY.
  NO SIGNIFICANT WEATHER WAS OBSERVED.


RELATIVE HUMIDITY (PERCENT)
 HIGHEST    93           300 AM
 LOWEST     39           400 PM
 AVERAGE    66

..........................................................


THE CARIBOU ME CLIMATE NORMALS FOR TODAY
                         NORMAL    RECORD    YEAR
 MAXIMUM TEMPERATURE (F)   76        89      1979
 MINIMUM TEMPERATURE (F)   56        41      1992


SUNRISE AND SUNSET
JULY 22 2014..........SUNRISE   500 AM EDT   SUNSET   816 PM EDT
JULY 23 2014..........SUNRISE   501 AM EDT   SUNSET   815 PM EDT


-  INDICATES NEGATIVE NUMBERS.
R  INDICATES RECORD WAS SET OR TIED.
MM INDICATES DATA IS MISSING.
T  INDICATES TRACE AMOUNT.




$$
