000
CDUS41 KCAR 210527
CLICAR


CLIMATE REPORT
NATIONAL WEATHER SERVICE CARIBOU, ME
1226 AM EST WED JAN 21 2015


...................................

...THE CARIBOU ME CLIMATE SUMMARY FOR JANUARY 20 2015...

CLIMATE NORMAL PERIOD 1981 TO 2010
CLIMATE RECORD PERIOD 1939 TO 2015


WEATHER ITEM   OBSERVED TIME   RECORD YEAR NORMAL DEPARTURE LAST
                VALUE   (LST)  VALUE       VALUE  FROM      YEAR
                                                  NORMAL
..................................................................
TEMPERATURE (F)
 YESTERDAY
  MAXIMUM         29   1202 AM  50    1996  19     10       24
  MINIMUM          1   1155 PM -28    1994   0      1       -4
  AVERAGE         15                         9      6       10

PRECIPITATION (IN)
  YESTERDAY        T             1.06 1986   0.09  -0.09      T
  MONTH TO DATE    1.64                      1.77  -0.13     3.08
  SINCE DEC 1      7.52                      5.04   2.48     6.66
  SINCE JAN 1      1.64                      1.77  -0.13     3.08

SNOWFALL (IN)
  YESTERDAY        T            11.1  2005   0.8   -0.8       T
  MONTH TO DATE   13.0                      16.2   -3.2      4.2
  SINCE DEC 1     40.1                      39.1    1.0     49.0
  SINCE JUL 1     68.9                      51.3   17.6     59.1
  SNOW DEPTH      10

DEGREE DAYS
 HEATING
  YESTERDAY       50                        56     -6       55
  MONTH TO DATE 1154                      1093     61      972
  SINCE DEC 1   2469                      2542    -73     2581
  SINCE JUL 1   4421                      4687   -266     4537

 COOLING
  YESTERDAY        0                         0      0        0
  MONTH TO DATE    0                         0      0        0
  SINCE DEC 1      0                         0      0        0
  SINCE JAN 1      0                         0      0        0
..................................................................


WIND (MPH)
  HIGHEST WIND SPEED    20   HIGHEST WIND DIRECTION     W (250)
  HIGHEST GUST SPEED    28   HIGHEST GUST DIRECTION     W (280)
  AVERAGE WIND SPEED    11.1


SKY COVER
  POSSIBLE SUNSHINE  MM
  AVERAGE SKY COVER 0.7


WEATHER CONDITIONS
 THE FOLLOWING WEATHER WAS RECORDED YESTERDAY.
  LIGHT SNOW
  HAZE


RELATIVE HUMIDITY (PERCENT)
 HIGHEST    75          1200 AM
 LOWEST     53           100 PM
 AVERAGE    64

..........................................................


THE CARIBOU ME CLIMATE NORMALS FOR TODAY
                         NORMAL    RECORD    YEAR
 MAXIMUM TEMPERATURE (F)   19        40      1947
 MINIMUM TEMPERATURE (F)    0       -29      1975


SUNRISE AND SUNSET
JANUARY 21 2015.......SUNRISE   709 AM EST   SUNSET   418 PM EST
JANUARY 22 2015.......SUNRISE   708 AM EST   SUNSET   420 PM EST


-  INDICATES NEGATIVE NUMBERS.
R  INDICATES RECORD WAS SET OR TIED.
MM INDICATES DATA IS MISSING.
T  INDICATES TRACE AMOUNT.




$$
