783
CDUS41 KCAR 170539
CLICAR


CLIMATE REPORT
NATIONAL WEATHER SERVICE CARIBOU, ME
1228 AM EST TUE JAN 17 2017


...................................

...THE CARIBOU ME CLIMATE SUMMARY FOR JANUARY 16 2017...

CLIMATE NORMAL PERIOD 1981 TO 2010
CLIMATE RECORD PERIOD 1939 TO 2017


WEATHER ITEM   OBSERVED TIME   RECORD YEAR NORMAL DEPARTURE LAST
                VALUE   (LST)  VALUE       VALUE  FROM      YEAR
                                                  NORMAL
..................................................................
TEMPERATURE (F)
 YESTERDAY
  MAXIMUM         29    844 PM  48    1995  19     10       19
  MINIMUM        -12    214 AM -37    2009   0    -12       10
  AVERAGE          9                        10     -1       15

PRECIPITATION (IN)
  YESTERDAY        T             1.58 1995   0.09  -0.09     0.04
  MONTH TO DATE    1.46                      1.42   0.04     1.25
  SINCE DEC 1      5.66                      4.69   0.97     6.13
  SINCE JAN 1      1.46                      1.42   0.04     1.25

SNOWFALL (IN)
  YESTERDAY        T            13.7  1983   0.8   -0.8      0.5
  MONTH TO DATE   10.2                      13.0   -2.8      9.1
  SINCE DEC 1     51.4                      35.9   15.5     36.9
  SINCE JUL 1     71.6                      48.1   23.5     41.0
  SNOW DEPTH      20

DEGREE DAYS
 HEATING
  YESTERDAY       56                        55      1       50
  MONTH TO DATE  817                       869    -52      757
  SINCE DEC 1   2310                      2318     -8     1879
  SINCE JUL 1   3997                      4463   -466     3697

 COOLING
  YESTERDAY        0                         0      0        0
  MONTH TO DATE    0                         0      0        0
  SINCE DEC 1      0                         0      0        0
  SINCE JAN 1      0                         0      0        0
..................................................................


WIND (MPH)
  HIGHEST WIND SPEED    14   HIGHEST WIND DIRECTION     S (170)
  HIGHEST GUST SPEED    18   HIGHEST GUST DIRECTION     W (260)
  AVERAGE WIND SPEED     5.6


SKY COVER
  POSSIBLE SUNSHINE  MM
  AVERAGE SKY COVER 0.8


WEATHER CONDITIONS
 THE FOLLOWING WEATHER WAS RECORDED YESTERDAY.
  LIGHT SNOW
  HAZE


RELATIVE HUMIDITY (PERCENT)
 HIGHEST    79           400 AM
 LOWEST     56           300 PM
 AVERAGE    68

..........................................................


THE CARIBOU ME CLIMATE NORMALS FOR TODAY
                         NORMAL    RECORD    YEAR
 MAXIMUM TEMPERATURE (F)   19        47      1959
 MINIMUM TEMPERATURE (F)    0       -33      2009


SUNRISE AND SUNSET
JANUARY 17 2017.......SUNRISE   711 AM EST   SUNSET   414 PM EST
JANUARY 18 2017.......SUNRISE   711 AM EST   SUNSET   415 PM EST


-  INDICATES NEGATIVE NUMBERS.
R  INDICATES RECORD WAS SET OR TIED.
MM INDICATES DATA IS MISSING.
T  INDICATES TRACE AMOUNT.




$$
