000
CDUS41 KCAR 160527
CLICAR

CLIMATE REPORT
NATIONAL WEATHER SERVICE CARIBOU, ME
126 AM EDT TUE MAY 16 2017


...................................

...THE CARIBOU ME CLIMATE SUMMARY FOR MAY 15 2017...

CLIMATE NORMAL PERIOD 1981 TO 2010
CLIMATE RECORD PERIOD 1939 TO 2017


WEATHER ITEM   OBSERVED TIME   RECORD YEAR NORMAL DEPARTURE LAST
                VALUE   (LST)  VALUE       VALUE  FROM      YEAR
                                                  NORMAL
..................................................................
TEMPERATURE (F)
 YESTERDAY
  MAXIMUM         51    147 PM  86    1974  63    -12       51
  MINIMUM         45   1159 PM  25    1947  40      5       33
  AVERAGE         48                        51     -3       42

PRECIPITATION (IN)
  YESTERDAY        0.06          1.09 1960   0.11  -0.05     0.49
  MONTH TO DATE    3.42                      1.49   1.93     1.62
  SINCE MAR 1     10.00                      6.66   3.34     9.12
  SINCE JAN 1     15.62                     11.58   4.04    14.59

SNOWFALL (IN)
  YESTERDAY        0.0           0.4  2002   0.0    0.0       T
  MONTH TO DATE    T                         0.4   -0.4      0.3
  SINCE MAR 1     33.0                      26.1    6.9     30.3
  SINCE JUL 1    129.6                     108.6   21.0     90.3
  SNOW DEPTH       0

DEGREE DAYS
 HEATING
  YESTERDAY       17                        14      3       23
  MONTH TO DATE  230                       244    -14      234
  SINCE MAR 1   2317                      2289     28     2364
  SINCE JUL 1   8298                      9010   -712     8106

 COOLING
  YESTERDAY        0                         0      0        0
  MONTH TO DATE    0                         0      0        0
  SINCE MAR 1      0                         0      0        0
  SINCE JAN 1      0                         0      0        0
..................................................................


WIND (MPH)
  HIGHEST WIND SPEED    23   HIGHEST WIND DIRECTION    NE (30)
  HIGHEST GUST SPEED    36   HIGHEST GUST DIRECTION    NE (40)
  AVERAGE WIND SPEED    11.6


SKY COVER
  POSSIBLE SUNSHINE  MM
  AVERAGE SKY COVER 0.9


WEATHER CONDITIONS
 THE FOLLOWING WEATHER WAS RECORDED YESTERDAY.
  LIGHT RAIN


RELATIVE HUMIDITY (PERCENT)
 HIGHEST    83           300 PM
 LOWEST     50          1200 AM
 AVERAGE    67

..........................................................


THE CARIBOU ME CLIMATE NORMALS FOR TODAY
                         NORMAL    RECORD    YEAR
 MAXIMUM TEMPERATURE (F)   63        81      1986
 MINIMUM TEMPERATURE (F)   41        30      1957
                                             1949


SUNRISE AND SUNSET
MAY 16 2017...........SUNRISE   456 AM EDT   SUNSET   802 PM EDT
MAY 17 2017...........SUNRISE   455 AM EDT   SUNSET   803 PM EDT


-  INDICATES NEGATIVE NUMBERS.
R  INDICATES RECORD WAS SET OR TIED.
MM INDICATES DATA IS MISSING.
T  INDICATES TRACE AMOUNT.
***************************************************************

THE CARIBOU ME 4 INCH UNDER SOD SOIL TEMPERATURE FOR MAY 15 2017

MAXIMUM 56F MINIMUM 52F

$$
