000
CDUS41 KCAR 130526
CLICAR


CLIMATE REPORT
NATIONAL WEATHER SERVICE CARIBOU, ME
126 AM EDT SAT SEP 13 2014


...................................

...THE CARIBOU ME CLIMATE SUMMARY FOR SEPTEMBER 12 2014...

CLIMATE NORMAL PERIOD 1981 TO 2010
CLIMATE RECORD PERIOD 1939 TO 2014


WEATHER ITEM   OBSERVED TIME   RECORD YEAR NORMAL DEPARTURE LAST
                VALUE   (LST)  VALUE       VALUE  FROM      YEAR
                                                  NORMAL
..................................................................
TEMPERATURE (F)
 YESTERDAY
  MAXIMUM         61    232 PM  82    1982  67     -6       70
                                      1951
  MINIMUM         39   1146 PM  32    2006  46     -7       62
                                      1985
                                      1967
  AVERAGE         50                        56     -6       66

PRECIPITATION (IN)
  YESTERDAY        0.00          1.23 2013   0.10  -0.10     1.23
  MONTH TO DATE    2.02                      1.25   0.77     4.54
  SINCE SEP 1      2.02                      1.25   0.77     4.54
  SINCE JAN 1     30.68                     25.99   4.69    37.56

SNOWFALL (IN)
  YESTERDAY        0.0           0.0  2002   0.0    0.0      0.0
                                      2001
  MONTH TO DATE    0.0                       0.0    0.0      0.0
  SINCE SEP 1      0.0                       0.0    0.0      0.0
  SINCE JUL 1      0.0                       0.0    0.0      0.0
  SNOW DEPTH       0

DEGREE DAYS
 HEATING
  YESTERDAY       15                         9      6        0
  MONTH TO DATE   58                        88    -30       80
  SINCE SEP 1     58                        88    -30       80
  SINCE JUL 1    116                       242   -126      194

 COOLING
  YESTERDAY        0                         0      0        1
  MONTH TO DATE   21                        10     11       13
  SINCE SEP 1     21                        10     11       13
  SINCE JAN 1    262                       179     83      192
..................................................................


WIND (MPH)
  HIGHEST WIND SPEED    25   HIGHEST WIND DIRECTION    NW (330)
  HIGHEST GUST SPEED    35   HIGHEST GUST DIRECTION    NW (320)
  AVERAGE WIND SPEED    10.7


SKY COVER
  POSSIBLE SUNSHINE  MM
  AVERAGE SKY COVER 0.3


WEATHER CONDITIONS
 THE FOLLOWING WEATHER WAS RECORDED YESTERDAY.
  NO SIGNIFICANT WEATHER WAS OBSERVED.


RELATIVE HUMIDITY (PERCENT)
 HIGHEST    77           100 AM
 LOWEST     37           400 PM
 AVERAGE    57

..........................................................


THE CARIBOU ME CLIMATE NORMALS FOR TODAY
                         NORMAL    RECORD    YEAR
 MAXIMUM TEMPERATURE (F)   67        87      1951
 MINIMUM TEMPERATURE (F)   45        31      1964
                                             1963


SUNRISE AND SUNSET
SEPTEMBER 13 2014.....SUNRISE   607 AM EDT   SUNSET   648 PM EDT
SEPTEMBER 14 2014.....SUNRISE   608 AM EDT   SUNSET   646 PM EDT


-  INDICATES NEGATIVE NUMBERS.
R  INDICATES RECORD WAS SET OR TIED.
MM INDICATES DATA IS MISSING.
T  INDICATES TRACE AMOUNT.




$$
