000
CDUS41 KCAR 310531
CLICAR

CLIMATE REPORT
NATIONAL WEATHER SERVICE CARIBOU, ME
128 AM EDT FRI JUL 31 2015


...................................

...THE CARIBOU ME CLIMATE SUMMARY FOR JULY 30 2015...

CLIMATE NORMAL PERIOD 1981 TO 2010
CLIMATE RECORD PERIOD 1939 TO 2015


WEATHER ITEM   OBSERVED TIME   RECORD YEAR NORMAL DEPARTURE LAST
                VALUE   (LST)  VALUE       VALUE  FROM      YEAR
                                                  NORMAL
..................................................................
TEMPERATURE (F)
 YESTERDAY
  MAXIMUM         85    225 PM  90    1988  76      9       74
                                      1959
  MINIMUM         53    447 AM  40    1952  55     -2       52
  AVERAGE         69                        66      3       63

PRECIPITATION (IN)
  YESTERDAY        0.04          1.22 1969   0.12  -0.08     0.03
  MONTH TO DATE    3.19                      3.96  -0.77     7.05
  SINCE JUN 1      7.44                      7.44   0.00     9.66
  SINCE JAN 1     18.29                     20.86  -2.57    26.86

SNOWFALL (IN)
  YESTERDAY        0.0           0.0  2002   0.0    0.0      0.0
                                      2001
  MONTH TO DATE    0.0                       0.0    0.0      0.0
  SINCE JUN 1      0.0                       0.0    0.0      0.0
  SINCE JUL 1      0.0                       0.0    0.0      0.0
  SNOW DEPTH       0

DEGREE DAYS
 HEATING
  YESTERDAY        0                         2     -2        2
  MONTH TO DATE   65                        62      3       24
  SINCE JUN 1    277                       227     50      113
  SINCE JUL 1     65                        62      3       24

 COOLING
  YESTERDAY        4                         3      1        0
  MONTH TO DATE   49                        76    -27      127
  SINCE JUN 1     55                       110    -55      163
  SINCE JAN 1     76                       115    -39      166
..................................................................


WIND (MPH)
  HIGHEST WIND SPEED    16   HIGHEST WIND DIRECTION     S (160)
  HIGHEST GUST SPEED    20   HIGHEST GUST DIRECTION     S (160)
  AVERAGE WIND SPEED     6.5


SKY COVER
  POSSIBLE SUNSHINE  MM
  AVERAGE SKY COVER 0.2


WEATHER CONDITIONS
 THE FOLLOWING WEATHER WAS RECORDED YESTERDAY.
  LIGHT RAIN
  FOG
  FOG W/VISIBILITY <= 1/4 MILE


RELATIVE HUMIDITY (PERCENT)
 HIGHEST    93          1200 AM
 LOWEST     51           100 PM
 AVERAGE    72

..........................................................


THE CARIBOU ME CLIMATE NORMALS FOR TODAY
                         NORMAL    RECORD    YEAR
 MAXIMUM TEMPERATURE (F)   76        90      1995
 MINIMUM TEMPERATURE (F)   55        41      1978


SUNRISE AND SUNSET
JULY 31 2015..........SUNRISE   510 AM EDT   SUNSET   806 PM EDT
AUGUST  1 2015........SUNRISE   512 AM EDT   SUNSET   805 PM EDT


-  INDICATES NEGATIVE NUMBERS.
R  INDICATES RECORD WAS SET OR TIED.
MM INDICATES DATA IS MISSING.
T  INDICATES TRACE AMOUNT.

THE CARIBOU ME 4 INCH SOIL TEMPERATURES FOR JUL 30 2015

MAXIMUM SOIL TEMPERATURE (F): 74
MINIMUM SOIL TEMPERATURE (F): 67



$$
