000
CDUS41 KCAR 200529
CLICAR


CLIMATE REPORT
NATIONAL WEATHER SERVICE CARIBOU, ME
129 AM EDT SUN JUL 20 2014


...................................

...THE CARIBOU ME CLIMATE SUMMARY FOR JULY 19 2014...

CLIMATE NORMAL PERIOD 1981 TO 2010
CLIMATE RECORD PERIOD 1939 TO 2014


WEATHER ITEM   OBSERVED TIME   RECORD YEAR NORMAL DEPARTURE LAST
                VALUE   (LST)  VALUE       VALUE  FROM      YEAR
                                                  NORMAL
..................................................................
TEMPERATURE (F)
 YESTERDAY
  MAXIMUM         81    258 PM  95    1991  76      5       76
  MINIMUM         54    432 AM  42    1944  56     -2       62
                                      1943
  AVERAGE         68                        66      2       69

PRECIPITATION (IN)
  YESTERDAY        0.00          1.20 2013   0.13  -0.13     1.20
  MONTH TO DATE    4.70                      2.57   2.13     5.04
  SINCE JUN 1      7.31                      6.05   1.26    11.10
  SINCE JAN 1     24.51                     19.47   5.04    25.12

SNOWFALL (IN)
  YESTERDAY        0.0           0.0  2002   0.0    0.0      0.0
                                      2001
  MONTH TO DATE    0.0                       0.0    0.0      0.0
  SINCE JUN 1      0.0                       0.0    0.0      0.0
  SINCE JUL 1      0.0                       0.0    0.0      0.0
  SNOW DEPTH       0

DEGREE DAYS
 HEATING
  YESTERDAY        0                         1     -1        0
  MONTH TO DATE   17                        40    -23        3
  SINCE JUN 1    106                       205    -99      181
  SINCE JUL 1     17                        40    -23        3

 COOLING
  YESTERDAY        3                         2      1        4
  MONTH TO DATE   90                        43     47      115
  SINCE JUN 1    126                        77     49      138
  SINCE JAN 1    129                        82     47      146
..................................................................


WIND (MPH)
  HIGHEST WIND SPEED     8   HIGHEST WIND DIRECTION     S (190)
  HIGHEST GUST SPEED    10   HIGHEST GUST DIRECTION     S (160)
  AVERAGE WIND SPEED     2.2


SKY COVER
  POSSIBLE SUNSHINE  MM
  AVERAGE SKY COVER 0.0


WEATHER CONDITIONS
 THE FOLLOWING WEATHER WAS RECORDED YESTERDAY.
  NO SIGNIFICANT WEATHER WAS OBSERVED.


RELATIVE HUMIDITY (PERCENT)
 HIGHEST    93           200 AM
 LOWEST     42           300 PM
 AVERAGE    68

..........................................................


THE CARIBOU ME CLIMATE NORMALS FOR TODAY
                         NORMAL    RECORD    YEAR
 MAXIMUM TEMPERATURE (F)   76        95      1991
 MINIMUM TEMPERATURE (F)   56        40      1943


SUNRISE AND SUNSET
JULY 20 2014..........SUNRISE   458 AM EDT   SUNSET   818 PM EDT
JULY 21 2014..........SUNRISE   459 AM EDT   SUNSET   817 PM EDT


-  INDICATES NEGATIVE NUMBERS.
R  INDICATES RECORD WAS SET OR TIED.
MM INDICATES DATA IS MISSING.
T  INDICATES TRACE AMOUNT.




$$
