000
CDUS41 KCAR 260530
CLICAR

CLIMATE REPORT
NATIONAL WEATHER SERVICE CARIBOU, ME
129 AM EDT WED AUG 26 2015


...................................

...THE CARIBOU ME CLIMATE SUMMARY FOR AUGUST 25 2015...

CLIMATE NORMAL PERIOD 1981 TO 2010
CLIMATE RECORD PERIOD 1939 TO 2015


WEATHER ITEM   OBSERVED TIME   RECORD YEAR NORMAL DEPARTURE LAST
                VALUE   (LST)  VALUE       VALUE  FROM      YEAR
                                                  NORMAL
..................................................................
TEMPERATURE (F)
 YESTERDAY
  MAXIMUM         78    231 PM  88    2014  73      5       88
  MINIMUM         64    600 AM  34    2003  51     13       57
  AVERAGE         71                        62      9       73

PRECIPITATION (IN)
  YESTERDAY        T             1.34 1988   0.11  -0.11     0.00
  MONTH TO DATE    3.32                      3.07   0.25     1.68
  SINCE JUN 1     10.76                     10.63   0.13    11.35
  SINCE JAN 1     21.61                     24.05  -2.44    28.55

SNOWFALL (IN)
  YESTERDAY        0.0           0.0  2002   0.0    0.0      0.0
                                      2001
  MONTH TO DATE    0.0                       0.0    0.0      0.0
  SINCE JUN 1      0.0                       0.0    0.0      0.0
  SINCE JUL 1      0.0                       0.0    0.0      0.0
  SNOW DEPTH       0

DEGREE DAYS
 HEATING
  YESTERDAY        0                         4     -4        0
  MONTH TO DATE   10                        66    -56       21
  SINCE JUN 1    287                       289     -2      134
  SINCE JUL 1     75                       124    -49       45

 COOLING
  YESTERDAY        6                         1      5        8
  MONTH TO DATE  110                        45     65       59
  SINCE JUN 1    172                       156     16      225
  SINCE JAN 1    193                       161     32      228
..................................................................


WIND (MPH)
  HIGHEST WIND SPEED    16   HIGHEST WIND DIRECTION    SE (150)
  HIGHEST GUST SPEED    21   HIGHEST GUST DIRECTION     S (160)
  AVERAGE WIND SPEED     8.0


SKY COVER
  POSSIBLE SUNSHINE  MM
  AVERAGE SKY COVER 0.8


WEATHER CONDITIONS
 THE FOLLOWING WEATHER WAS RECORDED YESTERDAY.
  LIGHT RAIN


RELATIVE HUMIDITY (PERCENT)
 HIGHEST   100           100 AM
 LOWEST     64           300 PM
 AVERAGE    82

..........................................................


THE CARIBOU ME CLIMATE NORMALS FOR TODAY
                         NORMAL    RECORD    YEAR
 MAXIMUM TEMPERATURE (F)   73        89      2012
 MINIMUM TEMPERATURE (F)   51        34      1942


SUNRISE AND SUNSET
AUGUST 26 2015........SUNRISE   543 AM EDT   SUNSET   723 PM EDT
AUGUST 27 2015........SUNRISE   545 AM EDT   SUNSET   722 PM EDT


-  INDICATES NEGATIVE NUMBERS.
R  INDICATES RECORD WAS SET OR TIED.
MM INDICATES DATA IS MISSING.
T  INDICATES TRACE AMOUNT.

---------------------------------------------------------------------
THE CARIBOU ME 4 INCH SOIL TEMPERATURES FOR AUG 25 2015

MAXIMUM SOIL TEMPERATURE (F): 75
MINIMUM SOIL TEMPERATURE (F): 73

$$

CB
