000
CDUS41 KCAR 220528
CLICAR


CLIMATE REPORT
NATIONAL WEATHER SERVICE CARIBOU, ME
126 AM EDT FRI JUL 22 2016


...................................

...THE CARIBOU ME CLIMATE SUMMARY FOR JULY 21 2016...

CLIMATE NORMAL PERIOD 1981 TO 2010
CLIMATE RECORD PERIOD 1939 TO 2016


WEATHER ITEM   OBSERVED TIME   RECORD YEAR NORMAL DEPARTURE LAST
                VALUE   (LST)  VALUE       VALUE  FROM      YEAR
                                                  NORMAL
..................................................................
TEMPERATURE (F)
 YESTERDAY
  MAXIMUM         82   1220 PM  90    1994  76      6       70
  MINIMUM         55    302 AM  44    1992  56     -1       60
                                      1989
  AVERAGE         69                        66      3       65

PRECIPITATION (IN)
  YESTERDAY        0.00          2.02 2008   0.12  -0.12     0.12
  MONTH TO DATE    4.24                      2.82   1.42     2.61
  SINCE JUN 1      7.89                      6.30   1.59     6.86
  SINCE JAN 1     23.82                     19.72   4.10    17.71

SNOWFALL (IN)
  YESTERDAY        0.0           0.0  2002   0.0    0.0      0.0
                                      2001
  MONTH TO DATE    0.0                       0.0    0.0      0.0
  SINCE JUN 1      0.0                       0.0    0.0      0.0
  SINCE JUL 1      0.0                       0.0    0.0      0.0
  SNOW DEPTH       0

DEGREE DAYS
 HEATING
  YESTERDAY        0                         2     -2        0
  MONTH TO DATE   48                        44      4       42
  SINCE JUN 1    192                       209    -17      254
  SINCE JUL 1     48                        44      4       42

 COOLING
  YESTERDAY        4                         3      1        0
  MONTH TO DATE   54                        49      5       31
  SINCE JUN 1     99                        83     16       37
  SINCE JAN 1    107                        88     19       58
..................................................................


WIND (MPH)
  HIGHEST WIND SPEED    15   HIGHEST WIND DIRECTION    SW (240)
  HIGHEST GUST SPEED    22   HIGHEST GUST DIRECTION     W (250)
  AVERAGE WIND SPEED     6.7


SKY COVER
  POSSIBLE SUNSHINE  MM
  AVERAGE SKY COVER 0.1


WEATHER CONDITIONS
 THE FOLLOWING WEATHER WAS RECORDED YESTERDAY.
  NO SIGNIFICANT WEATHER WAS OBSERVED.


RELATIVE HUMIDITY (PERCENT)
 HIGHEST    93           200 AM
 LOWEST     42          1200 PM
 AVERAGE    68

..........................................................


THE CARIBOU ME CLIMATE NORMALS FOR TODAY
                         NORMAL    RECORD    YEAR
 MAXIMUM TEMPERATURE (F)   76        89      1979
 MINIMUM TEMPERATURE (F)   56        41      1992


SUNRISE AND SUNSET
JULY 22 2016..........SUNRISE   501 AM EDT   SUNSET   816 PM EDT
JULY 23 2016..........SUNRISE   502 AM EDT   SUNSET   815 PM EDT


-  INDICATES NEGATIVE NUMBERS.
R  INDICATES RECORD WAS SET OR TIED.
MM INDICATES DATA IS MISSING.
T  INDICATES TRACE AMOUNT.

---------------------------------------------------------------------
THE CARIBOU ME 4-INCH UNDER SOD SOIL TEMP FOR JULY 21 2016:

MAXIMUM SOIL TEMPERATURE: 73 F
MINIMUM SOIL TEMPERATURE: 66 F


$$
