000
CDUS41 KCAR 020530
CLICAR


CLIMATE REPORT
NATIONAL WEATHER SERVICE CARIBOU, ME
127 AM EDT THU JUL 2 2015


...................................

...THE CARIBOU ME CLIMATE SUMMARY FOR JULY 1 2015...

CLIMATE NORMAL PERIOD 1981 TO 2010
CLIMATE RECORD PERIOD 1939 TO 2015


WEATHER ITEM   OBSERVED TIME   RECORD YEAR NORMAL DEPARTURE LAST
                VALUE   (LST)  VALUE       VALUE  FROM      YEAR
                                                  NORMAL
..................................................................
TEMPERATURE (F)
 YESTERDAY
  MAXIMUM         70   1019 AM  89    2014  75     -5       89
  MINIMUM         59    435 AM  41    1989  54      5       66
  AVERAGE         65                        64      1       78

PRECIPITATION (IN)
  YESTERDAY        0.52          1.42 1994   0.14   0.38     0.00
  MONTH TO DATE    0.52                      0.14   0.38     0.00
  SINCE JUN 1      4.77                      3.62   1.15     2.61
  SINCE JAN 1     15.62                     17.04  -1.42    19.81

SNOWFALL (IN)
  YESTERDAY        0.0           0.0  2002   0.0    0.0      0.0
                                      2001
  MONTH TO DATE    0.0                       0.0    0.0      0.0
  SINCE JUN 1      0.0                       0.0    0.0      0.0
  SINCE JUL 1      0.0                       0.0    0.0      0.0
  SNOW DEPTH       0

DEGREE DAYS
 HEATING
  YESTERDAY        0                         3     -3        0
  MONTH TO DATE    0                         3     -3        0
  SINCE JUN 1    212                       168     44       89
  SINCE JUL 1      0                         3     -3        0

 COOLING
  YESTERDAY        0                         2     -2       13
  MONTH TO DATE    0                         2     -2       13
  SINCE JUN 1      6                        36    -30       49
  SINCE JAN 1     27                        41    -14       52
..................................................................


WIND (MPH)
  HIGHEST WIND SPEED    15   HIGHEST WIND DIRECTION     S (160)
  HIGHEST GUST SPEED    20   HIGHEST GUST DIRECTION     S (160)
  AVERAGE WIND SPEED     6.5


SKY COVER
  POSSIBLE SUNSHINE  MM
  AVERAGE SKY COVER 0.7


WEATHER CONDITIONS
 THE FOLLOWING WEATHER WAS RECORDED YESTERDAY.
  HEAVY RAIN
  RAIN
  LIGHT RAIN
  FOG


RELATIVE HUMIDITY (PERCENT)
 HIGHEST    97           700 PM
 LOWEST     63          1100 AM
 AVERAGE    80

..........................................................


THE CARIBOU ME CLIMATE NORMALS FOR TODAY
                         NORMAL    RECORD    YEAR
 MAXIMUM TEMPERATURE (F)   75        91      2014
 MINIMUM TEMPERATURE (F)   54        41      1965
                                             1943


SUNRISE AND SUNSET
JULY  2 2015..........SUNRISE   442 AM EDT   SUNSET   830 PM EDT
JULY  3 2015..........SUNRISE   443 AM EDT   SUNSET   830 PM EDT


-  INDICATES NEGATIVE NUMBERS.
R  INDICATES RECORD WAS SET OR TIED.
MM INDICATES DATA IS MISSING.
T  INDICATES TRACE AMOUNT.

----------------------------------------------------------------
THE CARIBOU ME 4 INCH SOIL TEMPERATURES FOR JUL 1 2015

MAXIMUM SOIL TEMPERATURE (F): 70
MINIMUM SOIL TEMPERATURE (F): 65

$$
