000
CDUS41 KCAR 120526
CLICAR


CLIMATE REPORT
NATIONAL WEATHER SERVICE CARIBOU, ME
1226 AM EST SUN FEB 12 2017


...................................

...THE CARIBOU ME CLIMATE SUMMARY FOR FEBRUARY 11 2017...

CLIMATE NORMAL PERIOD 1981 TO 2010
CLIMATE RECORD PERIOD 1939 TO 2017


WEATHER ITEM   OBSERVED TIME   RECORD YEAR NORMAL DEPARTURE LAST
                VALUE   (LST)  VALUE       VALUE  FROM      YEAR
                                                  NORMAL
..................................................................
TEMPERATURE (F)
 YESTERDAY
  MAXIMUM          5    451 PM  51    1981  23    -18       21
  MINIMUM        -16    720 AM -26    1975   3    -19        4
  AVERAGE         -5                        13    -18       13

PRECIPITATION (IN)
  YESTERDAY        0.01          1.22 1940   0.07  -0.06     0.01
  MONTH TO DATE    0.91                      0.86   0.05     0.87
  SINCE DEC 1      8.56                      6.84   1.72     7.17
  SINCE JAN 1      4.36                      3.57   0.79     2.29

SNOWFALL (IN)
  YESTERDAY        0.2          11.4  1940   0.9   -0.7      0.3
  MONTH TO DATE    9.1                       8.9    0.2      8.2
  SINCE DEC 1     69.7                      57.0   12.7     47.2
  SINCE JUL 1     89.9                      69.2   20.7     51.3
  SNOW DEPTH      28

DEGREE DAYS
 HEATING
  YESTERDAY       70                        52     18       52
  MONTH TO DATE  656                       587     69      507
  SINCE DEC 1   3597                      3736   -139     3086
  SINCE JUL 1   5284                      5881   -597     4904

 COOLING
  YESTERDAY        0                         0      0        0
  MONTH TO DATE    0                         0      0        0
  SINCE DEC 1      0                         0      0        0
  SINCE JAN 1      0                         0      0        0
..................................................................


WIND (MPH)
  HIGHEST WIND SPEED     7   HIGHEST WIND DIRECTION    NW (300)
  HIGHEST GUST SPEED     8   HIGHEST GUST DIRECTION     W (270)
  AVERAGE WIND SPEED     1.7


SKY COVER
  POSSIBLE SUNSHINE  MM
  AVERAGE SKY COVER 0.4


WEATHER CONDITIONS
 THE FOLLOWING WEATHER WAS RECORDED YESTERDAY.
  LIGHT SNOW
  HAZE


RELATIVE HUMIDITY (PERCENT)
 HIGHEST    90          1000 PM
 LOWEST     62          1100 AM
 AVERAGE    76

..........................................................


THE CARIBOU ME CLIMATE NORMALS FOR TODAY
                         NORMAL    RECORD    YEAR
 MAXIMUM TEMPERATURE (F)   23        50      1981
 MINIMUM TEMPERATURE (F)    3       -27      1975


SUNRISE AND SUNSET
FEBRUARY 12 2017......SUNRISE   641 AM EST   SUNSET   453 PM EST
FEBRUARY 13 2017......SUNRISE   639 AM EST   SUNSET   454 PM EST


-  INDICATES NEGATIVE NUMBERS.
R  INDICATES RECORD WAS SET OR TIED.
MM INDICATES DATA IS MISSING.
T  INDICATES TRACE AMOUNT.




$$
