000
CDUS41 KCAR 220527
CLICAR


CLIMATE REPORT
NATIONAL WEATHER SERVICE CARIBOU, ME
1226 AM EST THU JAN 22 2015


...................................

...THE CARIBOU ME CLIMATE SUMMARY FOR JANUARY 21 2015...

CLIMATE NORMAL PERIOD 1981 TO 2010
CLIMATE RECORD PERIOD 1939 TO 2015


WEATHER ITEM   OBSERVED TIME   RECORD YEAR NORMAL DEPARTURE LAST
                VALUE   (LST)  VALUE       VALUE  FROM      YEAR
                                                  NORMAL
..................................................................
TEMPERATURE (F)
 YESTERDAY
  MAXIMUM         18    358 PM  40    1947  19     -1        1
  MINIMUM         -1    733 AM -29    1975   0     -1      -10
  AVERAGE          9                         9      0       -4

PRECIPITATION (IN)
  YESTERDAY        0.00          0.95 1979   0.09  -0.09     0.00
  MONTH TO DATE    1.64                      1.86  -0.22     3.08
  SINCE DEC 1      7.52                      5.13   2.39     6.66
  SINCE JAN 1      1.64                      1.86  -0.22     3.08

SNOWFALL (IN)
  YESTERDAY        0.0          10.4  1979   0.8   -0.8      0.0
  MONTH TO DATE   13.0                      17.0   -4.0      4.2
  SINCE DEC 1     40.1                      39.9    0.2     49.0
  SINCE JUL 1     68.9                      52.1   16.8     59.1
  SNOW DEPTH      10

DEGREE DAYS
 HEATING
  YESTERDAY       56                        56      0       69
  MONTH TO DATE 1210                      1149     61     1041
  SINCE DEC 1   2525                      2598    -73     2650
  SINCE JUL 1   4477                      4743   -266     4606

 COOLING
  YESTERDAY        0                         0      0        0
  MONTH TO DATE    0                         0      0        0
  SINCE DEC 1      0                         0      0        0
  SINCE JAN 1      0                         0      0        0
..................................................................


WIND (MPH)
  HIGHEST WIND SPEED    13   HIGHEST WIND DIRECTION    NW (310)
  HIGHEST GUST SPEED    21   HIGHEST GUST DIRECTION     W (260)
  AVERAGE WIND SPEED     5.6


SKY COVER
  POSSIBLE SUNSHINE  MM
  AVERAGE SKY COVER 0.0


WEATHER CONDITIONS
 THE FOLLOWING WEATHER WAS RECORDED YESTERDAY.
  NO SIGNIFICANT WEATHER WAS OBSERVED.


RELATIVE HUMIDITY (PERCENT)
 HIGHEST    86          1000 PM
 LOWEST     49           300 PM
 AVERAGE    68

..........................................................


THE CARIBOU ME CLIMATE NORMALS FOR TODAY
                         NORMAL    RECORD    YEAR
 MAXIMUM TEMPERATURE (F)   19        42      1957
 MINIMUM TEMPERATURE (F)    0       -27      1984


SUNRISE AND SUNSET
JANUARY 22 2015.......SUNRISE   708 AM EST   SUNSET   420 PM EST
JANUARY 23 2015.......SUNRISE   707 AM EST   SUNSET   421 PM EST


-  INDICATES NEGATIVE NUMBERS.
R  INDICATES RECORD WAS SET OR TIED.
MM INDICATES DATA IS MISSING.
T  INDICATES TRACE AMOUNT.




$$
