000
CDUS41 KCAR 062127
CLICAR


CLIMATE REPORT
NATIONAL WEATHER SERVICE CARIBOU, ME
427 PM EST MON NOV 6 2017


...................................

...THE CARIBOU ME CLIMATE SUMMARY FOR NOVEMBER 6 2017...
VALID TODAY AS OF 0400 PM LOCAL TIME.

CLIMATE NORMAL PERIOD 1981 TO 2010
CLIMATE RECORD PERIOD 1939 TO 2017


WEATHER ITEM   OBSERVED TIME   RECORD YEAR NORMAL DEPARTURE LAST
                VALUE   (LST)  VALUE       VALUE  FROM      YEAR
                                                  NORMAL
..................................................................
TEMPERATURE (F)
 TODAY
  MAXIMUM         61   1145 AM  63    1959  43     18       43
  MINIMUM         44    359 PM  14    1973  28     16       29
  AVERAGE         53                        36     17       36

PRECIPITATION (IN)
  TODAY            0.65          1.20 1985   0.12   0.53     0.00
  MONTH TO DATE    1.51                      0.74   0.77     0.36
  SINCE SEP 1     10.87                      7.59   3.28     5.38
  SINCE JAN 1     36.73                     32.33   4.40    36.49

SNOWFALL (IN)
  TODAY            0.0           6.0  1990   0.2   -0.2      0.0
  MONTH TO DATE    0.0                       1.1   -1.1       T
  SINCE SEP 1      0.0                       2.8   -2.8       T
  SINCE JUL 1      0.0                       2.8   -2.8       T
  SNOW DEPTH       0

DEGREE DAYS
 HEATING
  TODAY           12                        29    -17       29
  MONTH TO DATE  123                       171    -48      164
  SINCE SEP 1    683                      1157   -474      935
  SINCE JUL 1    807                      1311   -504     1015

 COOLING
  TODAY            0                         0      0        0
  MONTH TO DATE    0                         0      0        0
  SINCE SEP 1     35                        11     24       22
  SINCE JAN 1    222                       180     42      275
..................................................................


WIND (MPH)
  HIGHEST WIND SPEED    29   HIGHEST WIND DIRECTION     N (350)
  HIGHEST GUST SPEED    37   HIGHEST GUST DIRECTION     N (360)
  AVERAGE WIND SPEED    12.7


SKY COVER
  POSSIBLE SUNSHINE  MM
  AVERAGE SKY COVER 0.9


WEATHER CONDITIONS
 THE FOLLOWING WEATHER WAS RECORDED TODAY.
  HEAVY RAIN
  RAIN
  LIGHT RAIN
  FOG


RELATIVE HUMIDITY (PERCENT)
 HIGHEST    93           200 AM
 LOWEST     86           400 AM
 AVERAGE    90

..........................................................


THE CARIBOU ME CLIMATE NORMALS FOR TOMORROW
                         NORMAL    RECORD    YEAR
 MAXIMUM TEMPERATURE (F)   42        63      1948
 MINIMUM TEMPERATURE (F)   28         8      2002


SUNRISE AND SUNSET
NOVEMBER  6 2017......SUNRISE   622 AM EST   SUNSET   409 PM EST
NOVEMBER  7 2017......SUNRISE   624 AM EST   SUNSET   407 PM EST


-  INDICATES NEGATIVE NUMBERS.
R  INDICATES RECORD WAS SET OR TIED.
MM INDICATES DATA IS MISSING.
T  INDICATES TRACE AMOUNT.




$$
