000
CDUS41 KCAR 200528
CLICAR


CLIMATE REPORT
NATIONAL WEATHER SERVICE CARIBOU, ME
127 AM EDT SAT AUG 20 2016


...................................

...THE CARIBOU ME CLIMATE SUMMARY FOR AUGUST 19 2016...

CLIMATE NORMAL PERIOD 1981 TO 2010
CLIMATE RECORD PERIOD 1939 TO 2016


WEATHER ITEM   OBSERVED TIME   RECORD YEAR NORMAL DEPARTURE LAST
                VALUE   (LST)  VALUE       VALUE  FROM      YEAR
                                                  NORMAL
..................................................................
TEMPERATURE (F)
 YESTERDAY
  MAXIMUM         72    242 PM  92    1960  74     -2       86
  MINIMUM         54   1149 PM  37    2005  53      1       68
  AVERAGE         63                        63      0       77

PRECIPITATION (IN)
  YESTERDAY        0.00          2.14 1991   0.12  -0.12     0.00
  MONTH TO DATE    4.22                      2.38   1.84     2.30
  SINCE JUN 1     13.51                      9.94   3.57     9.74
  SINCE JAN 1     29.44                     23.36   6.08    20.59

SNOWFALL (IN)
  YESTERDAY        0.0           0.0  2002   0.0    0.0      0.0
                                      2001
  MONTH TO DATE    0.0                       0.0    0.0      0.0
  SINCE JUN 1      0.0                       0.0    0.0      0.0
  SINCE JUL 1      0.0                       0.0    0.0      0.0
  SNOW DEPTH       0

DEGREE DAYS
 HEATING
  YESTERDAY        2                         3     -1        0
  MONTH TO DATE   19                        44    -25       10
  SINCE JUN 1    211                       267    -56      287
  SINCE JUL 1     67                       102    -35       75

 COOLING
  YESTERDAY        0                         2     -2       12
  MONTH TO DATE   57                        39     18       68
  SINCE JUN 1    211                       150     61      130
  SINCE JAN 1    219                       155     64      151
..................................................................


WIND (MPH)
  HIGHEST WIND SPEED    15   HIGHEST WIND DIRECTION    NW (330)
  HIGHEST GUST SPEED    23   HIGHEST GUST DIRECTION    NW (310)
  AVERAGE WIND SPEED     5.7


SKY COVER
  POSSIBLE SUNSHINE  MM
  AVERAGE SKY COVER 0.4


WEATHER CONDITIONS
 THE FOLLOWING WEATHER WAS RECORDED YESTERDAY.
  NO SIGNIFICANT WEATHER WAS OBSERVED.


RELATIVE HUMIDITY (PERCENT)
 HIGHEST    93          1100 PM
 LOWEST     53           100 PM
 AVERAGE    73

..........................................................


THE CARIBOU ME CLIMATE NORMALS FOR TODAY
                         NORMAL    RECORD    YEAR
 MAXIMUM TEMPERATURE (F)   74        87      1945
 MINIMUM TEMPERATURE (F)   52        38      1990


SUNRISE AND SUNSET
AUGUST 20 2016........SUNRISE   537 AM EDT   SUNSET   733 PM EDT
AUGUST 21 2016........SUNRISE   538 AM EDT   SUNSET   731 PM EDT


-  INDICATES NEGATIVE NUMBERS.
R  INDICATES RECORD WAS SET OR TIED.
MM INDICATES DATA IS MISSING.
T  INDICATES TRACE AMOUNT.

-------------------------------------------------------------------
THE CARIBOU ME 4-INCH UNDER SOD SOIL TEMP AUG 19 2016:

MAXIMUM SOIL TEMPERATURE: 73F
MINIMUM SOIL TEMPERATURE: 68F


$$
