000
CDUS41 KCAR 290528
CLICAR


CLIMATE REPORT
NATIONAL WEATHER SERVICE CARIBOU, ME
1227 AM EST TUE NOV 29 2016


...................................

...THE CARIBOU ME CLIMATE SUMMARY FOR NOVEMBER 28 2016...

CLIMATE NORMAL PERIOD 1981 TO 2010
CLIMATE RECORD PERIOD 1939 TO 2016


WEATHER ITEM   OBSERVED TIME   RECORD YEAR NORMAL DEPARTURE LAST
                VALUE   (LST)  VALUE       VALUE  FROM      YEAR
                                                  NORMAL
..................................................................
TEMPERATURE (F)
 YESTERDAY
  MAXIMUM         37    240 PM  58    1950  33      4       33
  MINIMUM         24   1005 PM  -3    1969  19      5       19
  AVERAGE         31                        26      5       26

PRECIPITATION (IN)
  YESTERDAY        0.00          1.56 1959   0.12  -0.12      T
  MONTH TO DATE    2.73                      3.40  -0.67     2.16
  SINCE SEP 1      7.75                     10.25  -2.50     8.82
  SINCE JAN 1     38.86                     34.99   3.87    31.29

SNOWFALL (IN)
  YESTERDAY        0.0           7.8  1994   0.5   -0.5       T
  MONTH TO DATE   10.5                       9.4    1.1      3.7
  SINCE SEP 1     10.5                      11.1   -0.6      4.0
  SINCE JUL 1     10.5                      11.1   -0.6      4.0
  SNOW DEPTH       7

DEGREE DAYS
 HEATING
  YESTERDAY       34                        39     -5       39
  MONTH TO DATE  766                       926   -160      784
  SINCE SEP 1   1537                      1912   -375     1644
  SINCE JUL 1   1617                      2066   -449     1721

 COOLING
  YESTERDAY        0                         0      0        0
  MONTH TO DATE    0                         0      0        0
  SINCE SEP 1     22                        11     11       50
  SINCE JAN 1    275                       180     95      253
..................................................................


WIND (MPH)
  HIGHEST WIND SPEED    18   HIGHEST WIND DIRECTION    NW (310)
  HIGHEST GUST SPEED    29   HIGHEST GUST DIRECTION    NW (320)
  AVERAGE WIND SPEED    10.1


SKY COVER
  POSSIBLE SUNSHINE  MM
  AVERAGE SKY COVER 0.3


WEATHER CONDITIONS
 THE FOLLOWING WEATHER WAS RECORDED YESTERDAY.
  NO SIGNIFICANT WEATHER WAS OBSERVED.


RELATIVE HUMIDITY (PERCENT)
 HIGHEST    92          1000 PM
 LOWEST     64           100 PM
 AVERAGE    78

..........................................................


THE CARIBOU ME CLIMATE NORMALS FOR TODAY
                         NORMAL    RECORD    YEAR
 MAXIMUM TEMPERATURE (F)   32        58      2003
 MINIMUM TEMPERATURE (F)   19        -2      1989


SUNRISE AND SUNSET
NOVEMBER 29 2016......SUNRISE   655 AM EST   SUNSET   346 PM EST
NOVEMBER 30 2016......SUNRISE   656 AM EST   SUNSET   346 PM EST


-  INDICATES NEGATIVE NUMBERS.
R  INDICATES RECORD WAS SET OR TIED.
MM INDICATES DATA IS MISSING.
T  INDICATES TRACE AMOUNT.




$$
