540
CDUS41 KCAR 202030
CLICAR


CLIMATE REPORT
NATIONAL WEATHER SERVICE CARIBOU, ME
430 PM EDT WED SEP 20 2017


...................................

...THE CARIBOU ME CLIMATE SUMMARY FOR SEPTEMBER 20 2017...
VALID TODAY AS OF 0400 PM LOCAL TIME.

CLIMATE NORMAL PERIOD 1981 TO 2010
CLIMATE RECORD PERIOD 1939 TO 2017


WEATHER ITEM   OBSERVED TIME   RECORD YEAR NORMAL DEPARTURE LAST
                VALUE   (LST)  VALUE       VALUE  FROM      YEAR
                                                  NORMAL
..................................................................
TEMPERATURE (F)
 TODAY
  MAXIMUM         78    211 PM  87    1985  64     14       71
  MINIMUM         58   1215 AM  27    1950  43     15       56
  AVERAGE         68                        53     15       64

PRECIPITATION (IN)
  TODAY            0.00          1.09 1955   0.12  -0.12     0.36
  MONTH TO DATE    2.84                      2.17   0.67     2.08
  SINCE SEP 1      2.84                      2.17   0.67     2.08
  SINCE JAN 1     28.70                     26.91   1.79    33.19

SNOWFALL (IN)
  TODAY            0.0           0.0  2002   0.0    0.0      0.0
                                      2001
  MONTH TO DATE    0.0                       0.0    0.0      0.0
  SINCE SEP 1      0.0                       0.0    0.0      0.0
  SINCE JUL 1      0.0                       0.0    0.0      0.0
  SNOW DEPTH       0

DEGREE DAYS
 HEATING
  TODAY            0                        12    -12        1
  MONTH TO DATE   81                       172    -91       61
  SINCE SEP 1     81                       172    -91       61
  SINCE JUL 1    205                       326   -121      141

 COOLING
  TODAY            3                         0      3        0
  MONTH TO DATE   14                        10      4       22
  SINCE SEP 1     14                        10      4       22
  SINCE JAN 1    201                       179     22      275
..................................................................


WIND (MPH)
  HIGHEST WIND SPEED    13   HIGHEST WIND DIRECTION     N (20)
  HIGHEST GUST SPEED    18   HIGHEST GUST DIRECTION     N (360)
  AVERAGE WIND SPEED     4.1


SKY COVER
  POSSIBLE SUNSHINE  MM
  AVERAGE SKY COVER 0.8


WEATHER CONDITIONS
 THE FOLLOWING WEATHER WAS RECORDED TODAY.
  FOG
  FOG W/VISIBILITY <= 1/4 MILE


RELATIVE HUMIDITY (PERCENT)
 HIGHEST    97           100 AM
 LOWEST     47           300 PM
 AVERAGE    72

..........................................................


THE CARIBOU ME CLIMATE NORMALS FOR TOMORROW
                         NORMAL    RECORD    YEAR
 MAXIMUM TEMPERATURE (F)   63        84      1968
 MINIMUM TEMPERATURE (F)   43        28      1962
                                             1950


SUNRISE AND SUNSET
SEPTEMBER 20 2017.....SUNRISE   617 AM EDT   SUNSET   633 PM EDT
SEPTEMBER 21 2017.....SUNRISE   618 AM EDT   SUNSET   631 PM EDT


-  INDICATES NEGATIVE NUMBERS.
R  INDICATES RECORD WAS SET OR TIED.
MM INDICATES DATA IS MISSING.
T  INDICATES TRACE AMOUNT.




$$
