000
CDUS41 KCAR 020540
CLICAR


CLIMATE REPORT
NATIONAL WEATHER SERVICE CARIBOU, ME
1236 AM EST SAT DEC 2 2017


...................................

...THE CARIBOU ME CLIMATE SUMMARY FOR DECEMBER 1 2017...

CLIMATE NORMAL PERIOD 1981 TO 2010
CLIMATE RECORD PERIOD 1939 TO 2017


WEATHER ITEM   OBSERVED TIME   RECORD YEAR NORMAL DEPARTURE LAST
                VALUE   (LST)  VALUE       VALUE  FROM      YEAR
                                                  NORMAL
..................................................................
TEMPERATURE (F)
 YESTERDAY
  MAXIMUM         39   1239 PM  48    1991  32      7       33
                                      1975
  MINIMUM         28   1159 PM  -6    1941  18     10       31
  AVERAGE         34                        25      9       32

PRECIPITATION (IN)
  YESTERDAY        0.03          1.20 2016   0.12  -0.09     1.20
  MONTH TO DATE    0.03                      0.12  -0.09     1.20
  SINCE DEC 1      0.03                      0.12  -0.09     1.20
  SINCE JAN 1     38.92                     35.34   3.58    40.96

SNOWFALL (IN)
  YESTERDAY        T            11.9  2016   0.6   -0.6     11.9
  MONTH TO DATE    T                         0.6   -0.6     11.9
  SINCE DEC 1      T                         0.6   -0.6     11.9
  SINCE JUL 1      3.9                      12.8   -8.9     32.1
  SNOW DEPTH       0

DEGREE DAYS
 HEATING
  YESTERDAY       31                        40     -9       33
  MONTH TO DATE   31                        40     -9       33
  SINCE DEC 1     31                        40     -9       33
  SINCE JUL 1   1734                      2185   -451     1720

 COOLING
  YESTERDAY        0                         0      0        0
  MONTH TO DATE    0                         0      0        0
  SINCE DEC 1      0                         0      0        0
  SINCE JAN 1    222                       180     42      275
..................................................................


WIND (MPH)
  HIGHEST WIND SPEED    13   HIGHEST WIND DIRECTION     S (200)
  HIGHEST GUST SPEED    23   HIGHEST GUST DIRECTION     S (200)
  AVERAGE WIND SPEED     5.9


SKY COVER
  POSSIBLE SUNSHINE  MM
  AVERAGE SKY COVER 0.9


WEATHER CONDITIONS
 THE FOLLOWING WEATHER WAS RECORDED YESTERDAY.
  LIGHT RAIN
  LIGHT SNOW
  FOG


RELATIVE HUMIDITY (PERCENT)
 HIGHEST    92           400 AM
 LOWEST     72           800 PM
 AVERAGE    82

..........................................................


THE CARIBOU ME CLIMATE NORMALS FOR TODAY
                         NORMAL    RECORD    YEAR
 MAXIMUM TEMPERATURE (F)   31        50      1996
 MINIMUM TEMPERATURE (F)   17        -9      1940


SUNRISE AND SUNSET
DECEMBER  2 2017......SUNRISE   658 AM EST   SUNSET   345 PM EST
DECEMBER  3 2017......SUNRISE   659 AM EST   SUNSET   345 PM EST


-  INDICATES NEGATIVE NUMBERS.
R  INDICATES RECORD WAS SET OR TIED.
MM INDICATES DATA IS MISSING.
T  INDICATES TRACE AMOUNT.




$$
