000
CDUS41 KCAR 100558
CLICAR


CLIMATE REPORT
NATIONAL WEATHER SERVICE CARIBOU, ME
1252 AM EST SAT FEB 10 2018


...................................

...THE CARIBOU ME CLIMATE SUMMARY FOR FEBRUARY 9 2018...

CLIMATE NORMAL PERIOD 1981 TO 2010
CLIMATE RECORD PERIOD 1939 TO 2018


WEATHER ITEM   OBSERVED TIME   RECORD YEAR NORMAL DEPARTURE LAST
                VALUE   (LST)  VALUE       VALUE  FROM      YEAR
                                                  NORMAL
..................................................................
TEMPERATURE (F)
 YESTERDAY
  MAXIMUM         20   1258 PM  43    1990  22     -2       15
  MINIMUM         -8    432 AM -25    1944   3    -11       -2
  AVERAGE          6                        12     -6        7

PRECIPITATION (IN)
  YESTERDAY        T             0.68 1996   0.08  -0.08     0.19
  MONTH TO DATE    1.58                      0.71   0.87     0.89
  SINCE DEC 1     11.00                      6.69   4.31     8.54
  SINCE JAN 1      6.88                      3.42   3.46     4.34

SNOWFALL (IN)
  YESTERDAY        T             6.8  1996   0.8   -0.8      2.0
  MONTH TO DATE   18.7                       7.2   11.5      8.6
  SINCE DEC 1     91.8                      55.3   36.5     69.2
  SINCE JUL 1     95.7                      67.5   28.2     89.4
  SNOW DEPTH      35

DEGREE DAYS
 HEATING
  YESTERDAY       59                        53      6       58
  MONTH TO DATE  485                       483      2      520
  SINCE DEC 1   3710                      3632     78     3461
  SINCE JUL 1   5414                      5777   -363     5148

 COOLING
  YESTERDAY        0                         0      0        0
  MONTH TO DATE    0                         0      0        0
  SINCE DEC 1      0                         0      0        0
  SINCE JAN 1      0                         0      0        0
..................................................................


WIND (MPH)
  HIGHEST WIND SPEED    20   HIGHEST WIND DIRECTION     W (250)
  HIGHEST GUST SPEED    27   HIGHEST GUST DIRECTION    SW (240)
  AVERAGE WIND SPEED     4.9


SKY COVER
  POSSIBLE SUNSHINE  MM
  AVERAGE SKY COVER 0.3


WEATHER CONDITIONS
 THE FOLLOWING WEATHER WAS RECORDED YESTERDAY.
  LIGHT SNOW


RELATIVE HUMIDITY (PERCENT)
 HIGHEST    87           900 AM
 LOWEST     49           300 PM
 AVERAGE    68

..........................................................


THE CARIBOU ME CLIMATE NORMALS FOR TODAY
                         NORMAL    RECORD    YEAR
 MAXIMUM TEMPERATURE (F)   22        40      2012
                                             2001
 MINIMUM TEMPERATURE (F)    3       -29      1948


SUNRISE AND SUNSET
FEBRUARY 10 2018......SUNRISE   644 AM EST   SUNSET   449 PM EST
FEBRUARY 11 2018......SUNRISE   643 AM EST   SUNSET   451 PM EST


-  INDICATES NEGATIVE NUMBERS.
R  INDICATES RECORD WAS SET OR TIED.
MM INDICATES DATA IS MISSING.
T  INDICATES TRACE AMOUNT.




$$
