000
CDUS41 KCAR 190601 CCA
CLICAR

CLIMATE REPORT...CORRECTED SNOW DEPTH
NATIONAL WEATHER SERVICE CARIBOU, ME
1232 AM EST FRI DEC 19 2014

...................................

...THE CARIBOU ME CLIMATE SUMMARY FOR DECEMBER 18 2014...

CLIMATE NORMAL PERIOD 1981 TO 2010
CLIMATE RECORD PERIOD 1939 TO 2014


WEATHER ITEM   OBSERVED TIME   RECORD YEAR NORMAL DEPARTURE LAST
                VALUE   (LST)  VALUE       VALUE  FROM      YEAR
                                                  NORMAL
..................................................................
TEMPERATURE (F)
 YESTERDAY
  MAXIMUM         29   1238 AM  54    2000  25      4       15
  MINIMUM         24   1159 PM -15    1940   9     15       -2
  AVERAGE         27                        17     10        7

PRECIPITATION (IN)
  YESTERDAY        0.96R         0.76 1975   0.10   0.86     0.01
  MONTH TO DATE    4.52                      2.03   2.49     1.49
  SINCE DEC 1      4.52                      2.03   2.49     1.49
  SINCE JAN 1     44.93                     37.25   7.68    48.07

SNOWFALL (IN)
  YESTERDAY        9.7          11.4  1975   0.8    8.9      0.8
  MONTH TO DATE   27.6                      12.6   15.0     21.8
  SINCE DEC 1     27.6                      12.6   15.0     21.8
  SINCE JUL 1     56.4                      24.8   31.6     31.9
  SNOW DEPTH      13

DEGREE DAYS
 HEATING
  YESTERDAY       38                        48    -10       58
  MONTH TO DATE  757                       794    -37      895
  SINCE DEC 1    757                       794    -37      895
  SINCE JUL 1   2709                      2939   -230     2851

 COOLING
  YESTERDAY        0                         0      0        0
  MONTH TO DATE    0                         0      0        0
  SINCE DEC 1      0                         0      0        0
  SINCE JAN 1    266                       180     86      192
..................................................................


WIND (MPH)
  HIGHEST WIND SPEED    25   HIGHEST WIND DIRECTION    NW (330)
  HIGHEST GUST SPEED    32   HIGHEST GUST DIRECTION     N (340)
  AVERAGE WIND SPEED    17.3


SKY COVER
  POSSIBLE SUNSHINE  MM
  AVERAGE SKY COVER 1.0


WEATHER CONDITIONS
 THE FOLLOWING WEATHER WAS RECORDED YESTERDAY.
  SNOW
  LIGHT SNOW
  FOG


RELATIVE HUMIDITY (PERCENT)
 HIGHEST    92          1200 AM
 LOWEST     78           100 PM
 AVERAGE    85

..........................................................


THE CARIBOU ME CLIMATE NORMALS FOR TODAY
                         NORMAL    RECORD    YEAR
 MAXIMUM TEMPERATURE (F)   25        43      1954
 MINIMUM TEMPERATURE (F)    9       -20      1940


SUNRISE AND SUNSET
DECEMBER 19 2014......SUNRISE   713 AM EST   SUNSET   345 PM EST
DECEMBER 20 2014......SUNRISE   714 AM EST   SUNSET   346 PM EST


-  INDICATES NEGATIVE NUMBERS.
R  INDICATES RECORD WAS SET OR TIED.
MM INDICATES DATA IS MISSING.
T  INDICATES TRACE AMOUNT.

$$
