000
CDUS41 KCAR 122126
CLICAR


CLIMATE REPORT
NATIONAL WEATHER SERVICE CARIBOU, ME
426 PM EST SUN FEB 12 2017


...................................

...THE CARIBOU ME CLIMATE SUMMARY FOR FEBRUARY 12 2017...
VALID TODAY AS OF 0400 PM LOCAL TIME.

CLIMATE NORMAL PERIOD 1981 TO 2010
CLIMATE RECORD PERIOD 1939 TO 2017


WEATHER ITEM   OBSERVED TIME   RECORD YEAR NORMAL DEPARTURE LAST
                VALUE   (LST)  VALUE       VALUE  FROM      YEAR
                                                  NORMAL
..................................................................
TEMPERATURE (F)
 TODAY
  MAXIMUM         14    234 PM  50    1981  23     -9        9
  MINIMUM        -19    656 AM -27    1975   3    -22      -11
  AVERAGE         -2                        13    -15       -1

PRECIPITATION (IN)
  TODAY            0.00          0.85 1952   0.08  -0.08     0.00
  MONTH TO DATE    0.91                      0.94  -0.03     0.87
  SINCE DEC 1      8.56                      6.92   1.64     7.17
  SINCE JAN 1      4.36                      3.65   0.71     2.29

SNOWFALL (IN)
  TODAY            0.0          16.9  1952   0.8   -0.8      0.0
  MONTH TO DATE    9.1                       9.7   -0.6      8.2
  SINCE DEC 1     69.7                      57.8   11.9     47.2
  SINCE JUL 1     89.9                      70.0   19.9     51.3
  SNOW DEPTH      28

DEGREE DAYS
 HEATING
  TODAY           67                        52     15       66
  MONTH TO DATE  723                       639     84      573
  SINCE DEC 1   3664                      3788   -124     3152
  SINCE JUL 1   5351                      5933   -582     4970

 COOLING
  TODAY            0                         0      0        0
  MONTH TO DATE    0                         0      0        0
  SINCE DEC 1      0                         0      0        0
  SINCE JAN 1      0                         0      0        0
..................................................................


WIND (MPH)
  HIGHEST WIND SPEED     6   HIGHEST WIND DIRECTION    NE (40)
  HIGHEST GUST SPEED     7   HIGHEST GUST DIRECTION     N (20)
  AVERAGE WIND SPEED     1.2


SKY COVER
  POSSIBLE SUNSHINE  MM
  AVERAGE SKY COVER 0.0


WEATHER CONDITIONS
 THE FOLLOWING WEATHER WAS RECORDED TODAY.
  NO SIGNIFICANT WEATHER WAS OBSERVED.


RELATIVE HUMIDITY (PERCENT)
 HIGHEST    83          1200 AM
 LOWEST     46           300 PM
 AVERAGE    65

..........................................................


THE CARIBOU ME CLIMATE NORMALS FOR TOMORROW
                         NORMAL    RECORD    YEAR
 MAXIMUM TEMPERATURE (F)   23        42      1984
 MINIMUM TEMPERATURE (F)    4       -22      1975


SUNRISE AND SUNSET
FEBRUARY 12 2017......SUNRISE   641 AM EST   SUNSET   453 PM EST
FEBRUARY 13 2017......SUNRISE   639 AM EST   SUNSET   454 PM EST


-  INDICATES NEGATIVE NUMBERS.
R  INDICATES RECORD WAS SET OR TIED.
MM INDICATES DATA IS MISSING.
T  INDICATES TRACE AMOUNT.




$$
