000
CDUS41 KCAR 060537
CLICAR


CLIMATE REPORT
NATIONAL WEATHER SERVICE CARIBOU, ME
136 AM EDT FRI OCT 6 2017


...................................

...THE CARIBOU ME CLIMATE SUMMARY FOR OCTOBER 5 2017...

CLIMATE NORMAL PERIOD 1981 TO 2010
CLIMATE RECORD PERIOD 1939 TO 2017


WEATHER ITEM   OBSERVED TIME   RECORD YEAR NORMAL DEPARTURE LAST
                VALUE   (LST)  VALUE       VALUE  FROM      YEAR
                                                  NORMAL
..................................................................
TEMPERATURE (F)
 YESTERDAY
  MAXIMUM         64    219 PM  77    2005  57      7       69
                                      1946
  MINIMUM         49    603 AM  25    1975  38     11       36
  AVERAGE         57                        47     10       53

PRECIPITATION (IN)
  YESTERDAY        0.01          0.77 1941   0.11  -0.10     0.00
  MONTH TO DATE    0.44                      0.56  -0.12     0.00
  SINCE SEP 1      3.57                      3.88  -0.31     2.48
  SINCE JAN 1     29.43                     28.62   0.81    33.59

SNOWFALL (IN)
  YESTERDAY        0.0           0.8  1964   0.0    0.0      0.0
                                      1984
  MONTH TO DATE    0.0                       0.0    0.0      0.0
  SINCE SEP 1      0.0                       0.1   -0.1      0.0
  SINCE JUL 1      0.0                       0.1   -0.1      0.0
  SNOW DEPTH       0

DEGREE DAYS
 HEATING
  YESTERDAY        8                        18    -10       12
  MONTH TO DATE   66                        84    -18       69
  SINCE SEP 1    212                       397   -185      274
  SINCE JUL 1    336                       551   -215      354

 COOLING
  YESTERDAY        0                         0      0        0
  MONTH TO DATE    0                         0      0        0
  SINCE SEP 1     34                        11     23       22
  SINCE JAN 1    221                       180     41      275
..................................................................


WIND (MPH)
  HIGHEST WIND SPEED    16   HIGHEST WIND DIRECTION     W (250)
  HIGHEST GUST SPEED    24   HIGHEST GUST DIRECTION    NW (300)
  AVERAGE WIND SPEED     7.1


SKY COVER
  POSSIBLE SUNSHINE  MM
  AVERAGE SKY COVER 0.5


WEATHER CONDITIONS
 THE FOLLOWING WEATHER WAS RECORDED YESTERDAY.
  LIGHT RAIN


RELATIVE HUMIDITY (PERCENT)
 HIGHEST    93           100 AM
 LOWEST     48           100 PM
 AVERAGE    71

..........................................................


THE CARIBOU ME CLIMATE NORMALS FOR TODAY
                         NORMAL    RECORD    YEAR
 MAXIMUM TEMPERATURE (F)   56        74      1946
 MINIMUM TEMPERATURE (F)   38        23      1965


SUNRISE AND SUNSET
OCTOBER  6 2017.......SUNRISE   638 AM EDT   SUNSET   602 PM EDT
OCTOBER  7 2017.......SUNRISE   639 AM EDT   SUNSET   600 PM EDT


-  INDICATES NEGATIVE NUMBERS.
R  INDICATES RECORD WAS SET OR TIED.
MM INDICATES DATA IS MISSING.
T  INDICATES TRACE AMOUNT.




$$
