000
CDUS41 KCAR 172032
CLICAR

CLIMATE REPORT
NATIONAL WEATHER SERVICE CARIBOU, ME
430 PM EDT SUN JUL 17 2016


...................................

...THE CARIBOU ME CLIMATE SUMMARY FOR JULY 17 2016...
VALID TODAY AS OF 0400 PM LOCAL TIME.

CLIMATE NORMAL PERIOD 1981 TO 2010
CLIMATE RECORD PERIOD 1939 TO 2016


WEATHER ITEM   OBSERVED TIME   RECORD YEAR NORMAL DEPARTURE LAST
                VALUE   (LST)  VALUE       VALUE  FROM      YEAR
                                                  NORMAL
..................................................................
TEMPERATURE (F)
 TODAY
  MAXIMUM         78    256 PM  92    1999  76      2       77
  MINIMUM         56    406 AM  43    1942  56      0       45
  AVERAGE         67                        66      1       61

PRECIPITATION (IN)
  TODAY            0.00          3.81 2013   0.13  -0.13     0.00
  MONTH TO DATE    3.87                      2.31   1.56     1.26
  SINCE JUN 1      7.52                      5.79   1.73     5.51
  SINCE JAN 1     23.45                     19.21   4.24    16.36

SNOWFALL (IN)
  TODAY            0.0           0.0  2002   0.0    0.0      0.0
                                      2001
  MONTH TO DATE    0.0                       0.0    0.0      0.0
  SINCE JUN 1      0.0                       0.0    0.0      0.0
  SINCE JUL 1      0.0                       0.0    0.0      0.0
  SNOW DEPTH       0

DEGREE DAYS
 HEATING
  TODAY            0                         2     -2        4
  MONTH TO DATE   42                        38      4       33
  SINCE JUN 1    186                       203    -17      245
  SINCE JUL 1     42                        38      4       33

 COOLING
  TODAY            2                         2      0        0
  MONTH TO DATE   46                        39      7       31
  SINCE JUN 1     91                        73     18       37
  SINCE JAN 1     99                        78     21       58
..................................................................


WIND (MPH)
  HIGHEST WIND SPEED     9   HIGHEST WIND DIRECTION     S (190)
  HIGHEST GUST SPEED    12   HIGHEST GUST DIRECTION     S (190)
  AVERAGE WIND SPEED     2.7


SKY COVER
  POSSIBLE SUNSHINE  MM
  AVERAGE SKY COVER 0.6


WEATHER CONDITIONS
 THE FOLLOWING WEATHER WAS RECORDED TODAY.
  NO SIGNIFICANT WEATHER WAS OBSERVED.


RELATIVE HUMIDITY (PERCENT)
 HIGHEST    87          1200 AM
 LOWEST     64           200 PM
 AVERAGE    76

..........................................................


THE CARIBOU ME CLIMATE NORMALS FOR TOMORROW
                         NORMAL    RECORD    YEAR
 MAXIMUM TEMPERATURE (F)   76        93      1982
                                             1964
 MINIMUM TEMPERATURE (F)   56        44      1951


SUNRISE AND SUNSET
JULY 17 2016..........SUNRISE   455 AM EDT   SUNSET   821 PM EDT
JULY 18 2016..........SUNRISE   456 AM EDT   SUNSET   820 PM EDT


-  INDICATES NEGATIVE NUMBERS.
R  INDICATES RECORD WAS SET OR TIED.
MM INDICATES DATA IS MISSING.
T  INDICATES TRACE AMOUNT.

THE CARIBOU ME 4-INCH UNDER SOD SOIL TEMP FOR JULY 17 2016: MAXIMUM
SOIL TEMPERATURE: 76 F MINIMUM SOIL TEMPERATURE: 70 F

$$
