000
CDUS41 KCAR 140542
CLICAR


CLIMATE REPORT
NATIONAL WEATHER SERVICE CARIBOU, ME
142 AM EDT TUE OCT 14 2014


...................................

...THE CARIBOU ME CLIMATE SUMMARY FOR OCTOBER 13 2014...

CLIMATE NORMAL PERIOD 1981 TO 2010
CLIMATE RECORD PERIOD 1939 TO 2014


WEATHER ITEM   OBSERVED TIME   RECORD YEAR NORMAL DEPARTURE LAST
                VALUE   (LST)  VALUE       VALUE  FROM      YEAR
                                                  NORMAL
..................................................................
TEMPERATURE (F)
 YESTERDAY
  MAXIMUM         63    324 PM  73    1943  53     10       59
  MINIMUM         32    534 AM  24    1985  35     -3       34
  AVERAGE         48                        44      4       47

PRECIPITATION (IN)
  YESTERDAY        0.00          1.57 1948   0.12  -0.12     0.00
  MONTH TO DATE    1.86                      1.48   0.38     0.90
  SINCE SEP 1      4.45                      4.80  -0.35     7.91
  SINCE JAN 1     33.11                     29.54   3.57    40.93

SNOWFALL (IN)
  YESTERDAY        0.0           0.6  1964   0.0    0.0      0.0
  MONTH TO DATE    0.0                       0.2   -0.2      0.0
  SINCE SEP 1      0.0                       0.3   -0.3      0.0
  SINCE JUL 1      0.0                       0.3   -0.3      0.0
  SNOW DEPTH       0

DEGREE DAYS
 HEATING
  YESTERDAY       17                        21     -4       18
  MONTH TO DATE  216                       239    -23      173
  SINCE SEP 1    510                       552    -42      430
  SINCE JUL 1    568                       706   -138      544

 COOLING
  YESTERDAY        0                         0      0        0
  MONTH TO DATE    0                         0      0        0
  SINCE SEP 1     24                        11     13       13
  SINCE JAN 1    265                       180     85      192
..................................................................


WIND (MPH)
  HIGHEST WIND SPEED    14   HIGHEST WIND DIRECTION    SW (230)
  HIGHEST GUST SPEED    18   HIGHEST GUST DIRECTION    SW (220)
  AVERAGE WIND SPEED     5.8


SKY COVER
  POSSIBLE SUNSHINE  MM
  AVERAGE SKY COVER 0.0


WEATHER CONDITIONS
 THE FOLLOWING WEATHER WAS RECORDED YESTERDAY.
  NO SIGNIFICANT WEATHER WAS OBSERVED.


RELATIVE HUMIDITY (PERCENT)
 HIGHEST    89           400 AM
 LOWEST     34           100 PM
 AVERAGE    62

..........................................................


THE CARIBOU ME CLIMATE NORMALS FOR TODAY
                         NORMAL    RECORD    YEAR
 MAXIMUM TEMPERATURE (F)   53        75      1995
 MINIMUM TEMPERATURE (F)   35        18      1972


SUNRISE AND SUNSET
OCTOBER 14 2014.......SUNRISE   648 AM EDT   SUNSET   547 PM EDT
OCTOBER 15 2014.......SUNRISE   650 AM EDT   SUNSET   545 PM EDT


-  INDICATES NEGATIVE NUMBERS.
R  INDICATES RECORD WAS SET OR TIED.
MM INDICATES DATA IS MISSING.
T  INDICATES TRACE AMOUNT.




$$
