000
CDUS41 KCAR 270530
CLICAR


CLIMATE REPORT
NATIONAL WEATHER SERVICE CARIBOU, ME
129 AM EDT THU AUG 27 2015


...................................

...THE CARIBOU ME CLIMATE SUMMARY FOR AUGUST 26 2015...

CLIMATE NORMAL PERIOD 1981 TO 2010
CLIMATE RECORD PERIOD 1939 TO 2015


WEATHER ITEM   OBSERVED TIME   RECORD YEAR NORMAL DEPARTURE LAST
                VALUE   (LST)  VALUE       VALUE  FROM      YEAR
                                                  NORMAL
..................................................................
TEMPERATURE (F)
 YESTERDAY
  MAXIMUM         70    904 AM  89    2012  73     -3       84
  MINIMUM         64   1159 PM  34    1942  51     13       59
  AVERAGE         67                        62      5       72

PRECIPITATION (IN)
  YESTERDAY        0.74          1.51 1961   0.11   0.63     0.00
  MONTH TO DATE    4.06                      3.18   0.88     1.68
  SINCE JUN 1     11.50                     10.74   0.76    11.35
  SINCE JAN 1     22.35                     24.16  -1.81    28.55

SNOWFALL (IN)
  YESTERDAY        0.0           0.0  2002   0.0    0.0      0.0
                                      2001
  MONTH TO DATE    0.0                       0.0    0.0      0.0
  SINCE JUN 1      0.0                       0.0    0.0      0.0
  SINCE JUL 1      0.0                       0.0    0.0      0.0
  SNOW DEPTH       0

DEGREE DAYS
 HEATING
  YESTERDAY        0                         4     -4        0
  MONTH TO DATE   10                        70    -60       21
  SINCE JUN 1    287                       293     -6      134
  SINCE JUL 1     75                       128    -53       45

 COOLING
  YESTERDAY        2                         1      1        7
  MONTH TO DATE  112                        46     66       66
  SINCE JUN 1    174                       157     17      232
  SINCE JAN 1    195                       162     33      235
..................................................................


WIND (MPH)
  HIGHEST WIND SPEED    18   HIGHEST WIND DIRECTION     S (170)
  HIGHEST GUST SPEED    25   HIGHEST GUST DIRECTION    SE (150)
  AVERAGE WIND SPEED     9.5


SKY COVER
  POSSIBLE SUNSHINE  MM
  AVERAGE SKY COVER 1.0


WEATHER CONDITIONS
 THE FOLLOWING WEATHER WAS RECORDED YESTERDAY.
  THUNDERSTORM
  HEAVY RAIN
  RAIN
  LIGHT RAIN
  FOG


RELATIVE HUMIDITY (PERCENT)
 HIGHEST    93           600 AM
 LOWEST     84          1200 AM
 AVERAGE    89

..........................................................


THE CARIBOU ME CLIMATE NORMALS FOR TODAY
                         NORMAL    RECORD    YEAR
 MAXIMUM TEMPERATURE (F)   72        91      1952
 MINIMUM TEMPERATURE (F)   51        36      1987


SUNRISE AND SUNSET
AUGUST 27 2015........SUNRISE   545 AM EDT   SUNSET   722 PM EDT
AUGUST 28 2015........SUNRISE   546 AM EDT   SUNSET   720 PM EDT


-  INDICATES NEGATIVE NUMBERS.
R  INDICATES RECORD WAS SET OR TIED.
MM INDICATES DATA IS MISSING.
T  INDICATES TRACE AMOUNT.




$$
