000
CDUS41 KCAR 110542
CLICAR


CLIMATE REPORT
NATIONAL WEATHER SERVICE CARIBOU, ME
139 AM EDT FRI AUG 11 2017


...................................

...THE CARIBOU ME CLIMATE SUMMARY FOR AUGUST 10 2017...

CLIMATE NORMAL PERIOD 1981 TO 2010
CLIMATE RECORD PERIOD 1939 TO 2017


WEATHER ITEM   OBSERVED TIME   RECORD YEAR NORMAL DEPARTURE LAST
                VALUE   (LST)  VALUE       VALUE  FROM      YEAR
                                                  NORMAL
..................................................................
TEMPERATURE (F)
 YESTERDAY
  MAXIMUM         75    401 PM  93    1995  75      0       85
  MINIMUM         51    459 AM  41    1979  54     -3       51
  AVERAGE         63                        65     -2       68

PRECIPITATION (IN)
  YESTERDAY        0.00          2.00 1976   0.12  -0.12     0.00
  MONTH TO DATE    1.09                      1.28  -0.19     0.91
  SINCE JUN 1      8.10                      8.84  -0.74    10.20
  SINCE JAN 1     24.67                     22.26   2.41    26.13

SNOWFALL (IN)
  YESTERDAY        0.0           0.0  2002   0.0    0.0      0.0
                                      2001
  MONTH TO DATE    0.0                       0.0    0.0      0.0
  SINCE JUN 1      0.0                       0.0    0.0      0.0
  SINCE JUL 1      0.0                       0.0    0.0      0.0
  SNOW DEPTH       0

DEGREE DAYS
 HEATING
  YESTERDAY        2                         2      0        0
  MONTH TO DATE   18                        20     -2        7
  SINCE JUN 1    189                       243    -54      199
  SINCE JUL 1     57                        78    -21       55

 COOLING
  YESTERDAY        0                         2     -2        3
  MONTH TO DATE   30                        21      9       37
  SINCE JUN 1    153                       132     21      191
  SINCE JAN 1    159                       137     22      199
..................................................................


WIND (MPH)
  HIGHEST WIND SPEED    13   HIGHEST WIND DIRECTION    SW (230)
  HIGHEST GUST SPEED    17   HIGHEST GUST DIRECTION    SW (230)
  AVERAGE WIND SPEED     2.8


SKY COVER
  POSSIBLE SUNSHINE  MM
  AVERAGE SKY COVER 0.3


WEATHER CONDITIONS
 THE FOLLOWING WEATHER WAS RECORDED YESTERDAY.
  FOG
  FOG W/VISIBILITY <= 1/4 MILE


RELATIVE HUMIDITY (PERCENT)
 HIGHEST    96           400 AM
 LOWEST     41           300 PM
 AVERAGE    69

..........................................................


THE CARIBOU ME CLIMATE NORMALS FOR TODAY
                         NORMAL    RECORD    YEAR
 MAXIMUM TEMPERATURE (F)   75        91      1944
 MINIMUM TEMPERATURE (F)   54        41      1960


SUNRISE AND SUNSET
AUGUST 11 2017........SUNRISE   525 AM EDT   SUNSET   749 PM EDT
AUGUST 12 2017........SUNRISE   526 AM EDT   SUNSET   747 PM EDT


-  INDICATES NEGATIVE NUMBERS.
R  INDICATES RECORD WAS SET OR TIED.
MM INDICATES DATA IS MISSING.
T  INDICATES TRACE AMOUNT.




$$
