000
CDUS41 KCAR 162027
CLICAR

CLIMATE REPORT
NATIONAL WEATHER SERVICE CARIBOU, ME
426 PM EDT FRI JUN 16 2017


...................................

...THE CARIBOU ME CLIMATE SUMMARY FOR JUNE 16 2017...
VALID TODAY AS OF 0400 PM LOCAL TIME.

CLIMATE NORMAL PERIOD 1981 TO 2010
CLIMATE RECORD PERIOD 1939 TO 2017


WEATHER ITEM   OBSERVED TIME   RECORD YEAR NORMAL DEPARTURE LAST
                VALUE   (LST)  VALUE       VALUE  FROM      YEAR
                                                  NORMAL
..................................................................
TEMPERATURE (F)
 TODAY
  MAXIMUM         57   1201 PM  92    1979  72    -15       70
  MINIMUM         47    127 AM  35    1964  50     -3       45
  AVERAGE         52                        61     -9       58

PRECIPITATION (IN)
  TODAY            0.27          0.73 1942   0.11   0.16     0.00
  MONTH TO DATE    0.51                      1.76  -1.25     2.18
  SINCE JUN 1      0.51                      1.76  -1.25     2.18
  SINCE JAN 1     17.08                     15.18   1.90    18.11

SNOWFALL (IN)
  TODAY            0.0           0.0  2002   0.0    0.0      0.0
                                      2001
  MONTH TO DATE    0.0                       0.0    0.0      0.0
  SINCE JUN 1      0.0                       0.0    0.0      0.0
  SINCE JUL 1    129.6                     108.7   20.9     94.8
  SNOW DEPTH       0

DEGREE DAYS
 HEATING
  TODAY           13                         5      8        7
  MONTH TO DATE   96                       111    -15      117
  SINCE JUN 1     96                       111    -15      117
  SINCE JUL 1   8544                      9300   -756     8334

 COOLING
  TODAY            0                         1     -1        0
  MONTH TO DATE   21                        13      8        0
  SINCE JUN 1     21                        13      8        0
  SINCE JAN 1     27                        18      9        8
..................................................................


WIND (MPH)
  HIGHEST WIND SPEED    20   HIGHEST WIND DIRECTION     S (200)
  HIGHEST GUST SPEED    31   HIGHEST GUST DIRECTION     S (190)
  AVERAGE WIND SPEED     8.5


SKY COVER
  POSSIBLE SUNSHINE  MM
  AVERAGE SKY COVER 0.4


WEATHER CONDITIONS
 THE FOLLOWING WEATHER WAS RECORDED TODAY.
  RAIN
  LIGHT RAIN
  FOG


RELATIVE HUMIDITY (PERCENT)
 HIGHEST    93           100 PM
 LOWEST     62           700 AM
 AVERAGE    78

..........................................................


THE CARIBOU ME CLIMATE NORMALS FOR TOMORROW
                         NORMAL    RECORD    YEAR
 MAXIMUM TEMPERATURE (F)   72        91      1949
 MINIMUM TEMPERATURE (F)   50        36      1964


SUNRISE AND SUNSET
JUNE 16 2017..........SUNRISE   437 AM EDT   SUNSET   829 PM EDT
JUNE 17 2017..........SUNRISE   437 AM EDT   SUNSET   829 PM EDT


-  INDICATES NEGATIVE NUMBERS.
R  INDICATES RECORD WAS SET OR TIED.
MM INDICATES DATA IS MISSING.
T  INDICATES TRACE AMOUNT.

..................................................................
THE CARIBOU ME 4 INCH UNDER SOD SOIL TEMPERATURE FOR JUNE 16 2017

MAXIMUM 70F
MINIMUM 61F


$$
