000
CDUS41 KCAR 232031
CLICAR


CLIMATE REPORT
NATIONAL WEATHER SERVICE CARIBOU, ME
431 PM EDT MON MAR 23 2015


...................................

...THE CARIBOU ME CLIMATE SUMMARY FOR MARCH 23 2015...
VALID TODAY AS OF 0400 PM LOCAL TIME.

CLIMATE NORMAL PERIOD 1981 TO 2010
CLIMATE RECORD PERIOD 1939 TO 2015


WEATHER ITEM   OBSERVED TIME   RECORD YEAR NORMAL DEPARTURE LAST
                VALUE   (LST)  VALUE       VALUE  FROM      YEAR
                                                  NORMAL
..................................................................
TEMPERATURE (F)
 TODAY
  MAXIMUM         22    258 PM  60    1979  36    -14       25
  MINIMUM          4    642 AM  -6    2008  18    -14       -2
  AVERAGE         13                        27    -14       12

PRECIPITATION (IN)
  TODAY            0.01          0.70 1949   0.08  -0.07     0.06
                                      1940
  MONTH TO DATE    1.57                      1.86  -0.29     2.66
  SINCE MAR 1      1.57                      1.86  -0.29     2.66
  SINCE JAN 1      5.67                      6.78  -1.11     8.88

SNOWFALL (IN)
  TODAY            0.1          17.4  1940   0.5   -0.4      1.5
  MONTH TO DATE   23.3                      14.7    8.6     36.0
  SINCE MAR 1     23.3                      14.7    8.6     36.0
  SINCE JUL 1    131.6                      97.2   34.4    135.4
  SNOW DEPTH      18

DEGREE DAYS
 HEATING
  TODAY           52                        38     14       53
  MONTH TO DATE 1106                       969    137     1190
  SINCE MAR 1   1106                       969    137     1190
  SINCE JUL 1   7847                      7690    157     7844

 COOLING
  TODAY            0                         0      0        0
  MONTH TO DATE    0                         0      0        0
  SINCE MAR 1      0                         0      0        0
  SINCE JAN 1      0                         0      0        0
..................................................................


WIND (MPH)
  HIGHEST WIND SPEED    24   HIGHEST WIND DIRECTION    NW (310)
  HIGHEST GUST SPEED    32   HIGHEST GUST DIRECTION    NW (300)
  AVERAGE WIND SPEED    15.0


SKY COVER
  POSSIBLE SUNSHINE  MM
  AVERAGE SKY COVER 0.7


WEATHER CONDITIONS
 THE FOLLOWING WEATHER WAS RECORDED TODAY.
  LIGHT SNOW
  HAZE
  BLOWING SNOW


RELATIVE HUMIDITY (PERCENT)
 HIGHEST    76           200 AM
 LOWEST     47           200 PM
 AVERAGE    62

..........................................................


THE CARIBOU ME CLIMATE NORMALS FOR TOMORROW
                         NORMAL    RECORD    YEAR
 MAXIMUM TEMPERATURE (F)   37        62      1987
 MINIMUM TEMPERATURE (F)   19       -14      2008


SUNRISE AND SUNSET
MARCH 23 2015.........SUNRISE   630 AM EDT   SUNSET   649 PM EDT
MARCH 24 2015.........SUNRISE   628 AM EDT   SUNSET   650 PM EDT


-  INDICATES NEGATIVE NUMBERS.
R  INDICATES RECORD WAS SET OR TIED.
MM INDICATES DATA IS MISSING.
T  INDICATES TRACE AMOUNT.




$$
