000
CDUS41 KCAR 150540
CLICAR


CLIMATE REPORT
NATIONAL WEATHER SERVICE CARIBOU, ME
1239 AM EST MON DEC 15 2014


...................................

...THE CARIBOU ME CLIMATE SUMMARY FOR DECEMBER 14 2014...

CLIMATE NORMAL PERIOD 1981 TO 2010
CLIMATE RECORD PERIOD 1939 TO 2014


WEATHER ITEM   OBSERVED TIME   RECORD YEAR NORMAL DEPARTURE LAST
                VALUE   (LST)  VALUE       VALUE  FROM      YEAR
                                                  NORMAL
..................................................................
TEMPERATURE (F)
 YESTERDAY
  MAXIMUM         36    130 PM  57    2010  27      9        2
  MINIMUM         32   1159 PM -18    1976  11     21      -14
  AVERAGE         34                        19     15       -6

PRECIPITATION (IN)
  YESTERDAY        T             0.98 1977   0.11  -0.11     0.00
  MONTH TO DATE    3.13                      1.61   1.52     0.61
  SINCE DEC 1      3.13                      1.61   1.52     0.61
  SINCE JAN 1     43.54                     36.83   6.71    47.19

SNOWFALL (IN)
  YESTERDAY        0.0          11.1  1977   0.8   -0.8      0.0
  MONTH TO DATE   13.7                       9.6    4.1      4.5
  SINCE DEC 1     13.7                       9.6    4.1      4.5
  SINCE JUL 1     42.5                      21.8   20.7     14.6
  SNOW DEPTH       6

DEGREE DAYS
 HEATING
  YESTERDAY       31                        46    -15       71
  MONTH TO DATE  611                       605      6      647
  SINCE DEC 1    611                       605      6      647
  SINCE JUL 1   2563                      2750   -187     2603

 COOLING
  YESTERDAY        0                         0      0        0
  MONTH TO DATE    0                         0      0        0
  SINCE DEC 1      0                         0      0        0
  SINCE JAN 1    266                       180     86      192
..................................................................


WIND (MPH)
  HIGHEST WIND SPEED    17   HIGHEST WIND DIRECTION    NW (330)
  HIGHEST GUST SPEED    22   HIGHEST GUST DIRECTION    NW (330)
  AVERAGE WIND SPEED     6.3


SKY COVER
  POSSIBLE SUNSHINE  MM
  AVERAGE SKY COVER 1.0


WEATHER CONDITIONS
 THE FOLLOWING WEATHER WAS RECORDED YESTERDAY.
  FOG
  FOG W/VISIBILITY <= 1/4 MILE


RELATIVE HUMIDITY (PERCENT)
 HIGHEST   100          1200 AM
 LOWEST     82           200 PM
 AVERAGE    91

..........................................................


THE CARIBOU ME CLIMATE NORMALS FOR TODAY
                         NORMAL    RECORD    YEAR
 MAXIMUM TEMPERATURE (F)   26        47      2008
 MINIMUM TEMPERATURE (F)   11       -21      1943


SUNRISE AND SUNSET
DECEMBER 15 2014......SUNRISE   710 AM EST   SUNSET   344 PM EST
DECEMBER 16 2014......SUNRISE   711 AM EST   SUNSET   344 PM EST


-  INDICATES NEGATIVE NUMBERS.
R  INDICATES RECORD WAS SET OR TIED.
MM INDICATES DATA IS MISSING.
T  INDICATES TRACE AMOUNT.




$$
