000
CDUS41 KCAR 200526
CLICAR


CLIMATE REPORT
NATIONAL WEATHER SERVICE CARIBOU, ME
126 AM EDT THU APR 20 2017


...................................

...THE CARIBOU ME CLIMATE SUMMARY FOR APRIL 19 2017...

CLIMATE NORMAL PERIOD 1981 TO 2010
CLIMATE RECORD PERIOD 1939 TO 2017


WEATHER ITEM   OBSERVED TIME   RECORD YEAR NORMAL DEPARTURE LAST
                VALUE   (LST)  VALUE       VALUE  FROM      YEAR
                                                  NORMAL
..................................................................
TEMPERATURE (F)
 YESTERDAY
  MAXIMUM         45    333 PM  72    1987  50     -5       52
  MINIMUM         30    513 AM  17    1961  31     -1       29
  AVERAGE         38                        40     -2       41

PRECIPITATION (IN)
  YESTERDAY        0.18          0.75 1968   0.09   0.09     0.00
  MONTH TO DATE    2.46                      1.69   0.77     2.80
  SINCE MAR 1      5.18                      4.20   0.98     7.50
  SINCE JAN 1     10.80                      9.12   1.68    12.97

SNOWFALL (IN)
  YESTERDAY        1.5           3.7  1949   0.3    1.2      0.0
  MONTH TO DATE    3.4                       6.1   -2.7      2.8
  SINCE MAR 1     27.0                      24.4    2.6     30.0
  SINCE JUL 1    123.6                     106.9   16.7     90.0
  SNOW DEPTH       T

DEGREE DAYS
 HEATING
  YESTERDAY       27                        25      2       24
  MONTH TO DATE  480                       556    -76      584
  SINCE MAR 1   1863                      1810     53     1841
  SINCE JUL 1   7844                      8531   -687     7583

 COOLING
  YESTERDAY        0                         0      0        0
  MONTH TO DATE    0                         0      0        0
  SINCE MAR 1      0                         0      0        0
  SINCE JAN 1      0                         0      0        0
..................................................................


WIND (MPH)
  HIGHEST WIND SPEED    24   HIGHEST WIND DIRECTION     S (160)
  HIGHEST GUST SPEED    32   HIGHEST GUST DIRECTION     S (170)
  AVERAGE WIND SPEED    12.5


SKY COVER
  POSSIBLE SUNSHINE  MM
  AVERAGE SKY COVER 0.8


WEATHER CONDITIONS
 THE FOLLOWING WEATHER WAS RECORDED YESTERDAY.
  LIGHT RAIN
  LIGHT SNOW
  FOG


RELATIVE HUMIDITY (PERCENT)
 HIGHEST    89           900 PM
 LOWEST     49           100 PM
 AVERAGE    69

..........................................................


THE CARIBOU ME CLIMATE NORMALS FOR TODAY
                         NORMAL    RECORD    YEAR
 MAXIMUM TEMPERATURE (F)   50        76      1987
 MINIMUM TEMPERATURE (F)   32        15      1947


SUNRISE AND SUNSET
APRIL 20 2017.........SUNRISE   535 AM EDT   SUNSET   728 PM EDT
APRIL 21 2017.........SUNRISE   533 AM EDT   SUNSET   729 PM EDT


-  INDICATES NEGATIVE NUMBERS.
R  INDICATES RECORD WAS SET OR TIED.
MM INDICATES DATA IS MISSING.
T  INDICATES TRACE AMOUNT.




$$
