000
CDUS41 KCAR 270532
CLICAR


CLIMATE REPORT
NATIONAL WEATHER SERVICE CARIBOU, ME
1232 AM EST TUE JAN 27 2015


...................................

...THE CARIBOU ME CLIMATE SUMMARY FOR JANUARY 26 2015...

CLIMATE NORMAL PERIOD 1981 TO 2010
CLIMATE RECORD PERIOD 1939 TO 2015


WEATHER ITEM   OBSERVED TIME   RECORD YEAR NORMAL DEPARTURE LAST
                VALUE   (LST)  VALUE       VALUE  FROM      YEAR
                                                  NORMAL
..................................................................
TEMPERATURE (F)
 YESTERDAY
  MAXIMUM          9    229 PM  51    1950  19    -10       23
  MINIMUM         -6    749 AM -33    2009   0     -6       -7
  AVERAGE          2                        10     -8        8

PRECIPITATION (IN)
  YESTERDAY        0.00          0.77 1978   0.08  -0.08     0.11
  MONTH TO DATE    1.68                      2.29  -0.61     3.56
  SINCE DEC 1      7.56                      5.56   2.00     7.14
  SINCE JAN 1      1.68                      2.29  -0.61     3.56

SNOWFALL (IN)
  YESTERDAY        0.0           9.8  1988   0.8   -0.8      1.0
  MONTH TO DATE   13.9                      21.1   -7.2     11.2
  SINCE DEC 1     41.0                      44.0   -3.0     56.0
  SINCE JUL 1     69.8                      56.2   13.6     66.1
  SNOW DEPTH      10

DEGREE DAYS
 HEATING
  YESTERDAY       63                        55      8       57
  MONTH TO DATE 1468                      1426     42     1349
  SINCE DEC 1   2783                      2875    -92     2958
  SINCE JUL 1   4735                      5020   -285     4914

 COOLING
  YESTERDAY        0                         0      0        0
  MONTH TO DATE    0                         0      0        0
  SINCE DEC 1      0                         0      0        0
  SINCE JAN 1      0                         0      0        0
..................................................................


WIND (MPH)
  HIGHEST WIND SPEED    18   HIGHEST WIND DIRECTION    NW (310)
  HIGHEST GUST SPEED    27   HIGHEST GUST DIRECTION    NW (310)
  AVERAGE WIND SPEED     6.4


SKY COVER
  POSSIBLE SUNSHINE  MM
  AVERAGE SKY COVER 0.0


WEATHER CONDITIONS
 THE FOLLOWING WEATHER WAS RECORDED YESTERDAY.
  NO SIGNIFICANT WEATHER WAS OBSERVED.


RELATIVE HUMIDITY (PERCENT)
 HIGHEST    68           700 AM
 LOWEST     41           300 PM
 AVERAGE    55

..........................................................


THE CARIBOU ME CLIMATE NORMALS FOR TODAY
                         NORMAL    RECORD    YEAR
 MAXIMUM TEMPERATURE (F)   19        52      1986
 MINIMUM TEMPERATURE (F)    0       -27      2009


SUNRISE AND SUNSET
JANUARY 27 2015.......SUNRISE   703 AM EST   SUNSET   427 PM EST
JANUARY 28 2015.......SUNRISE   702 AM EST   SUNSET   429 PM EST


-  INDICATES NEGATIVE NUMBERS.
R  INDICATES RECORD WAS SET OR TIED.
MM INDICATES DATA IS MISSING.
T  INDICATES TRACE AMOUNT.




$$
