000
CDUS41 KCAR 220534
CLICAR


CLIMATE REPORT
NATIONAL WEATHER SERVICE CARIBOU, ME
131 AM EDT THU JUN 22 2017


...................................

...THE CARIBOU ME CLIMATE SUMMARY FOR JUNE 21 2017...

CLIMATE NORMAL PERIOD 1981 TO 2010
CLIMATE RECORD PERIOD 1939 TO 2017


WEATHER ITEM   OBSERVED TIME   RECORD YEAR NORMAL DEPARTURE LAST
                VALUE   (LST)  VALUE       VALUE  FROM      YEAR
                                                  NORMAL
..................................................................
TEMPERATURE (F)
 YESTERDAY
  MAXIMUM         71    339 PM  92    1983  73     -2       77
  MINIMUM         55   1159 PM  38    1995  52      3       52
  AVERAGE         63                        62      1       65

PRECIPITATION (IN)
  YESTERDAY        0.05          0.93 1980   0.12  -0.07     0.03
  MONTH TO DATE    2.29                      2.34  -0.05     2.21
  SINCE JUN 1      2.29                      2.34  -0.05     2.21
  SINCE JAN 1     18.86                     15.76   3.10    18.14

SNOWFALL (IN)
  YESTERDAY        0.0           0.0  2002   0.0    0.0      0.0
                                      2001
  MONTH TO DATE    0.0                       0.0    0.0      0.0
  SINCE JUN 1      0.0                       0.0    0.0      0.0
  SINCE JUL 1    129.6                     108.7   20.9     94.8
  SNOW DEPTH       0

DEGREE DAYS
 HEATING
  YESTERDAY        2                         4     -2        0
  MONTH TO DATE  103                       134    -31      128
  SINCE JUN 1    103                       134    -31      128
  SINCE JUL 1   8551                      9323   -772     8345

 COOLING
  YESTERDAY        0                         1     -1        0
  MONTH TO DATE   41                        18     23       16
  SINCE JUN 1     41                        18     23       16
  SINCE JAN 1     47                        23     24       24
..................................................................


WIND (MPH)
  HIGHEST WIND SPEED    23   HIGHEST WIND DIRECTION     W (250)
  HIGHEST GUST SPEED    35   HIGHEST GUST DIRECTION     W (270)
  AVERAGE WIND SPEED     8.4


SKY COVER
  POSSIBLE SUNSHINE  MM
  AVERAGE SKY COVER 0.3


WEATHER CONDITIONS
 THE FOLLOWING WEATHER WAS RECORDED YESTERDAY.
  LIGHT RAIN


RELATIVE HUMIDITY (PERCENT)
 HIGHEST    93           400 AM
 LOWEST     59          1200 PM
 AVERAGE    76

..........................................................


THE CARIBOU ME CLIMATE NORMALS FOR TODAY
                         NORMAL    RECORD    YEAR
 MAXIMUM TEMPERATURE (F)   73        93      1983
 MINIMUM TEMPERATURE (F)   52        34      1950


SUNRISE AND SUNSET
JUNE 22 2017..........SUNRISE   438 AM EDT   SUNSET   830 PM EDT
JUNE 23 2017..........SUNRISE   438 AM EDT   SUNSET   831 PM EDT


-  INDICATES NEGATIVE NUMBERS.
R  INDICATES RECORD WAS SET OR TIED.
MM INDICATES DATA IS MISSING.
T  INDICATES TRACE AMOUNT.




$$
