000
CDUS41 KCAR 210537
CLICAR


CLIMATE REPORT
NATIONAL WEATHER SERVICE CARIBOU, ME
132 AM EDT SAT MAY 21 2016


...................................

...THE CARIBOU ME CLIMATE SUMMARY FOR MAY 20 2016...

CLIMATE NORMAL PERIOD 1981 TO 2010
CLIMATE RECORD PERIOD 1939 TO 2016


WEATHER ITEM   OBSERVED TIME   RECORD YEAR NORMAL DEPARTURE LAST
                VALUE   (LST)  VALUE       VALUE  FROM      YEAR
                                                  NORMAL
..................................................................
TEMPERATURE (F)
 YESTERDAY
  MAXIMUM         77    154 PM  86    2003  64     13       57
                                      1951
  MINIMUM         48    454 AM  28    1944  42      6       43
  AVERAGE         63                        53     10       50

PRECIPITATION (IN)
  YESTERDAY        0.00          1.27 1975   0.12  -0.12     0.01
  MONTH TO DATE    2.16                      2.06   0.10     1.28
  SINCE MAR 1      9.66                      7.23   2.43     5.28
  SINCE JAN 1     15.13                     12.15   2.98     9.38

SNOWFALL (IN)
  YESTERDAY        0.0           0.0  2002   0.0    0.0      0.0
                                      2001
  MONTH TO DATE    4.8                       0.4    4.4       T
  SINCE MAR 1     34.8                      26.1    8.7     33.5
  SINCE JUL 1     94.8                     108.6  -13.8    141.8
  SNOW DEPTH       0

DEGREE DAYS
 HEATING
  YESTERDAY        2                        12    -10       15
  MONTH TO DATE  304                       308     -4      233
  SINCE MAR 1   2434                      2353     81     2480
  SINCE JUL 1   8176                      9074   -898     9221

 COOLING
  YESTERDAY        0                         0      0        0
  MONTH TO DATE    0                         0      0        0
  SINCE MAR 1      0                         0      0        0
  SINCE JAN 1      0                         0      0        0
..................................................................


WIND (MPH)
  HIGHEST WIND SPEED    18   HIGHEST WIND DIRECTION    NW (310)
  HIGHEST GUST SPEED    23   HIGHEST GUST DIRECTION    NW (310)
  AVERAGE WIND SPEED     6.4


SKY COVER
  POSSIBLE SUNSHINE  MM
  AVERAGE SKY COVER 0.3


WEATHER CONDITIONS
 THE FOLLOWING WEATHER WAS RECORDED YESTERDAY.
  NO SIGNIFICANT WEATHER WAS OBSERVED.


RELATIVE HUMIDITY (PERCENT)
 HIGHEST    77           400 AM
 LOWEST     26           200 PM
 AVERAGE    52

..........................................................


THE CARIBOU ME CLIMATE NORMALS FOR TODAY
                         NORMAL    RECORD    YEAR
 MAXIMUM TEMPERATURE (F)   65        92      1992
 MINIMUM TEMPERATURE (F)   42        31      1974


SUNRISE AND SUNSET
MAY 21 2016...........SUNRISE   450 AM EDT   SUNSET   808 PM EDT
MAY 22 2016...........SUNRISE   449 AM EDT   SUNSET   809 PM EDT


-  INDICATES NEGATIVE NUMBERS.
R  INDICATES RECORD WAS SET OR TIED.
MM INDICATES DATA IS MISSING.
T  INDICATES TRACE AMOUNT.




$$
