000
CDUS41 KCAR 110528
CLICAR


CLIMATE REPORT
NATIONAL WEATHER SERVICE CARIBOU, ME
1227 AM EST SAT FEB 11 2017


...................................

...THE CARIBOU ME CLIMATE SUMMARY FOR FEBRUARY 10 2017...

CLIMATE NORMAL PERIOD 1981 TO 2010
CLIMATE RECORD PERIOD 1939 TO 2017


WEATHER ITEM   OBSERVED TIME   RECORD YEAR NORMAL DEPARTURE LAST
                VALUE   (LST)  VALUE       VALUE  FROM      YEAR
                                                  NORMAL
..................................................................
TEMPERATURE (F)
 YESTERDAY
  MAXIMUM          6    316 PM  40    2012  22    -16       23
                                      2001
  MINIMUM         -9   1141 PM -29    1948   3    -12        0
  AVERAGE         -1                        12    -13       12

PRECIPITATION (IN)
  YESTERDAY        0.01          1.09 2005   0.08  -0.07     0.01
  MONTH TO DATE    0.90                      0.79   0.11     0.86
  SINCE DEC 1      8.55                      6.77   1.78     7.16
  SINCE JAN 1      4.35                      3.50   0.85     2.28

SNOWFALL (IN)
  YESTERDAY        0.3          12.8  1969   0.8   -0.5      0.5
  MONTH TO DATE    8.9                       8.0    0.9      7.9
  SINCE DEC 1     69.5                      56.1   13.4     46.9
  SINCE JUL 1     89.7                      68.3   21.4     51.0
  SNOW DEPTH      29

DEGREE DAYS
 HEATING
  YESTERDAY       66                        52     14       53
  MONTH TO DATE  586                       535     51      455
  SINCE DEC 1   3527                      3684   -157     3034
  SINCE JUL 1   5214                      5829   -615     4852

 COOLING
  YESTERDAY        0                         0      0        0
  MONTH TO DATE    0                         0      0        0
  SINCE DEC 1      0                         0      0        0
  SINCE JAN 1      0                         0      0        0
..................................................................


WIND (MPH)
  HIGHEST WIND SPEED    29   HIGHEST WIND DIRECTION    NW (310)
  HIGHEST GUST SPEED    42   HIGHEST GUST DIRECTION    NW (310)
  AVERAGE WIND SPEED    14.2


SKY COVER
  POSSIBLE SUNSHINE  MM
  AVERAGE SKY COVER 0.3


WEATHER CONDITIONS
 THE FOLLOWING WEATHER WAS RECORDED YESTERDAY.
  LIGHT SNOW
  HAZE
  BLOWING SNOW


RELATIVE HUMIDITY (PERCENT)
 HIGHEST    79          1200 AM
 LOWEST     49           300 PM
 AVERAGE    64

..........................................................


THE CARIBOU ME CLIMATE NORMALS FOR TODAY
                         NORMAL    RECORD    YEAR
 MAXIMUM TEMPERATURE (F)   23        51      1981
 MINIMUM TEMPERATURE (F)    3       -26      1975


SUNRISE AND SUNSET
FEBRUARY 11 2017......SUNRISE   642 AM EST   SUNSET   451 PM EST
FEBRUARY 12 2017......SUNRISE   641 AM EST   SUNSET   453 PM EST


-  INDICATES NEGATIVE NUMBERS.
R  INDICATES RECORD WAS SET OR TIED.
MM INDICATES DATA IS MISSING.
T  INDICATES TRACE AMOUNT.




$$
