000
CDUS41 KCAR 220535
CLICAR


CLIMATE REPORT
NATIONAL WEATHER SERVICE CARIBOU, ME
130 AM EDT MON AUG 22 2016


...................................

...THE CARIBOU ME CLIMATE SUMMARY FOR AUGUST 21 2016...

CLIMATE NORMAL PERIOD 1981 TO 2010
CLIMATE RECORD PERIOD 1939 TO 2016


WEATHER ITEM   OBSERVED TIME   RECORD YEAR NORMAL DEPARTURE LAST
                VALUE   (LST)  VALUE       VALUE  FROM      YEAR
                                                  NORMAL
..................................................................
TEMPERATURE (F)
 YESTERDAY
  MAXIMUM         80    147 PM  93    1976  74      6       82
  MINIMUM         58    521 AM  38    2007  52      6       65
                                      1957
  AVERAGE         69                        63      6       74

PRECIPITATION (IN)
  YESTERDAY        0.00          0.94 2015   0.11  -0.11     0.94
  MONTH TO DATE    4.22                      2.61   1.61     3.24
  SINCE JUN 1     13.51                     10.17   3.34    10.68
  SINCE JAN 1     29.44                     23.59   5.85    21.53

SNOWFALL (IN)
  YESTERDAY        0.0           0.0  2002   0.0    0.0      0.0
                                      2001
  MONTH TO DATE    0.0                       0.0    0.0      0.0
  SINCE JUN 1      0.0                       0.0    0.0      0.0
  SINCE JUL 1      0.0                       0.0    0.0      0.0
  SNOW DEPTH       0

DEGREE DAYS
 HEATING
  YESTERDAY        0                         3     -3        0
  MONTH TO DATE   21                        50    -29       10
  SINCE JUN 1    213                       273    -60      287
  SINCE JUL 1     69                       108    -39       75

 COOLING
  YESTERDAY        4                         1      3        9
  MONTH TO DATE   61                        41     20       87
  SINCE JUN 1    215                       152     63      149
  SINCE JAN 1    223                       157     66      170
..................................................................


WIND (MPH)
  HIGHEST WIND SPEED    22   HIGHEST WIND DIRECTION     S (180)
  HIGHEST GUST SPEED    31   HIGHEST GUST DIRECTION     S (170)
  AVERAGE WIND SPEED    11.7


SKY COVER
  POSSIBLE SUNSHINE  MM
  AVERAGE SKY COVER 0.3


WEATHER CONDITIONS
 THE FOLLOWING WEATHER WAS RECORDED YESTERDAY.
  NO SIGNIFICANT WEATHER WAS OBSERVED.


RELATIVE HUMIDITY (PERCENT)
 HIGHEST    93           500 AM
 LOWEST     52           100 PM
 AVERAGE    73

..........................................................


THE CARIBOU ME CLIMATE NORMALS FOR TODAY
                         NORMAL    RECORD    YEAR
 MAXIMUM TEMPERATURE (F)   74        91      1976
 MINIMUM TEMPERATURE (F)   52        38      1965


SUNRISE AND SUNSET
AUGUST 22 2016........SUNRISE   539 AM EDT   SUNSET   729 PM EDT
AUGUST 23 2016........SUNRISE   541 AM EDT   SUNSET   728 PM EDT


-  INDICATES NEGATIVE NUMBERS.
R  INDICATES RECORD WAS SET OR TIED.
MM INDICATES DATA IS MISSING.
T  INDICATES TRACE AMOUNT.




$$
