000
CDUS41 KCAR 230526
CLICAR


CLIMATE REPORT
NATIONAL WEATHER SERVICE CARIBOU, ME
126 AM EDT SUN APR 23 2017


...................................

...THE CARIBOU ME CLIMATE SUMMARY FOR APRIL 22 2017...

CLIMATE NORMAL PERIOD 1981 TO 2010
CLIMATE RECORD PERIOD 1939 TO 2017


WEATHER ITEM   OBSERVED TIME   RECORD YEAR NORMAL DEPARTURE LAST
                VALUE   (LST)  VALUE       VALUE  FROM      YEAR
                                                  NORMAL
..................................................................
TEMPERATURE (F)
 YESTERDAY
  MAXIMUM         35   1236 PM  70    2016  51    -16       70
  MINIMUM         32    602 AM  18    1947  33     -1       32
  AVERAGE         34                        42     -8       51

PRECIPITATION (IN)
  YESTERDAY        0.23          1.01 1958   0.09   0.14      T
  MONTH TO DATE    3.12                      1.95   1.17     2.80
  SINCE MAR 1      5.84                      4.46   1.38     7.50
  SINCE JAN 1     11.46                      9.38   2.08    12.97

SNOWFALL (IN)
  YESTERDAY        1.1           4.6  1989   0.1    1.0      0.0
  MONTH TO DATE    9.8                       6.6    3.2      2.8
  SINCE MAR 1     33.4                      24.9    8.5     30.0
  SINCE JUL 1    130.0                     107.4   22.6     90.0
  SNOW DEPTH       4

DEGREE DAYS
 HEATING
  YESTERDAY       31                        23      8       14
  MONTH TO DATE  566                       627    -61      635
  SINCE MAR 1   1949                      1881     68     1892
  SINCE JUL 1   7930                      8602   -672     7634

 COOLING
  YESTERDAY        0                         0      0        0
  MONTH TO DATE    0                         0      0        0
  SINCE MAR 1      0                         0      0        0
  SINCE JAN 1      0                         0      0        0
..................................................................


WIND (MPH)
  HIGHEST WIND SPEED    14   HIGHEST WIND DIRECTION    SE (150)
  HIGHEST GUST SPEED    17   HIGHEST GUST DIRECTION    SE (150)
  AVERAGE WIND SPEED     5.0


SKY COVER
  POSSIBLE SUNSHINE  MM
  AVERAGE SKY COVER 1.0


WEATHER CONDITIONS
 THE FOLLOWING WEATHER WAS RECORDED YESTERDAY.
  SNOW
  LIGHT SNOW
  FOG
  HAZE


RELATIVE HUMIDITY (PERCENT)
 HIGHEST    96           400 PM
 LOWEST     89           700 AM
 AVERAGE    93

..........................................................


THE CARIBOU ME CLIMATE NORMALS FOR TODAY
                         NORMAL    RECORD    YEAR
 MAXIMUM TEMPERATURE (F)   52        77      2007
 MINIMUM TEMPERATURE (F)   33        21      1994


SUNRISE AND SUNSET
APRIL 23 2017.........SUNRISE   530 AM EDT   SUNSET   732 PM EDT
APRIL 24 2017.........SUNRISE   528 AM EDT   SUNSET   733 PM EDT


-  INDICATES NEGATIVE NUMBERS.
R  INDICATES RECORD WAS SET OR TIED.
MM INDICATES DATA IS MISSING.
T  INDICATES TRACE AMOUNT.




$$
