000
CDUS41 KCAR 180528
CLICAR


CLIMATE REPORT
NATIONAL WEATHER SERVICE CARIBOU, ME
127 AM EDT MON AUG 18 2014


...................................

...THE CARIBOU ME CLIMATE SUMMARY FOR AUGUST 17 2014...

CLIMATE NORMAL PERIOD 1981 TO 2010
CLIMATE RECORD PERIOD 1939 TO 2014


WEATHER ITEM   OBSERVED TIME   RECORD YEAR NORMAL DEPARTURE LAST
                VALUE   (LST)  VALUE       VALUE  FROM      YEAR
                                                  NORMAL
..................................................................
TEMPERATURE (F)
 YESTERDAY
  MAXIMUM         63    436 PM  89    1987  75    -12       73
                                      1978
  MINIMUM         53   1025 PM  39    1972  53      0       50
  AVERAGE         58                        64     -6       62

PRECIPITATION (IN)
  YESTERDAY        0.04          6.67 1981   0.12  -0.08     0.00
  MONTH TO DATE    1.68                      2.14  -0.46     4.52
  SINCE JUN 1     11.35                      9.70   1.65    17.85
  SINCE JAN 1     28.55                     23.12   5.43    31.87

SNOWFALL (IN)
  YESTERDAY        0.0           0.0  2002   0.0    0.0      0.0
                                      2001
  MONTH TO DATE    0.0                       0.0    0.0      0.0
  SINCE JUN 1      0.0                       0.0    0.0      0.0
  SINCE JUL 1      0.0                       0.0    0.0      0.0
  SNOW DEPTH       0

DEGREE DAYS
 HEATING
  YESTERDAY        7                         3      4        3
  MONTH TO DATE   18                        38    -20       51
  SINCE JUN 1    131                       261   -130      257
  SINCE JUL 1     42                        96    -54       79

 COOLING
  YESTERDAY        0                         2     -2        0
  MONTH TO DATE   38                        35      3        4
  SINCE JUN 1    204                       146     58      146
  SINCE JAN 1    207                       151     56      154
..................................................................


WIND (MPH)
  HIGHEST WIND SPEED     9   HIGHEST WIND DIRECTION    SW (220)
  HIGHEST GUST SPEED    11   HIGHEST GUST DIRECTION    SW (210)
  AVERAGE WIND SPEED     2.4


SKY COVER
  POSSIBLE SUNSHINE  MM
  AVERAGE SKY COVER 0.9


WEATHER CONDITIONS
 THE FOLLOWING WEATHER WAS RECORDED YESTERDAY.
  LIGHT RAIN
  FOG
  FOG W/VISIBILITY <= 1/4 MILE


RELATIVE HUMIDITY (PERCENT)
 HIGHEST   100           300 AM
 LOWEST     84           100 PM
 AVERAGE    92

..........................................................


THE CARIBOU ME CLIMATE NORMALS FOR TODAY
                         NORMAL    RECORD    YEAR
 MAXIMUM TEMPERATURE (F)   74        91      1960
 MINIMUM TEMPERATURE (F)   53        40      1957


SUNRISE AND SUNSET
AUGUST 18 2014........SUNRISE   533 AM EDT   SUNSET   737 PM EDT
AUGUST 19 2014........SUNRISE   535 AM EDT   SUNSET   736 PM EDT


-  INDICATES NEGATIVE NUMBERS.
R  INDICATES RECORD WAS SET OR TIED.
MM INDICATES DATA IS MISSING.
T  INDICATES TRACE AMOUNT.




$$
