000
CDUS41 KCAR 172128
CLICAR


CLIMATE REPORT
NATIONAL WEATHER SERVICE CARIBOU, ME
427 PM EST SAT JAN 17 2015


...................................

...THE CARIBOU ME CLIMATE SUMMARY FOR JANUARY 17 2015...
VALID TODAY AS OF 0400 PM LOCAL TIME.

CLIMATE NORMAL PERIOD 1981 TO 2010
CLIMATE RECORD PERIOD 1939 TO 2015


WEATHER ITEM   OBSERVED TIME   RECORD YEAR NORMAL DEPARTURE LAST
                VALUE   (LST)  VALUE       VALUE  FROM      YEAR
                                                  NORMAL
..................................................................
TEMPERATURE (F)
 TODAY
  MAXIMUM          3    305 PM  47    1959  19    -16       35
  MINIMUM         -9    753 AM -33    2009   0     -9       30
  AVERAGE         -3                        10    -13       33

PRECIPITATION (IN)
  TODAY            0.00          0.77 1995   0.09  -0.09     0.11
  MONTH TO DATE    1.27                      1.51  -0.24     2.97
  SINCE DEC 1      7.15                      4.78   2.37     6.55
  SINCE JAN 1      1.27                      1.51  -0.24     2.97

SNOWFALL (IN)
  TODAY            0.0          10.9  1994   0.8   -0.8      0.8
  MONTH TO DATE   13.0                      13.8   -0.8      2.9
  SINCE DEC 1     40.1                      36.7    3.4     47.7
  SINCE JUL 1     68.9                      48.9   20.0     57.8
  SNOW DEPTH      14

DEGREE DAYS
 HEATING
  TODAY           68                        56     12       32
  MONTH TO DATE 1031                       925    106      836
  SINCE DEC 1   2346                      2374    -28     2445
  SINCE JUL 1   4298                      4519   -221     4401

 COOLING
  TODAY            0                         0      0        0
  MONTH TO DATE    0                         0      0        0
  SINCE DEC 1      0                         0      0        0
  SINCE JAN 1      0                         0      0        0
..................................................................


WIND (MPH)
  HIGHEST WIND SPEED    21   HIGHEST WIND DIRECTION    NW (310)
  HIGHEST GUST SPEED    27   HIGHEST GUST DIRECTION    NW (300)
  AVERAGE WIND SPEED    11.3


SKY COVER
  POSSIBLE SUNSHINE  MM
  AVERAGE SKY COVER 0.0


WEATHER CONDITIONS
 THE FOLLOWING WEATHER WAS RECORDED TODAY.
  NO SIGNIFICANT WEATHER WAS OBSERVED.


RELATIVE HUMIDITY (PERCENT)
 HIGHEST    65           200 AM
 LOWEST     44           300 PM
 AVERAGE    55

..........................................................


THE CARIBOU ME CLIMATE NORMALS FOR TOMORROW
                         NORMAL    RECORD    YEAR
 MAXIMUM TEMPERATURE (F)   19        49      2006
 MINIMUM TEMPERATURE (F)    0       -30      2009


SUNRISE AND SUNSET
JANUARY 17 2015.......SUNRISE   712 AM EST   SUNSET   413 PM EST
JANUARY 18 2015.......SUNRISE   711 AM EST   SUNSET   414 PM EST


-  INDICATES NEGATIVE NUMBERS.
R  INDICATES RECORD WAS SET OR TIED.
MM INDICATES DATA IS MISSING.
T  INDICATES TRACE AMOUNT.




$$
