000
CDUS41 KCAR 060530
CLICAR


CLIMATE REPORT
NATIONAL WEATHER SERVICE CARIBOU, ME
1229 AM EST FRI JAN 6 2017


...................................

...THE CARIBOU ME CLIMATE SUMMARY FOR JANUARY 5 2017...

CLIMATE NORMAL PERIOD 1981 TO 2010
CLIMATE RECORD PERIOD 1939 TO 2017


WEATHER ITEM   OBSERVED TIME   RECORD YEAR NORMAL DEPARTURE LAST
                VALUE   (LST)  VALUE       VALUE  FROM      YEAR
                                                  NORMAL
..................................................................
TEMPERATURE (F)
 YESTERDAY
  MAXIMUM         32   1234 AM  50    1950  20     12       15
  MINIMUM          9   1041 PM -20    1981   2      7       -9
  AVERAGE         21                        11     10        3

PRECIPITATION (IN)
  YESTERDAY        0.01          1.51 1992   0.09  -0.08     0.00
  MONTH TO DATE    0.85                      0.45   0.40     0.10
  SINCE DEC 1      5.05                      3.72   1.33     4.98
  SINCE JAN 1      0.85                      0.45   0.40     0.10

SNOWFALL (IN)
  YESTERDAY        0.3           5.8  1986   0.8   -0.5      0.0
  MONTH TO DATE    7.5                       4.0    3.5      2.0
  SINCE DEC 1     48.7                      26.9   21.8     29.8
  SINCE JUL 1     68.9                      39.1   29.8     33.9
  SNOW DEPTH      30

DEGREE DAYS
 HEATING
  YESTERDAY       44                        54    -10       62
  MONTH TO DATE  229                       267    -38      246
  SINCE DEC 1   1722                      1716      6     1368
  SINCE JUL 1   3409                      3861   -452     3186

 COOLING
  YESTERDAY        0                         0      0        0
  MONTH TO DATE    0                         0      0        0
  SINCE DEC 1      0                         0      0        0
  SINCE JAN 1      0                         0      0        0
..................................................................


WIND (MPH)
  HIGHEST WIND SPEED    32   HIGHEST WIND DIRECTION     W (250)
  HIGHEST GUST SPEED    44   HIGHEST GUST DIRECTION     W (260)
  AVERAGE WIND SPEED    12.5


SKY COVER
  POSSIBLE SUNSHINE  MM
  AVERAGE SKY COVER 0.6


WEATHER CONDITIONS
 THE FOLLOWING WEATHER WAS RECORDED YESTERDAY.
  HEAVY SNOW
  SNOW
  LIGHT SNOW
  FOG
  HAZE
  BLOWING SNOW


RELATIVE HUMIDITY (PERCENT)
 HIGHEST    78           100 AM
 LOWEST     61           200 PM
 AVERAGE    70

..........................................................


THE CARIBOU ME CLIMATE NORMALS FOR TODAY
                         NORMAL    RECORD    YEAR
 MAXIMUM TEMPERATURE (F)   20        47      2007
 MINIMUM TEMPERATURE (F)    2       -20      1999
                                             1945


SUNRISE AND SUNSET
JANUARY  6 2017.......SUNRISE   717 AM EST   SUNSET   400 PM EST
JANUARY  7 2017.......SUNRISE   716 AM EST   SUNSET   401 PM EST


-  INDICATES NEGATIVE NUMBERS.
R  INDICATES RECORD WAS SET OR TIED.
MM INDICATES DATA IS MISSING.
T  INDICATES TRACE AMOUNT.




$$
