000
CDUS41 KCAR 122130
CLICAR

CLIMATE REPORT
NATIONAL WEATHER SERVICE CARIBOU, ME
436 PM EDT SAT AUG 12 2017


...................................

...THE CARIBOU ME CLIMATE SUMMARY FOR AUGUST 12 2017...
VALID TODAY AS OF 0400 PM LOCAL TIME.

CLIMATE NORMAL PERIOD 1981 TO 2010
CLIMATE RECORD PERIOD 1939 TO 2017


WEATHER ITEM   OBSERVED TIME   RECORD YEAR NORMAL DEPARTURE LAST
                VALUE   (LST)  VALUE       VALUE  FROM      YEAR
                                                  NORMAL
..................................................................
TEMPERATURE (F)
 TODAY
  MAXIMUM         75    255 PM  93    1944  75      0       69
  MINIMUM         61    602 AM  40    1941  54      7       56
  AVERAGE         68                        64      4       63

PRECIPITATION (IN)
  TODAY            0.00          1.21 1948   0.12  -0.12     0.47
  MONTH TO DATE    1.35                      1.52  -0.17     2.34
  SINCE JUN 1      8.36                      9.08  -0.72    11.63
  SINCE JAN 1     24.93                     22.50   2.43    27.56

SNOWFALL (IN)
  TODAY            0.0           0.0  2002   0.0    0.0      0.0
                                      2001
  MONTH TO DATE    0.0                       0.0    0.0      0.0
  SINCE JUN 1      0.0                       0.0    0.0      0.0
  SINCE JUL 1      0.0                       0.0    0.0      0.0
  SNOW DEPTH       0

DEGREE DAYS
 HEATING
  TODAY            0                         2     -2        2
  MONTH TO DATE   19                        24     -5        9
  SINCE JUN 1    190                       247    -57      201
  SINCE JUL 1     58                        82    -24       57

 COOLING
  TODAY            3                         2      1        0
  MONTH TO DATE   33                        25      8       44
  SINCE JUN 1    156                       136     20      198
  SINCE JAN 1    162                       141     21      206
..................................................................


WIND (MPH)
  HIGHEST WIND SPEED    15   HIGHEST WIND DIRECTION     S (170)
  HIGHEST GUST SPEED    20   HIGHEST GUST DIRECTION     S (170)
  AVERAGE WIND SPEED     6.8


SKY COVER
  POSSIBLE SUNSHINE  MM
  AVERAGE SKY COVER 0.6


WEATHER CONDITIONS
 THE FOLLOWING WEATHER WAS RECORDED TODAY.
  NO SIGNIFICANT WEATHER WAS OBSERVED.


RELATIVE HUMIDITY (PERCENT)
 HIGHEST    93          1200 AM
 LOWEST     60           300 PM
 AVERAGE    77

..........................................................


THE CARIBOU ME CLIMATE NORMALS FOR TOMORROW
                         NORMAL    RECORD    YEAR
 MAXIMUM TEMPERATURE (F)   75        91      1947
 MINIMUM TEMPERATURE (F)   54        36      1941


SUNRISE AND SUNSET
AUGUST 12 2017........SUNRISE   526 AM EDT   SUNSET   747 PM EDT
AUGUST 13 2017........SUNRISE   527 AM EDT   SUNSET   746 PM EDT


-  INDICATES NEGATIVE NUMBERS.
R  INDICATES RECORD WAS SET OR TIED.
MM INDICATES DATA IS MISSING.
T  INDICATES TRACE AMOUNT.

..................................................................

THE CARIBOU ME 4 INCH UNDER SOD SOIL TEMPERATURE FOR AUGUST 12 2017

MAXIMUM 74F
MINIMUM 68F

$$
