000
CDUS41 KCAR 122035
CLICAR


CLIMATE REPORT
NATIONAL WEATHER SERVICE CARIBOU, ME
435 PM EDT SAT APR 12 2014


...................................

...THE CARIBOU ME CLIMATE SUMMARY FOR APRIL 12 2014...
VALID TODAY AS OF 0400 PM LOCAL TIME.

CLIMATE NORMAL PERIOD 1981 TO 2010
CLIMATE RECORD PERIOD 1939 TO 2014


WEATHER ITEM   OBSERVED TIME   RECORD YEAR NORMAL DEPARTURE LAST
                VALUE   (LST)  VALUE       VALUE  FROM      YEAR
                                                  NORMAL
..................................................................
TEMPERATURE (F)
 TODAY
  MAXIMUM         52    232 PM  76    1945  46      6       41
  MINIMUM         26    510 AM  12    1976  28     -2       24
  AVERAGE         39                        37      2       33

PRECIPITATION (IN)
  TODAY            0.00          0.62 1940   0.09  -0.09     0.19
  MONTH TO DATE    1.10                      1.05   0.05     0.69
  SINCE MAR 1      4.54                      3.56   0.98     2.43
  SINCE JAN 1     10.76                      8.48   2.28     7.80

SNOWFALL (IN)
  TODAY            0.0           4.6  2000   0.3   -0.3      2.3
  MONTH TO DATE    3.4                       4.2   -0.8      2.3
  SINCE MAR 1     45.5                      22.5   23.0     17.5
  SINCE JUL 1    144.9                     105.0   39.9    104.9
  SNOW DEPTH      17

DEGREE DAYS
 HEATING
  TODAY           26                        28     -2       32
  MONTH TO DATE  358                       372    -14      407
  SINCE MAR 1   1898                      1626    272     1492
  SINCE JUL 1   8552                      8347    205     7640

 COOLING
  TODAY            0                         0      0        0
  MONTH TO DATE    0                         0      0        0
  SINCE MAR 1      0                         0      0        0
  SINCE JAN 1      0                         0      0        0
..................................................................


WIND (MPH)
  HIGHEST WIND SPEED    20   HIGHEST WIND DIRECTION     W (250)
  HIGHEST GUST SPEED    28   HIGHEST GUST DIRECTION    SW (240)
  AVERAGE WIND SPEED     5.8


SKY COVER
  POSSIBLE SUNSHINE  MM
  AVERAGE SKY COVER 0.2


WEATHER CONDITIONS
 THE FOLLOWING WEATHER WAS RECORDED TODAY.
  NO SIGNIFICANT WEATHER WAS OBSERVED.


RELATIVE HUMIDITY (PERCENT)
 HIGHEST    85           600 AM
 LOWEST     32           300 PM
 AVERAGE    59

..........................................................


THE CARIBOU ME CLIMATE NORMALS FOR TOMORROW
                         NORMAL    RECORD    YEAR
 MAXIMUM TEMPERATURE (F)   46        78      1945
 MINIMUM TEMPERATURE (F)   29        10      1992


SUNRISE AND SUNSET
APRIL 12 2014.........SUNRISE   550 AM EDT   SUNSET   716 PM EDT
APRIL 13 2014.........SUNRISE   548 AM EDT   SUNSET   718 PM EDT


-  INDICATES NEGATIVE NUMBERS.
R  INDICATES RECORD WAS SET OR TIED.
MM INDICATES DATA IS MISSING.
T  INDICATES TRACE AMOUNT.




$$
