000
CDUS41 KCAR 202025
CLICAR


CLIMATE REPORT
NATIONAL WEATHER SERVICE CARIBOU, ME
425 PM EDT FRI MAR 20 2015


...................................

...THE CARIBOU ME CLIMATE SUMMARY FOR MARCH 20 2015...
VALID TODAY AS OF 0400 PM LOCAL TIME.

CLIMATE NORMAL PERIOD 1981 TO 2010
CLIMATE RECORD PERIOD 1939 TO 2015


WEATHER ITEM   OBSERVED TIME   RECORD YEAR NORMAL DEPARTURE LAST
                VALUE   (LST)  VALUE       VALUE  FROM      YEAR
                                                  NORMAL
..................................................................
TEMPERATURE (F)
 TODAY
  MAXIMUM         36    259 PM  73    2012  35      1       32
  MINIMUM          2    550 AM  -9    1955  17    -15       24
  AVERAGE         19                        26     -7       28

PRECIPITATION (IN)
  TODAY            0.00          1.39 2008   0.08  -0.08     0.99
  MONTH TO DATE    1.42                      1.61  -0.19     2.46
  SINCE MAR 1      1.42                      1.61  -0.19     2.46
  SINCE JAN 1      5.52                      6.53  -1.01     8.68

SNOWFALL (IN)
  TODAY            0.0          10.6  2008   0.5   -0.5     10.2
  MONTH TO DATE   21.1                      13.2    7.9     32.5
  SINCE MAR 1     21.1                      13.2    7.9     32.5
  SINCE JUL 1    129.4                      95.7   33.7    131.9
  SNOW DEPTH      20

DEGREE DAYS
 HEATING
  TODAY           46                        39      7       37
  MONTH TO DATE  971                       854    117     1056
  SINCE MAR 1    971                       854    117     1056
  SINCE JUL 1   7712                      7575    137     7710

 COOLING
  TODAY            0                         0      0        0
  MONTH TO DATE    0                         0      0        0
  SINCE MAR 1      0                         0      0        0
  SINCE JAN 1      0                         0      0        0
..................................................................


WIND (MPH)
  HIGHEST WIND SPEED    12   HIGHEST WIND DIRECTION    SE (120)
  HIGHEST GUST SPEED    15   HIGHEST GUST DIRECTION    SE (120)
  AVERAGE WIND SPEED     5.3


SKY COVER
  POSSIBLE SUNSHINE  MM
  AVERAGE SKY COVER 0.0


WEATHER CONDITIONS
 THE FOLLOWING WEATHER WAS RECORDED TODAY.
  NO SIGNIFICANT WEATHER WAS OBSERVED.


RELATIVE HUMIDITY (PERCENT)
 HIGHEST    68           600 AM
 LOWEST     32           100 PM
 AVERAGE    50

..........................................................


THE CARIBOU ME CLIMATE NORMALS FOR TOMORROW
                         NORMAL    RECORD    YEAR
 MAXIMUM TEMPERATURE (F)   36        75      2012
 MINIMUM TEMPERATURE (F)   17        -8      1986


SUNRISE AND SUNSET
MARCH 20 2015.........SUNRISE   636 AM EDT   SUNSET   644 PM EDT
MARCH 21 2015.........SUNRISE   634 AM EDT   SUNSET   646 PM EDT


-  INDICATES NEGATIVE NUMBERS.
R  INDICATES RECORD WAS SET OR TIED.
MM INDICATES DATA IS MISSING.
T  INDICATES TRACE AMOUNT.




$$
