000
CDUS41 KCAR 182029
CLICAR


CLIMATE REPORT
NATIONAL WEATHER SERVICE CARIBOU, ME
429 PM EDT SAT MAR 18 2017


...................................

...THE CARIBOU ME CLIMATE SUMMARY FOR MARCH 18 2017...
VALID TODAY AS OF 0400 PM LOCAL TIME.

CLIMATE NORMAL PERIOD 1981 TO 2010
CLIMATE RECORD PERIOD 1939 TO 2017


WEATHER ITEM   OBSERVED TIME   RECORD YEAR NORMAL DEPARTURE LAST
                VALUE   (LST)  VALUE       VALUE  FROM      YEAR
                                                  NORMAL
..................................................................
TEMPERATURE (F)
 TODAY
  MAXIMUM         40    259 PM  64    2012  34      6       29
  MINIMUM          9    606 AM  -7    1967  16     -7       15
  AVERAGE         25                        25      0       22

PRECIPITATION (IN)
  TODAY            0.00          0.92 1980   0.08  -0.08     0.01
  MONTH TO DATE    2.05                      1.45   0.60     2.12
  SINCE MAR 1      2.05                      1.45   0.60     2.12
  SINCE JAN 1      7.67                      6.37   1.30     7.59

SNOWFALL (IN)
  TODAY            0.0           6.1  1981   0.5   -0.5      0.2
  MONTH TO DATE   16.9                      12.1    4.8     15.2
  SINCE MAR 1     16.9                      12.1    4.8     15.2
  SINCE JUL 1    113.5                      94.6   18.9     75.2
  SNOW DEPTH      28

DEGREE DAYS
 HEATING
  TODAY           40                        40      0       43
  MONTH TO DATE  860                       776     84      748
  SINCE MAR 1    860                       776     84      748
  SINCE JUL 1   6841                      7497   -656     6490

 COOLING
  TODAY            0                         0      0        0
  MONTH TO DATE    0                         0      0        0
  SINCE MAR 1      0                         0      0        0
  SINCE JAN 1      0                         0      0        0
..................................................................


WIND (MPH)
  HIGHEST WIND SPEED     7   HIGHEST WIND DIRECTION     N (360)
  HIGHEST GUST SPEED     8   HIGHEST GUST DIRECTION     N (360)
  AVERAGE WIND SPEED     0.9


SKY COVER
  POSSIBLE SUNSHINE  MM
  AVERAGE SKY COVER 0.3


WEATHER CONDITIONS
 THE FOLLOWING WEATHER WAS RECORDED TODAY.
  NO SIGNIFICANT WEATHER WAS OBSERVED.


RELATIVE HUMIDITY (PERCENT)
 HIGHEST    92           700 AM
 LOWEST     33           300 PM
 AVERAGE    63

..........................................................


THE CARIBOU ME CLIMATE NORMALS FOR TOMORROW
                         NORMAL    RECORD    YEAR
 MAXIMUM TEMPERATURE (F)   35        55      1968
 MINIMUM TEMPERATURE (F)   16       -12      1993


SUNRISE AND SUNSET
MARCH 18 2017.........SUNRISE   639 AM EDT   SUNSET   642 PM EDT
MARCH 19 2017.........SUNRISE   637 AM EDT   SUNSET   644 PM EDT


-  INDICATES NEGATIVE NUMBERS.
R  INDICATES RECORD WAS SET OR TIED.
MM INDICATES DATA IS MISSING.
T  INDICATES TRACE AMOUNT.




$$
