000
CDUS41 KCAR 032130
CLICAR


CLIMATE REPORT
NATIONAL WEATHER SERVICE CARIBOU, ME
429 PM EST WED FEB 3 2016


...................................

...THE CARIBOU ME CLIMATE SUMMARY FOR FEBRUARY 3 2016...
VALID TODAY AS OF 0400 PM LOCAL TIME.

CLIMATE NORMAL PERIOD 1981 TO 2010
CLIMATE RECORD PERIOD 1939 TO 2016


WEATHER ITEM   OBSERVED TIME   RECORD YEAR NORMAL DEPARTURE LAST
                VALUE   (LST)  VALUE       VALUE  FROM      YEAR
                                                  NORMAL
..................................................................
TEMPERATURE (F)
 TODAY
  MAXIMUM         23    359 PM  48    1970  21      2        9
  MINIMUM          1    350 AM -24    1971   1      0      -11
  AVERAGE         12                        11      1       -1

PRECIPITATION (IN)
  TODAY            0.44          1.11 1968   0.08   0.36     0.02
  MONTH TO DATE    0.50                      0.24   0.26     0.20
  SINCE DEC 1      6.80                      6.22   0.58     8.98
  SINCE JAN 1      1.92                      2.95  -1.03     3.10

SNOWFALL (IN)
  TODAY            2.9           8.3  1969   0.8    2.1      0.3
  MONTH TO DATE    2.9                       2.5    0.4      3.0
  SINCE DEC 1     41.9                      50.6   -8.7     63.8
  SINCE JUL 1     46.0                      62.8  -16.8     92.6
  SNOW DEPTH       6

DEGREE DAYS
 HEATING
  TODAY           53                        54     -1       66
  MONTH TO DATE  136                       163    -27      210
  SINCE DEC 1   2715                      3312   -597     3266
  SINCE JUL 1   4533                      5457   -924     5218

 COOLING
  TODAY            0                         0      0        0
  MONTH TO DATE    0                         0      0        0
  SINCE DEC 1      0                         0      0        0
  SINCE JAN 1      0                         0      0        0
..................................................................


WIND (MPH)
  HIGHEST WIND SPEED    18   HIGHEST WIND DIRECTION     S (160)
  HIGHEST GUST SPEED    23   HIGHEST GUST DIRECTION     S (160)
  AVERAGE WIND SPEED     4.4


SKY COVER
  POSSIBLE SUNSHINE  MM
  AVERAGE SKY COVER 0.6


WEATHER CONDITIONS
 THE FOLLOWING WEATHER WAS RECORDED TODAY.
  HEAVY SNOW
  SNOW
  LIGHT SNOW
  FOG
  FOG W/VISIBILITY <= 1/4 MILE
  HAZE


RELATIVE HUMIDITY (PERCENT)
 HIGHEST    88           300 PM
 LOWEST     76          1200 AM
 AVERAGE    82

..........................................................


THE CARIBOU ME CLIMATE NORMALS FOR TOMORROW
                         NORMAL    RECORD    YEAR
 MAXIMUM TEMPERATURE (F)   21        47      1970
 MINIMUM TEMPERATURE (F)    1       -30      1971


SUNRISE AND SUNSET
FEBRUARY  3 2016......SUNRISE   655 AM EST   SUNSET   438 PM EST
FEBRUARY  4 2016......SUNRISE   653 AM EST   SUNSET   439 PM EST


-  INDICATES NEGATIVE NUMBERS.
R  INDICATES RECORD WAS SET OR TIED.
MM INDICATES DATA IS MISSING.
T  INDICATES TRACE AMOUNT.




$$
