000
CDUS41 KCAR 242033
CLICAR

CLIMATE REPORT
NATIONAL WEATHER SERVICE CARIBOU, ME
432 PM EDT MON AUG 24 2015


...................................

...THE CARIBOU ME CLIMATE SUMMARY FOR AUGUST 24 2015...
VALID TODAY AS OF 0400 PM LOCAL TIME.

CLIMATE NORMAL PERIOD 1981 TO 2010
CLIMATE RECORD PERIOD 1939 TO 2015


WEATHER ITEM   OBSERVED TIME   RECORD YEAR NORMAL DEPARTURE LAST
                VALUE   (LST)  VALUE       VALUE  FROM      YEAR
                                                  NORMAL
..................................................................
TEMPERATURE (F)
 TODAY
  MAXIMUM         79    259 PM  88    2014  73      6       88
  MINIMUM         66    622 AM  37    1975  52     14       57
  AVERAGE         73                        62     11       73

PRECIPITATION (IN)
  TODAY            0.06          1.61 1986   0.12  -0.06      T
  MONTH TO DATE    3.32                      2.96   0.36     1.68
  SINCE JUN 1     10.76                     10.52   0.24    11.35
  SINCE JAN 1     21.61                     23.94  -2.33    28.55

SNOWFALL (IN)
  TODAY            0.0           0.0  2002   0.0    0.0      0.0
                                      2001
  MONTH TO DATE    0.0                       0.0    0.0      0.0
  SINCE JUN 1      0.0                       0.0    0.0      0.0
  SINCE JUL 1      0.0                       0.0    0.0      0.0
  SNOW DEPTH       0

DEGREE DAYS
 HEATING
  TODAY            0                         4     -4        0
  MONTH TO DATE   10                        62    -52       21
  SINCE JUN 1    287                       285      2      134
  SINCE JUL 1     75                       120    -45       45

 COOLING
  TODAY            8                         1      7        8
  MONTH TO DATE  104                        44     60       51
  SINCE JUN 1    166                       155     11      217
  SINCE JAN 1    187                       160     27      220
..................................................................


WIND (MPH)
  HIGHEST WIND SPEED    12   HIGHEST WIND DIRECTION    SE (120)
  HIGHEST GUST SPEED    16   HIGHEST GUST DIRECTION     E (110)
  AVERAGE WIND SPEED     5.3


SKY COVER
  POSSIBLE SUNSHINE  MM
  AVERAGE SKY COVER 0.9


WEATHER CONDITIONS
 THE FOLLOWING WEATHER WAS RECORDED TODAY.
  THUNDERSTORM
  LIGHT RAIN
  FOG


RELATIVE HUMIDITY (PERCENT)
 HIGHEST    87           600 AM
 LOWEST     67           300 PM
 AVERAGE    77

..........................................................


THE CARIBOU ME CLIMATE NORMALS FOR TOMORROW
                         NORMAL    RECORD    YEAR
 MAXIMUM TEMPERATURE (F)   73        88      2014
 MINIMUM TEMPERATURE (F)   51        34      2003


SUNRISE AND SUNSET
AUGUST 24 2015........SUNRISE   541 AM EDT   SUNSET   727 PM EDT
AUGUST 25 2015........SUNRISE   542 AM EDT   SUNSET   725 PM EDT


-  INDICATES NEGATIVE NUMBERS.
R  INDICATES RECORD WAS SET OR TIED.
MM INDICATES DATA IS MISSING.
T  INDICATES TRACE AMOUNT.


THE CARIBOU ME 4 INCH SOIL TEMPERATURES FOR AUG 24 2015

MAXIMUM SOIL TEMPERATURE (F): 77
MINIMUM SOIL TEMPERATURE (F): 74



$$
