000
CDUS41 KCAR 080527
CLICAR


CLIMATE REPORT
NATIONAL WEATHER SERVICE CARIBOU, ME
1226 AM EST FRI DEC 8 2017


...................................

...THE CARIBOU ME CLIMATE SUMMARY FOR DECEMBER 7 2017...

CLIMATE NORMAL PERIOD 1981 TO 2010
CLIMATE RECORD PERIOD 1939 TO 2017


WEATHER ITEM   OBSERVED TIME   RECORD YEAR NORMAL DEPARTURE LAST
                VALUE   (LST)  VALUE       VALUE  FROM      YEAR
                                                  NORMAL
..................................................................
TEMPERATURE (F)
 YESTERDAY
  MAXIMUM         34    958 AM  48    1982  29      5       22
  MINIMUM         28   1159 PM -17    1991  15     13        8
  AVERAGE         31                        22      9       15

PRECIPITATION (IN)
  YESTERDAY        T             1.21 1983   0.11  -0.11     0.01
  MONTH TO DATE    0.88                      0.81   0.07     1.28
  SINCE DEC 1      0.88                      0.81   0.07     1.28
  SINCE JAN 1     39.77                     36.03   3.74    41.04

SNOWFALL (IN)
  YESTERDAY        T             9.7  2003   0.6   -0.6      0.3
  MONTH TO DATE    0.7                       4.5   -3.8     13.9
  SINCE DEC 1      0.7                       4.5   -3.8     13.9
  SINCE JUL 1      4.6                      16.7  -12.1     34.1
  SNOW DEPTH       0

DEGREE DAYS
 HEATING
  YESTERDAY       34                        43     -9       50
  MONTH TO DATE  235                       292    -57      307
  SINCE DEC 1    235                       292    -57      307
  SINCE JUL 1   1939                      2437   -498     1994

 COOLING
  YESTERDAY        0                         0      0        0
  MONTH TO DATE    0                         0      0        0
  SINCE DEC 1      0                         0      0        0
  SINCE JAN 1    222                       180     42      275
..................................................................


WIND (MPH)
  HIGHEST WIND SPEED    22   HIGHEST WIND DIRECTION    SW (240)
  HIGHEST GUST SPEED    29   HIGHEST GUST DIRECTION     W (250)
  AVERAGE WIND SPEED     7.9


SKY COVER
  POSSIBLE SUNSHINE  MM
  AVERAGE SKY COVER 0.8


WEATHER CONDITIONS
 THE FOLLOWING WEATHER WAS RECORDED YESTERDAY.
  LIGHT SNOW


RELATIVE HUMIDITY (PERCENT)
 HIGHEST    75          1100 PM
 LOWEST     51          1100 AM
 AVERAGE    63

..........................................................


THE CARIBOU ME CLIMATE NORMALS FOR TODAY
                         NORMAL    RECORD    YEAR
 MAXIMUM TEMPERATURE (F)   29        47      1951
 MINIMUM TEMPERATURE (F)   14       -13      1964


SUNRISE AND SUNSET
DECEMBER  8 2017......SUNRISE   705 AM EST   SUNSET   343 PM EST
DECEMBER  9 2017......SUNRISE   706 AM EST   SUNSET   343 PM EST


-  INDICATES NEGATIVE NUMBERS.
R  INDICATES RECORD WAS SET OR TIED.
MM INDICATES DATA IS MISSING.
T  INDICATES TRACE AMOUNT.




$$
