000
CDUS41 KCAR 120527
CLICAR


CLIMATE REPORT
NATIONAL WEATHER SERVICE CARIBOU, ME
126 AM EDT SAT AUG 12 2017


...................................

...THE CARIBOU ME CLIMATE SUMMARY FOR AUGUST 11 2017...

CLIMATE NORMAL PERIOD 1981 TO 2010
CLIMATE RECORD PERIOD 1939 TO 2017


WEATHER ITEM   OBSERVED TIME   RECORD YEAR NORMAL DEPARTURE LAST
                VALUE   (LST)  VALUE       VALUE  FROM      YEAR
                                                  NORMAL
..................................................................
TEMPERATURE (F)
 YESTERDAY
  MAXIMUM         76   1125 AM  91    1944  75      1       80
  MINIMUM         52    502 AM  41    1960  54     -2       64
  AVERAGE         64                        65     -1       72

PRECIPITATION (IN)
  YESTERDAY        0.26          1.64 1954   0.12   0.14     0.96
  MONTH TO DATE    1.35                      1.40  -0.05     1.87
  SINCE JUN 1      8.36                      8.96  -0.60    11.16
  SINCE JAN 1     24.93                     22.38   2.55    27.09

SNOWFALL (IN)
  YESTERDAY        0.0           0.0  2002   0.0    0.0      0.0
                                      2001
  MONTH TO DATE    0.0                       0.0    0.0      0.0
  SINCE JUN 1      0.0                       0.0    0.0      0.0
  SINCE JUL 1      0.0                       0.0    0.0      0.0
  SNOW DEPTH       0

DEGREE DAYS
 HEATING
  YESTERDAY        1                         2     -1        0
  MONTH TO DATE   19                        22     -3        7
  SINCE JUN 1    190                       245    -55      199
  SINCE JUL 1     58                        80    -22       55

 COOLING
  YESTERDAY        0                         2     -2        7
  MONTH TO DATE   30                        23      7       44
  SINCE JUN 1    153                       134     19      198
  SINCE JAN 1    159                       139     20      206
..................................................................


WIND (MPH)
  HIGHEST WIND SPEED    17   HIGHEST WIND DIRECTION     S (170)
  HIGHEST GUST SPEED    21   HIGHEST GUST DIRECTION     S (170)
  AVERAGE WIND SPEED     3.3


SKY COVER
  POSSIBLE SUNSHINE  MM
  AVERAGE SKY COVER 0.2


WEATHER CONDITIONS
 THE FOLLOWING WEATHER WAS RECORDED YESTERDAY.
  HEAVY RAIN
  LIGHT RAIN


RELATIVE HUMIDITY (PERCENT)
 HIGHEST    93          1200 AM
 LOWEST     57          1000 AM
 AVERAGE    75

..........................................................


THE CARIBOU ME CLIMATE NORMALS FOR TODAY
                         NORMAL    RECORD    YEAR
 MAXIMUM TEMPERATURE (F)   75        93      1944
 MINIMUM TEMPERATURE (F)   54        40      1941


SUNRISE AND SUNSET
AUGUST 12 2017........SUNRISE   526 AM EDT   SUNSET   747 PM EDT
AUGUST 13 2017........SUNRISE   527 AM EDT   SUNSET   746 PM EDT


-  INDICATES NEGATIVE NUMBERS.
R  INDICATES RECORD WAS SET OR TIED.
MM INDICATES DATA IS MISSING.
T  INDICATES TRACE AMOUNT.

-------------------------------------------------------------------
THE CARIBOU ME 4 INCH UNDER SOD SOIL TEMPERATURES FOR AUGUST 11 2017

MAXIMUM 72F
MINIMUM 66F


$$
