000
CDUS41 KCAR 010541
CLICAR

CLIMATE REPORT
NATIONAL WEATHER SERVICE CARIBOU, ME
131 AM EDT WED JUL 1 2015


...................................

...THE CARIBOU ME CLIMATE SUMMARY FOR JUNE 30 2015...

CLIMATE NORMAL PERIOD 1981 TO 2010
CLIMATE RECORD PERIOD 1939 TO 2015


WEATHER ITEM   OBSERVED TIME   RECORD YEAR NORMAL DEPARTURE LAST
                VALUE   (LST)  VALUE       VALUE  FROM      YEAR
                                                  NORMAL
..................................................................
TEMPERATURE (F)
 YESTERDAY
  MAXIMUM         76    445 PM  92    1963  75      1       89
  MINIMUM         55   1240 AM  44    1989  54      1       60
  AVERAGE         66                        64      2       75

PRECIPITATION (IN)
  YESTERDAY        T             1.27 1998   0.14  -0.14     0.00
  MONTH TO DATE    4.25                      3.48   0.77     2.61
  SINCE JUN 1      4.25                      3.48   0.77     2.61
  SINCE JAN 1     15.10                     16.90  -1.80    19.81

SNOWFALL (IN)
  YESTERDAY        0.0           0.0  2002   0.0    0.0      0.0
                                      2001
  MONTH TO DATE    0.0                       0.0    0.0      0.0
  SINCE JUN 1      0.0                       0.0    0.0      0.0
  SINCE JUL 1    142.1                     108.7   33.4    150.7
  SNOW DEPTH       0

DEGREE DAYS
 HEATING
  YESTERDAY        0                         3     -3        0
  MONTH TO DATE  212                       165     47       89
  SINCE JUN 1    212                       165     47       89
  SINCE JUL 1   9502                      9354    148     9501

 COOLING
  YESTERDAY        1                         2     -1       10
  MONTH TO DATE    6                        34    -28       36
  SINCE JUN 1      6                        34    -28       36
  SINCE JAN 1     27                        39    -12       39
..................................................................


WIND (MPH)
  HIGHEST WIND SPEED     8   HIGHEST WIND DIRECTION     W (250)
  HIGHEST GUST SPEED    12   HIGHEST GUST DIRECTION     W (250)
  AVERAGE WIND SPEED     2.5


SKY COVER
  POSSIBLE SUNSHINE  MM
  AVERAGE SKY COVER 0.5


WEATHER CONDITIONS
 THE FOLLOWING WEATHER WAS RECORDED YESTERDAY.
  LIGHT RAIN
  FOG


RELATIVE HUMIDITY (PERCENT)
 HIGHEST    93          1200 AM
 LOWEST     41           400 PM
 AVERAGE    67

..........................................................


THE CARIBOU ME CLIMATE NORMALS FOR TODAY
                         NORMAL    RECORD    YEAR
 MAXIMUM TEMPERATURE (F)   75        89      2014
 MINIMUM TEMPERATURE (F)   54        41      1989


SUNRISE AND SUNSET
JULY  1 2015..........SUNRISE   441 AM EDT   SUNSET   830 PM EDT
JULY  2 2015..........SUNRISE   442 AM EDT   SUNSET   830 PM EDT


-  INDICATES NEGATIVE NUMBERS.
R  INDICATES RECORD WAS SET OR TIED.
MM INDICATES DATA IS MISSING.
T  INDICATES TRACE AMOUNT.

---------------------------------------------------------------
THE CARIBOU ME 4 INCH SOIL TEMPERATURES FOR JUN 30 2015

MAXIMUM SOIL TEMPERATURES (F): 69
MINIMUM SOIL TEMPERATURES (F): 64


$$
