000
CDUS41 KCAR 080532
CLICAR


CLIMATE REPORT
NATIONAL WEATHER SERVICE CARIBOU, ME
131 AM EDT TUE APR 8 2014


...................................

...THE CARIBOU ME CLIMATE SUMMARY FOR APRIL 7 2014...

CLIMATE NORMAL PERIOD 1981 TO 2010
CLIMATE RECORD PERIOD 1939 TO 2014


WEATHER ITEM   OBSERVED TIME   RECORD YEAR NORMAL DEPARTURE LAST
                VALUE   (LST)  VALUE       VALUE  FROM      YEAR
                                                  NORMAL
..................................................................
TEMPERATURE (F)
 YESTERDAY
  MAXIMUM         51    456 PM  60    1993  43      8       39
  MINIMUM         30    530 AM   8    1943  26      4       16
  AVERAGE         41                        34      7       28

PRECIPITATION (IN)
  YESTERDAY        0.00          1.37 1982   0.09  -0.09     0.03
  MONTH TO DATE    0.56                      0.59  -0.03     0.30
  SINCE MAR 1      4.00                      3.10   0.90     2.04
  SINCE JAN 1     10.22                      8.02   2.20     7.41

SNOWFALL (IN)
  YESTERDAY        0.0          21.1  1982   0.3   -0.3       T
  MONTH TO DATE    3.4                       2.6    0.8       T
  SINCE MAR 1     45.5                      20.9   24.6     15.2
  SINCE JUL 1    144.9                     103.4   41.5    102.6
  SNOW DEPTH      28

DEGREE DAYS
 HEATING
  YESTERDAY       24                        31     -7       37
  MONTH TO DATE  220                       226     -6      254
  SINCE MAR 1   1760                      1480    280     1339
  SINCE JUL 1   8414                      8201    213     7487

 COOLING
  YESTERDAY        0                         0      0        0
  MONTH TO DATE    0                         0      0        0
  SINCE MAR 1      0                         0      0        0
  SINCE JAN 1      0                         0      0        0
..................................................................


WIND (MPH)
  HIGHEST WIND SPEED    13   HIGHEST WIND DIRECTION     W (260)
  HIGHEST GUST SPEED    16   HIGHEST GUST DIRECTION     W (260)
  AVERAGE WIND SPEED     6.5


SKY COVER
  POSSIBLE SUNSHINE  MM
  AVERAGE SKY COVER 0.1


WEATHER CONDITIONS
 THE FOLLOWING WEATHER WAS RECORDED YESTERDAY.
  NO SIGNIFICANT WEATHER WAS OBSERVED.


RELATIVE HUMIDITY (PERCENT)
 HIGHEST    72           500 AM
 LOWEST     31          1200 PM
 AVERAGE    52

..........................................................


THE CARIBOU ME CLIMATE NORMALS FOR TODAY
                         NORMAL    RECORD    YEAR
 MAXIMUM TEMPERATURE (F)   44        61      1945
 MINIMUM TEMPERATURE (F)   26         2      1943


SUNRISE AND SUNSET
APRIL  8 2014.........SUNRISE   558 AM EDT   SUNSET   711 PM EDT
APRIL  9 2014.........SUNRISE   556 AM EDT   SUNSET   712 PM EDT


-  INDICATES NEGATIVE NUMBERS.
R  INDICATES RECORD WAS SET OR TIED.
MM INDICATES DATA IS MISSING.
T  INDICATES TRACE AMOUNT.




$$
