000
CDUS41 KCAR 010526
CLICAR


CLIMATE REPORT
NATIONAL WEATHER SERVICE CARIBOU, ME
1226 AM EST MON FEB 1 2016


...................................

...THE CARIBOU ME CLIMATE SUMMARY FOR JANUARY 31 2016...

CLIMATE NORMAL PERIOD 1981 TO 2010
CLIMATE RECORD PERIOD 1939 TO 2016


WEATHER ITEM   OBSERVED TIME   RECORD YEAR NORMAL DEPARTURE LAST
                VALUE   (LST)  VALUE       VALUE  FROM      YEAR
                                                  NORMAL
..................................................................
TEMPERATURE (F)
 YESTERDAY
  MAXIMUM         40    244 PM  53    2013  20     20       18
  MINIMUM         27   1253 AM -32    1951   1     26        3
  AVERAGE         34                        10     24       11

PRECIPITATION (IN)
  YESTERDAY        T             0.80 2013   0.08  -0.08     0.31
  MONTH TO DATE    1.42                      2.71  -1.29     2.90
  SINCE DEC 1      6.30                      5.98   0.32     8.78
  SINCE JAN 1      1.42                      2.71  -1.29     2.90

SNOWFALL (IN)
  YESTERDAY        T             6.9  1984   0.8   -0.8      4.5
  MONTH TO DATE   11.2                      25.2  -14.0     33.7
  SINCE DEC 1     39.0                      48.1   -9.1     60.8
  SINCE JUL 1     43.1                      60.3  -17.2     89.6
  SNOW DEPTH       8

DEGREE DAYS
 HEATING
  YESTERDAY       31                        55    -24       54
  MONTH TO DATE 1457                      1701   -244     1741
  SINCE DEC 1   2579                      3149   -570     3056
  SINCE JUL 1   4397                      5294   -897     5008

 COOLING
  YESTERDAY        0                         0      0        0
  MONTH TO DATE    0                         0      0        0
  SINCE DEC 1      0                         0      0        0
  SINCE JAN 1      0                         0      0        0
..................................................................


WIND (MPH)
  HIGHEST WIND SPEED    12   HIGHEST WIND DIRECTION     S (200)
  HIGHEST GUST SPEED    18   HIGHEST GUST DIRECTION     S (190)
  AVERAGE WIND SPEED     7.0


SKY COVER
  POSSIBLE SUNSHINE  MM
  AVERAGE SKY COVER 0.8


WEATHER CONDITIONS
 THE FOLLOWING WEATHER WAS RECORDED YESTERDAY.
  LIGHT SNOW
  FOG


RELATIVE HUMIDITY (PERCENT)
 HIGHEST    92          1200 AM
 LOWEST     59           100 PM
 AVERAGE    76

..........................................................


THE CARIBOU ME CLIMATE NORMALS FOR TODAY
                         NORMAL    RECORD    YEAR
 MAXIMUM TEMPERATURE (F)   20        49      1988
 MINIMUM TEMPERATURE (F)    1       -41      1955


SUNRISE AND SUNSET
FEBRUARY  1 2016......SUNRISE   657 AM EST   SUNSET   434 PM EST
FEBRUARY  2 2016......SUNRISE   656 AM EST   SUNSET   436 PM EST


-  INDICATES NEGATIVE NUMBERS.
R  INDICATES RECORD WAS SET OR TIED.
MM INDICATES DATA IS MISSING.
T  INDICATES TRACE AMOUNT.




$$
