000
CDUS41 KCAR 062028
CLICAR

CLIMATE REPORT
NATIONAL WEATHER SERVICE CARIBOU, ME
427 PM EDT SUN JUL 6 2014


...................................

...THE CARIBOU ME CLIMATE SUMMARY FOR JULY 6 2014...
VALID TODAY AS OF 0400 PM LOCAL TIME.

CLIMATE NORMAL PERIOD 1981 TO 2010
CLIMATE RECORD PERIOD 1939 TO 2014


WEATHER ITEM   OBSERVED TIME   RECORD YEAR NORMAL DEPARTURE LAST
                VALUE   (LST)  VALUE       VALUE  FROM      YEAR
                                                  NORMAL
..................................................................
TEMPERATURE (F)
 TODAY
  MAXIMUM         72    851 AM  91    1976  76     -4       87
  MINIMUM         47    307 AM  39    1969  55     -8       63
  AVERAGE         60                        65     -5       75

PRECIPITATION (IN)
  TODAY            T             1.82 1951   0.14  -0.14     0.00
  MONTH TO DATE    3.94                      0.82   3.12     0.01
  SINCE JUN 1      6.55                      4.30   2.25     6.07
  SINCE JAN 1     23.75                     17.72   6.03    20.09

SNOWFALL (IN)
  TODAY           MM             0.0  2002   0.0   MM        0.0
                                      2001
  MONTH TO DATE    0.0                       0.0    0.0      0.0
  SINCE JUN 1      0.0                       0.0    0.0      0.0
  SINCE JUL 1      0.0                       0.0    0.0      0.0
  SNOW DEPTH       0

DEGREE DAYS
 HEATING
  TODAY            5                         2      3        0
  MONTH TO DATE   15                        16     -1        3
  SINCE JUN 1    104                       181    -77      181
  SINCE JUL 1     15                        16     -1        3

 COOLING
  TODAY            0                         2     -2       10
  MONTH TO DATE   43                        12     31       45
  SINCE JUN 1     79                        46     33       68
  SINCE JAN 1     82                        51     31       76
..................................................................


WIND (MPH)
  HIGHEST WIND SPEED    18   HIGHEST WIND DIRECTION     W (250)
  HIGHEST GUST SPEED    24   HIGHEST GUST DIRECTION    SW (240)
  AVERAGE WIND SPEED     6.9


SKY COVER
  POSSIBLE SUNSHINE  MM
  AVERAGE SKY COVER 0.4


WEATHER CONDITIONS
 THE FOLLOWING WEATHER WAS RECORDED TODAY.
  LIGHT RAIN


RELATIVE HUMIDITY (PERCENT)
 HIGHEST    86           200 AM
 LOWEST     66           900 AM
 AVERAGE    76

..........................................................


THE CARIBOU ME CLIMATE NORMALS FOR TOMORROW
                         NORMAL    RECORD    YEAR
 MAXIMUM TEMPERATURE (F)   76        93      2010
                                             1982
 MINIMUM TEMPERATURE (F)   55        36      1969


SUNRISE AND SUNSET
JULY  6 2014..........SUNRISE   445 AM EDT   SUNSET   828 PM EDT
JULY  7 2014..........SUNRISE   446 AM EDT   SUNSET   828 PM EDT


-  INDICATES NEGATIVE NUMBERS.
R  INDICATES RECORD WAS SET OR TIED.
MM INDICATES DATA IS MISSING.
T  INDICATES TRACE AMOUNT.

..............................................
THE CARIBOU ME 4 INCH SOIL TEMPERATURE FOR JULY 06 2014

MAXIMUM SOIL TEMPERATURE (F)...64
MINIMUM SOIL TEMPERATURE (F)...61

$$
