423
CDUS41 KCAR 180528
CLICAR


CLIMATE REPORT
NATIONAL WEATHER SERVICE CARIBOU, ME
128 AM EDT SUN JUN 18 2017


...................................

...THE CARIBOU ME CLIMATE SUMMARY FOR JUNE 17 2017...

CLIMATE NORMAL PERIOD 1981 TO 2010
CLIMATE RECORD PERIOD 1939 TO 2017


WEATHER ITEM   OBSERVED TIME   RECORD YEAR NORMAL DEPARTURE LAST
                VALUE   (LST)  VALUE       VALUE  FROM      YEAR
                                                  NORMAL
..................................................................
TEMPERATURE (F)
 YESTERDAY
  MAXIMUM         67    511 PM  91    1949  72     -5       75
  MINIMUM         52    327 AM  36    1964  50      2       39
  AVERAGE         60                        61     -1       57

PRECIPITATION (IN)
  YESTERDAY        0.17          0.93 1977   0.12   0.05     0.00
  MONTH TO DATE    0.88                      1.88  -1.00     2.18
  SINCE JUN 1      0.88                      1.88  -1.00     2.18
  SINCE JAN 1     17.45                     15.30   2.15    18.11

SNOWFALL (IN)
  YESTERDAY        0.0           0.0  2002   0.0    0.0      0.0
                                      2001
  MONTH TO DATE    0.0                       0.0    0.0      0.0
  SINCE JUN 1      0.0                       0.0    0.0      0.0
  SINCE JUL 1    129.6                     108.7   20.9     94.8
  SNOW DEPTH       0

DEGREE DAYS
 HEATING
  YESTERDAY        5                         5      0        8
  MONTH TO DATE  101                       116    -15      125
  SINCE JUN 1    101                       116    -15      125
  SINCE JUL 1   8549                      9305   -756     8342

 COOLING
  YESTERDAY        0                         1     -1        0
  MONTH TO DATE   21                        14      7        0
  SINCE JUN 1     21                        14      7        0
  SINCE JAN 1     27                        19      8        8
..................................................................


WIND (MPH)
  HIGHEST WIND SPEED    15   HIGHEST WIND DIRECTION     S (160)
  HIGHEST GUST SPEED    18   HIGHEST GUST DIRECTION     S (170)
  AVERAGE WIND SPEED     8.2


SKY COVER
  POSSIBLE SUNSHINE  MM
  AVERAGE SKY COVER 1.0


WEATHER CONDITIONS
 THE FOLLOWING WEATHER WAS RECORDED YESTERDAY.
  LIGHT RAIN
  FOG


RELATIVE HUMIDITY (PERCENT)
 HIGHEST    96           100 AM
 LOWEST     73           300 PM
 AVERAGE    85

..........................................................


THE CARIBOU ME CLIMATE NORMALS FOR TODAY
                         NORMAL    RECORD    YEAR
 MAXIMUM TEMPERATURE (F)   72        90      1955
                                             1949
 MINIMUM TEMPERATURE (F)   51        37      1946
                                             1939


SUNRISE AND SUNSET
JUNE 18 2017..........SUNRISE   437 AM EDT   SUNSET   830 PM EDT
JUNE 19 2017..........SUNRISE   437 AM EDT   SUNSET   830 PM EDT


-  INDICATES NEGATIVE NUMBERS.
R  INDICATES RECORD WAS SET OR TIED.
MM INDICATES DATA IS MISSING.
T  INDICATES TRACE AMOUNT.




$$
