000
CDUS41 KCAR 220527
CLICAR


CLIMATE REPORT
NATIONAL WEATHER SERVICE CARIBOU, ME
127 AM EDT SAT APR 22 2017


...................................

...THE CARIBOU ME CLIMATE SUMMARY FOR APRIL 21 2017...

CLIMATE NORMAL PERIOD 1981 TO 2010
CLIMATE RECORD PERIOD 1939 TO 2017


WEATHER ITEM   OBSERVED TIME   RECORD YEAR NORMAL DEPARTURE LAST
                VALUE   (LST)  VALUE       VALUE  FROM      YEAR
                                                  NORMAL
..................................................................
TEMPERATURE (F)
 YESTERDAY
  MAXIMUM         44    307 PM  82    1987  51     -7       69
  MINIMUM         31    258 AM   8    1947  32     -1       32
  AVERAGE         38                        41     -3       51

PRECIPITATION (IN)
  YESTERDAY        0.37          1.03 1950   0.08   0.29     0.00
  MONTH TO DATE    2.89                      1.86   1.03     2.80
  SINCE MAR 1      5.61                      4.37   1.24     7.50
  SINCE JAN 1     11.23                      9.29   1.94    12.97

SNOWFALL (IN)
  YESTERDAY        4.1 R         1.5  2011   0.2    3.9      0.0
                                      1940
  MONTH TO DATE    8.7                       6.5    2.2      2.8
  SINCE MAR 1     32.3                      24.8    7.5     30.0
  SINCE JUL 1    128.9                     107.3   21.6     90.0
  SNOW DEPTH       T

DEGREE DAYS
 HEATING
  YESTERDAY       27                        24      3       14
  MONTH TO DATE  535                       604    -69      621
  SINCE MAR 1   1918                      1858     60     1878
  SINCE JUL 1   7899                      8579   -680     7620

 COOLING
  YESTERDAY        0                         0      0        0
  MONTH TO DATE    0                         0      0        0
  SINCE MAR 1      0                         0      0        0
  SINCE JAN 1      0                         0      0        0
..................................................................


WIND (MPH)
  HIGHEST WIND SPEED    16   HIGHEST WIND DIRECTION    SE (120)
  HIGHEST GUST SPEED    23   HIGHEST GUST DIRECTION    SE (120)
  AVERAGE WIND SPEED     7.9


SKY COVER
  POSSIBLE SUNSHINE  MM
  AVERAGE SKY COVER 0.9


WEATHER CONDITIONS
 THE FOLLOWING WEATHER WAS RECORDED YESTERDAY.
  LIGHT RAIN
  HEAVY SNOW
  SNOW
  LIGHT SNOW
  FOG
  FOG W/VISIBILITY <= 1/4 MILE


RELATIVE HUMIDITY (PERCENT)
 HIGHEST    96           700 AM
 LOWEST     58           200 PM
 AVERAGE    77

..........................................................


THE CARIBOU ME CLIMATE NORMALS FOR TODAY
                         NORMAL    RECORD    YEAR
 MAXIMUM TEMPERATURE (F)   51        70      2016
 MINIMUM TEMPERATURE (F)   33        18      1947


SUNRISE AND SUNSET
APRIL 22 2017.........SUNRISE   532 AM EDT   SUNSET   730 PM EDT
APRIL 23 2017.........SUNRISE   530 AM EDT   SUNSET   732 PM EDT


-  INDICATES NEGATIVE NUMBERS.
R  INDICATES RECORD WAS SET OR TIED.
MM INDICATES DATA IS MISSING.
T  INDICATES TRACE AMOUNT.




$$
