000
CDUS41 KCAR 260528
CLICAR


CLIMATE REPORT
NATIONAL WEATHER SERVICE CARIBOU, ME
1227 AM EST SAT NOV 26 2016


...................................

...THE CARIBOU ME CLIMATE SUMMARY FOR NOVEMBER 25 2016...

CLIMATE NORMAL PERIOD 1981 TO 2010
CLIMATE RECORD PERIOD 1939 TO 2016


WEATHER ITEM   OBSERVED TIME   RECORD YEAR NORMAL DEPARTURE LAST
                VALUE   (LST)  VALUE       VALUE  FROM      YEAR
                                                  NORMAL
..................................................................
TEMPERATURE (F)
 YESTERDAY
  MAXIMUM         33   1159 PM  62    1953  34     -1       29
  MINIMUM         29    634 AM   0    1956  21      8       11
  AVERAGE         31                        27      4       20

PRECIPITATION (IN)
  YESTERDAY        0.23          2.11 1983   0.12   0.11     0.00
  MONTH TO DATE    2.02                      3.04  -1.02     1.97
  SINCE SEP 1      7.04                      9.89  -2.85     8.63
  SINCE JAN 1     38.15                     34.63   3.52    31.10

SNOWFALL (IN)
  YESTERDAY        2.4           7.7  1971   0.5    1.9      0.0
  MONTH TO DATE    4.9                       7.9   -3.0      2.6
  SINCE SEP 1      4.9                       9.6   -4.7      2.9
  SINCE JUL 1      4.9                       9.6   -4.7      2.9
  SNOW DEPTH       T

DEGREE DAYS
 HEATING
  YESTERDAY       34                        38     -4       45
  MONTH TO DATE  668                       811   -143      690
  SINCE SEP 1   1439                      1797   -358     1550
  SINCE JUL 1   1519                      1951   -432     1627

 COOLING
  YESTERDAY        0                         0      0        0
  MONTH TO DATE    0                         0      0        0
  SINCE SEP 1     22                        11     11       50
  SINCE JAN 1    275                       180     95      253
..................................................................


WIND (MPH)
  HIGHEST WIND SPEED     9   HIGHEST WIND DIRECTION    SE (150)
  HIGHEST GUST SPEED    10   HIGHEST GUST DIRECTION    SE (140)
  AVERAGE WIND SPEED     3.6


SKY COVER
  POSSIBLE SUNSHINE  MM
  AVERAGE SKY COVER 1.0


WEATHER CONDITIONS
 THE FOLLOWING WEATHER WAS RECORDED YESTERDAY.
  LIGHT SNOW
  FOG


RELATIVE HUMIDITY (PERCENT)
 HIGHEST   100           500 PM
 LOWEST     85           500 AM
 AVERAGE    93

..........................................................


THE CARIBOU ME CLIMATE NORMALS FOR TODAY
                         NORMAL    RECORD    YEAR
 MAXIMUM TEMPERATURE (F)   34        61      1953
 MINIMUM TEMPERATURE (F)   20         0      1940


SUNRISE AND SUNSET
NOVEMBER 26 2016......SUNRISE   651 AM EST   SUNSET   348 PM EST
NOVEMBER 27 2016......SUNRISE   652 AM EST   SUNSET   347 PM EST


-  INDICATES NEGATIVE NUMBERS.
R  INDICATES RECORD WAS SET OR TIED.
MM INDICATES DATA IS MISSING.
T  INDICATES TRACE AMOUNT.




$$
