000
CDUS41 KCAR 260533
CLICAR


CLIMATE REPORT
NATIONAL WEATHER SERVICE CARIBOU, ME
132 AM EDT SUN MAR 26 2017


...................................

...THE CARIBOU ME CLIMATE SUMMARY FOR MARCH 25 2017...

CLIMATE NORMAL PERIOD 1981 TO 2010
CLIMATE RECORD PERIOD 1939 TO 2017


WEATHER ITEM   OBSERVED TIME   RECORD YEAR NORMAL DEPARTURE LAST
                VALUE   (LST)  VALUE       VALUE  FROM      YEAR
                                                  NORMAL
..................................................................
TEMPERATURE (F)
 YESTERDAY
  MAXIMUM         33    100 PM  64    1987  37     -4       30
  MINIMUM         16   1156 PM -14    2008  19     -3       21
  AVERAGE         25                        28     -3       26

PRECIPITATION (IN)
  YESTERDAY        T             0.70 2016   0.08  -0.08     0.70
  MONTH TO DATE    2.05                      2.02   0.03     2.98
  SINCE MAR 1      2.05                      2.02   0.03     2.98
  SINCE JAN 1      7.67                      6.94   0.73     8.45

SNOWFALL (IN)
  YESTERDAY        0.1           4.3  1941   0.4   -0.3      4.1
  MONTH TO DATE   17.3                      15.6    1.7     21.3
  SINCE MAR 1     17.3                      15.6    1.7     21.3
  SINCE JUL 1    113.9                      98.1   15.8     81.3
  SNOW DEPTH      23

DEGREE DAYS
 HEATING
  YESTERDAY       40                        37      3       39
  MONTH TO DATE 1156                      1043    113     1064
  SINCE MAR 1   1156                      1043    113     1064
  SINCE JUL 1   7137                      7764   -627     6806

 COOLING
  YESTERDAY        0                         0      0        0
  MONTH TO DATE    0                         0      0        0
  SINCE MAR 1      0                         0      0        0
  SINCE JAN 1      0                         0      0        0
..................................................................


WIND (MPH)
  HIGHEST WIND SPEED    23   HIGHEST WIND DIRECTION    NW (330)
  HIGHEST GUST SPEED    29   HIGHEST GUST DIRECTION     N (340)
  AVERAGE WIND SPEED    10.7


SKY COVER
  POSSIBLE SUNSHINE  MM
  AVERAGE SKY COVER 0.3


WEATHER CONDITIONS
 THE FOLLOWING WEATHER WAS RECORDED YESTERDAY.
  NO SIGNIFICANT WEATHER WAS OBSERVED.


RELATIVE HUMIDITY (PERCENT)
 HIGHEST    81           100 AM
 LOWEST     29           100 PM
 AVERAGE    55

..........................................................


THE CARIBOU ME CLIMATE NORMALS FOR TODAY
                         NORMAL    RECORD    YEAR
 MAXIMUM TEMPERATURE (F)   38        62      1993
                                             1986
 MINIMUM TEMPERATURE (F)   20        -9      1960


SUNRISE AND SUNSET
MARCH 26 2017.........SUNRISE   623 AM EDT   SUNSET   653 PM EDT
MARCH 27 2017.........SUNRISE   621 AM EDT   SUNSET   655 PM EDT


-  INDICATES NEGATIVE NUMBERS.
R  INDICATES RECORD WAS SET OR TIED.
MM INDICATES DATA IS MISSING.
T  INDICATES TRACE AMOUNT.




$$
