000
CDUS41 KCAR 280528
CLICAR


CLIMATE REPORT
NATIONAL WEATHER SERVICE CARIBOU, ME
127 AM EDT WED JUN 28 2017


...................................

...THE CARIBOU ME CLIMATE SUMMARY FOR JUNE 27 2017...

CLIMATE NORMAL PERIOD 1981 TO 2010
CLIMATE RECORD PERIOD 1939 TO 2017


WEATHER ITEM   OBSERVED TIME   RECORD YEAR NORMAL DEPARTURE LAST
                VALUE   (LST)  VALUE       VALUE  FROM      YEAR
                                                  NORMAL
..................................................................
TEMPERATURE (F)
 YESTERDAY
  MAXIMUM         70    247 PM  91    2003  74     -4       88
  MINIMUM         45    405 AM  37    1986  53     -8       61
  AVERAGE         58                        64     -6       75

PRECIPITATION (IN)
  YESTERDAY        0.92          0.99 2012   0.13   0.79     0.00
  MONTH TO DATE    3.98                      3.08   0.90     2.21
  SINCE JUN 1      3.98                      3.08   0.90     2.21
  SINCE JAN 1     20.55                     16.50   4.05    18.14

SNOWFALL (IN)
  YESTERDAY        0.0           0.0  2002   0.0    0.0      0.0
                                      2001
  MONTH TO DATE    0.0                       0.0    0.0      0.0
  SINCE JUN 1      0.0                       0.0    0.0      0.0
  SINCE JUL 1    129.6                     108.7   20.9     94.8
  SNOW DEPTH       0

DEGREE DAYS
 HEATING
  YESTERDAY        7                         3      4        0
  MONTH TO DATE  122                       156    -34      144
  SINCE JUN 1    122                       156    -34      144
  SINCE JUL 1   8570                      9345   -775     8361

 COOLING
  YESTERDAY        0                         2     -2       10
  MONTH TO DATE   43                        30     13       35
  SINCE JUN 1     43                        30     13       35
  SINCE JAN 1     49                        35     14       43
..................................................................


WIND (MPH)
  HIGHEST WIND SPEED    13   HIGHEST WIND DIRECTION    SE (150)
  HIGHEST GUST SPEED    15   HIGHEST GUST DIRECTION     S (160)
  AVERAGE WIND SPEED     3.9


SKY COVER
  POSSIBLE SUNSHINE  MM
  AVERAGE SKY COVER 0.5


WEATHER CONDITIONS
 THE FOLLOWING WEATHER WAS RECORDED YESTERDAY.
  THUNDERSTORM
  HEAVY RAIN
  RAIN
  LIGHT RAIN
  FOG


RELATIVE HUMIDITY (PERCENT)
 HIGHEST    93           600 PM
 LOWEST     51           200 PM
 AVERAGE    72

..........................................................


THE CARIBOU ME CLIMATE NORMALS FOR TODAY
                         NORMAL    RECORD    YEAR
 MAXIMUM TEMPERATURE (F)   74        91      1944
 MINIMUM TEMPERATURE (F)   53        42      1984


SUNRISE AND SUNSET
JUNE 28 2017..........SUNRISE   440 AM EDT   SUNSET   830 PM EDT
JUNE 29 2017..........SUNRISE   441 AM EDT   SUNSET   830 PM EDT


-  INDICATES NEGATIVE NUMBERS.
R  INDICATES RECORD WAS SET OR TIED.
MM INDICATES DATA IS MISSING.
T  INDICATES TRACE AMOUNT.

--------------------------------------------------------------------
THE CARIBOU ME 4 INCH UNDER SOD SOIL TEMPERATURE FOR JUNE 27 2017

MAXIMUM 70F
MINIMUM 64F


$$
