000
CDUS41 KCAR 040529
CLICAR


CLIMATE REPORT
NATIONAL WEATHER SERVICE CARIBOU, ME
1228 AM EST SUN DEC 4 2016


...................................

...THE CARIBOU ME CLIMATE SUMMARY FOR DECEMBER 3 2016...

CLIMATE NORMAL PERIOD 1981 TO 2010
CLIMATE RECORD PERIOD 1939 TO 2016


WEATHER ITEM   OBSERVED TIME   RECORD YEAR NORMAL DEPARTURE LAST
                VALUE   (LST)  VALUE       VALUE  FROM      YEAR
                                                  NORMAL
..................................................................
TEMPERATURE (F)
 YESTERDAY
  MAXIMUM         32    234 PM  52    1939  31      1       36
  MINIMUM         24    859 PM -20    1940  17      7       25
  AVERAGE         28                        24      4       31

PRECIPITATION (IN)
  YESTERDAY        0.04          1.23 1939   0.12  -0.08     0.32
  MONTH TO DATE    1.26                      0.35   0.91     1.08
  SINCE DEC 1      1.26                      0.35   0.91     1.08
  SINCE JAN 1     41.02                     35.57   5.45    32.37

SNOWFALL (IN)
  YESTERDAY        1.2          19.4  1989   0.7    0.5      3.1
  MONTH TO DATE   13.3                       1.9   11.4      3.1
  SINCE DEC 1     13.3                       1.9   11.4      3.1
  SINCE JUL 1     33.5                      14.1   19.4      7.2
  SNOW DEPTH      19

DEGREE DAYS
 HEATING
  YESTERDAY       37                        41     -4       34
  MONTH TO DATE  103                       122    -19      106
  SINCE DEC 1    103                       122    -19      106
  SINCE JUL 1   1790                      2267   -477     1924

 COOLING
  YESTERDAY        0                         0      0        0
  MONTH TO DATE    0                         0      0        0
  SINCE DEC 1      0                         0      0        0
  SINCE JAN 1    275                       180     95      253
..................................................................


WIND (MPH)
  HIGHEST WIND SPEED    16   HIGHEST WIND DIRECTION    NW (330)
  HIGHEST GUST SPEED    20   HIGHEST GUST DIRECTION    NW (330)
  AVERAGE WIND SPEED     9.4


SKY COVER
  POSSIBLE SUNSHINE  MM
  AVERAGE SKY COVER 0.9


WEATHER CONDITIONS
 THE FOLLOWING WEATHER WAS RECORDED YESTERDAY.
  SNOW
  LIGHT SNOW
  FOG
  HAZE


RELATIVE HUMIDITY (PERCENT)
 HIGHEST    92          1200 AM
 LOWEST     78          1000 AM
 AVERAGE    85

..........................................................


THE CARIBOU ME CLIMATE NORMALS FOR TODAY
                         NORMAL    RECORD    YEAR
 MAXIMUM TEMPERATURE (F)   30        57      1950
 MINIMUM TEMPERATURE (F)   16       -22      1972
                                             1940


SUNRISE AND SUNSET
DECEMBER  4 2016......SUNRISE   701 AM EST   SUNSET   344 PM EST
DECEMBER  5 2016......SUNRISE   702 AM EST   SUNSET   344 PM EST


-  INDICATES NEGATIVE NUMBERS.
R  INDICATES RECORD WAS SET OR TIED.
MM INDICATES DATA IS MISSING.
T  INDICATES TRACE AMOUNT.




$$
