000
CDUS41 KCAR 302121
CLICAR

CLIMATE REPORT
NATIONAL WEATHER SERVICE CARIBOU, ME
432 PM EDT FRI SEP 30 2016


...................................

...THE CARIBOU ME CLIMATE SUMMARY FOR SEPTEMBER 30 2016...
VALID TODAY AS OF 0400 PM LOCAL TIME.

CLIMATE NORMAL PERIOD 1981 TO 2010
CLIMATE RECORD PERIOD 1939 TO 2016


WEATHER ITEM   OBSERVED TIME   RECORD YEAR NORMAL DEPARTURE LAST
                VALUE   (LST)  VALUE       VALUE  FROM      YEAR
                                                  NORMAL
..................................................................
TEMPERATURE (F)
 TODAY
  MAXIMUM         66    245 PM  77    1950  59      7       55
  MINIMUM         31    603 AM  26    1941  40     -9       46
  AVERAGE         49                        49      0       51

PRECIPITATION (IN)
  TODAY            0.00          1.48 2015   0.12  -0.12     1.48
  MONTH TO DATE    2.48                      3.32  -0.84     3.83
  SINCE SEP 1      2.48                      3.32  -0.84     3.83
  SINCE JAN 1     33.59                     28.06   5.53    26.30

SNOWFALL (IN)
  TODAY            0.0           0.4  1991   0.0    0.0      0.0
  MONTH TO DATE    0.0                       0.1   -0.1      0.0
  SINCE SEP 1      0.0                       0.1   -0.1      0.0
  SINCE JUL 1      0.0                       0.1   -0.1      0.0
  SNOW DEPTH       0

DEGREE DAYS
 HEATING
  TODAY           16                        16      0       14
  MONTH TO DATE  205                       312   -107      147
  SINCE SEP 1    205                       313   -108      147
  SINCE JUL 1    285                       467   -182      224

 COOLING
  TODAY            0                         0      0        0
  MONTH TO DATE   22                        11     11       50
  SINCE SEP 1     22                        11     11       50
  SINCE JAN 1    275                       180     95      253
..................................................................


WIND (MPH)
  HIGHEST WIND SPEED     6   HIGHEST WIND DIRECTION    SW (230)
  HIGHEST GUST SPEED     8   HIGHEST GUST DIRECTION     W (250)
  AVERAGE WIND SPEED     0.5


SKY COVER
  POSSIBLE SUNSHINE  MM
  AVERAGE SKY COVER 0.2


WEATHER CONDITIONS
 THE FOLLOWING WEATHER WAS RECORDED TODAY.
  FOG
  FOG W/VISIBILITY <= 1/4 MILE
  HAZE


RELATIVE HUMIDITY (PERCENT)
 HIGHEST   100           500 AM
 LOWEST     40           200 PM
 AVERAGE    70

..........................................................


THE CARIBOU ME CLIMATE NORMALS FOR TOMORROW
                         NORMAL    RECORD    YEAR
 MAXIMUM TEMPERATURE (F)   59        78      1983
 MINIMUM TEMPERATURE (F)   39        27      1993


SUNRISE AND SUNSET
SEPTEMBER 30 2016.....SUNRISE   630 AM EDT   SUNSET   613 PM EDT
OCTOBER  1 2016.......SUNRISE   631 AM EDT   SUNSET   611 PM EDT


-  INDICATES NEGATIVE NUMBERS.
R  INDICATES RECORD WAS SET OR TIED.
MM INDICATES DATA IS MISSING.
T  INDICATES TRACE AMOUNT.

..........................................................

THE CARIBOU ME 4-INCH UNDER SOD SOIL TEMPERATURE FOR SEP 30 2016:

MAXIMUM TEMPERATURE: 59 F
MINIMUM TEMPERATURE: 53 F

$$
