000
CDUS41 KCAR 112028
CLICAR


CLIMATE REPORT
NATIONAL WEATHER SERVICE CARIBOU, ME
428 PM EDT TUE JUL 11 2017


...................................

...THE CARIBOU ME CLIMATE SUMMARY FOR JULY 11 2017...
VALID TODAY AS OF 0400 PM LOCAL TIME.

CLIMATE NORMAL PERIOD 1981 TO 2010
CLIMATE RECORD PERIOD 1939 TO 2017


WEATHER ITEM   OBSERVED TIME   RECORD YEAR NORMAL DEPARTURE LAST
                VALUE   (LST)  VALUE       VALUE  FROM      YEAR
                                                  NORMAL
..................................................................
TEMPERATURE (F)
 TODAY
  MAXIMUM         83    155 PM  88    1943  76      7       80
  MINIMUM         63    405 AM  42    1968  55      8       50
  AVERAGE         73                        66      7       65

PRECIPITATION (IN)
  TODAY            T             1.04 1979   0.14  -0.14     0.00
  MONTH TO DATE    1.84                      1.51   0.33     2.93
  SINCE JUN 1      6.23                      4.99   1.24     6.58
  SINCE JAN 1     22.80                     18.41   4.39    22.51

SNOWFALL (IN)
  TODAY            0.0           0.0  2002   0.0    0.0      0.0
                                      2001
  MONTH TO DATE    0.0                       0.0    0.0      0.0
  SINCE JUN 1      0.0                       0.0    0.0      0.0
  SINCE JUL 1      0.0                       0.0    0.0      0.0
  SNOW DEPTH       0

DEGREE DAYS
 HEATING
  TODAY            0                         2     -2        0
  MONTH TO DATE    1                        26    -25       42
  SINCE JUN 1    133                       191    -58      186
  SINCE JUL 1      1                        26    -25       42

 COOLING
  TODAY            8                         3      5        0
  MONTH TO DATE   36                        23     13       10
  SINCE JUN 1     81                        57     24       55
  SINCE JAN 1     87                        62     25       63
..................................................................


WIND (MPH)
  HIGHEST WIND SPEED    22   HIGHEST WIND DIRECTION    SW (240)
  HIGHEST GUST SPEED    31   HIGHEST GUST DIRECTION    SW (220)
  AVERAGE WIND SPEED     8.4


SKY COVER
  POSSIBLE SUNSHINE  MM
  AVERAGE SKY COVER 0.4


WEATHER CONDITIONS
 THE FOLLOWING WEATHER WAS RECORDED TODAY.
  THUNDERSTORM


RELATIVE HUMIDITY (PERCENT)
 HIGHEST    90           200 AM
 LOWEST     46           100 PM
 AVERAGE    68

..........................................................


THE CARIBOU ME CLIMATE NORMALS FOR TOMORROW
                         NORMAL    RECORD    YEAR
 MAXIMUM TEMPERATURE (F)   76        89      1943
 MINIMUM TEMPERATURE (F)   55        42      1971
                                             1940


SUNRISE AND SUNSET
JULY 11 2017..........SUNRISE   449 AM EDT   SUNSET   826 PM EDT
JULY 12 2017..........SUNRISE   450 AM EDT   SUNSET   825 PM EDT


-  INDICATES NEGATIVE NUMBERS.
R  INDICATES RECORD WAS SET OR TIED.
MM INDICATES DATA IS MISSING.
T  INDICATES TRACE AMOUNT.




$$
