091
CDUS41 KCAR 110536
CLICAR


CLIMATE REPORT
NATIONAL WEATHER SERVICE CARIBOU, ME
1233 AM EST WED JAN 11 2017


...................................

...THE CARIBOU ME CLIMATE SUMMARY FOR JANUARY 10 2017...

CLIMATE NORMAL PERIOD 1981 TO 2010
CLIMATE RECORD PERIOD 1939 TO 2017


WEATHER ITEM   OBSERVED TIME   RECORD YEAR NORMAL DEPARTURE LAST
                VALUE   (LST)  VALUE       VALUE  FROM      YEAR
                                                  NORMAL
..................................................................
TEMPERATURE (F)
 YESTERDAY
  MAXIMUM         33   1159 PM  44    2016  20     13       44
  MINIMUM          1    727 AM -32    1973   1      0       26
  AVERAGE         17                        10      7       35

PRECIPITATION (IN)
  YESTERDAY        0.03          1.31 1977   0.08  -0.05     0.51
  MONTH TO DATE    0.91                      0.89   0.02     0.62
  SINCE DEC 1      5.11                      4.16   0.95     5.50
  SINCE JAN 1      0.91                      0.89   0.02     0.62

SNOWFALL (IN)
  YESTERDAY        0.3          12.5  1997   0.9   -0.6       T
  MONTH TO DATE    8.3                       8.2    0.1      2.2
  SINCE DEC 1     49.5                      31.1   18.4     30.0
  SINCE JUL 1     69.7                      43.3   26.4     34.1
  SNOW DEPTH      28

DEGREE DAYS
 HEATING
  YESTERDAY       48                        55     -7       30
  MONTH TO DATE  536                       539     -3      451
  SINCE DEC 1   2029                      1988     41     1573
  SINCE JUL 1   3716                      4133   -417     3391

 COOLING
  YESTERDAY        0                         0      0        0
  MONTH TO DATE    0                         0      0        0
  SINCE DEC 1      0                         0      0        0
  SINCE JAN 1      0                         0      0        0
..................................................................


WIND (MPH)
  HIGHEST WIND SPEED    26   HIGHEST WIND DIRECTION     S (160)
  HIGHEST GUST SPEED    36   HIGHEST GUST DIRECTION     S (160)
  AVERAGE WIND SPEED     8.2


SKY COVER
  POSSIBLE SUNSHINE  MM
  AVERAGE SKY COVER 0.6


WEATHER CONDITIONS
 THE FOLLOWING WEATHER WAS RECORDED YESTERDAY.
  LIGHT SNOW
  FOG


RELATIVE HUMIDITY (PERCENT)
 HIGHEST    85          1000 PM
 LOWEST     54           200 PM
 AVERAGE    70

..........................................................


THE CARIBOU ME CLIMATE NORMALS FOR TODAY
                         NORMAL    RECORD    YEAR
 MAXIMUM TEMPERATURE (F)   19        51      1983
 MINIMUM TEMPERATURE (F)    1       -33      1995


SUNRISE AND SUNSET
JANUARY 11 2017.......SUNRISE   715 AM EST   SUNSET   406 PM EST
JANUARY 12 2017.......SUNRISE   714 AM EST   SUNSET   407 PM EST


-  INDICATES NEGATIVE NUMBERS.
R  INDICATES RECORD WAS SET OR TIED.
MM INDICATES DATA IS MISSING.
T  INDICATES TRACE AMOUNT.




$$
