000
CDUS41 KCAR 190533
CLICAR


CLIMATE REPORT
NATIONAL WEATHER SERVICE CARIBOU, ME
1230 AM EST MON JAN 19 2015


...................................

...THE CARIBOU ME CLIMATE SUMMARY FOR JANUARY 18 2015...

CLIMATE NORMAL PERIOD 1981 TO 2010
CLIMATE RECORD PERIOD 1939 TO 2015


WEATHER ITEM   OBSERVED TIME   RECORD YEAR NORMAL DEPARTURE LAST
                VALUE   (LST)  VALUE       VALUE  FROM      YEAR
                                                  NORMAL
..................................................................
TEMPERATURE (F)
 YESTERDAY
  MAXIMUM         41   1136 PM  49    2006  19     22       33
  MINIMUM         -1   1238 AM -30    2009   0     -1       20
  AVERAGE         20                         9     11       27

PRECIPITATION (IN)
  YESTERDAY        0.11          0.76 1978   0.08   0.03     0.00
  MONTH TO DATE    1.38                      1.59  -0.21     2.97
  SINCE DEC 1      7.26                      4.86   2.40     6.55
  SINCE JAN 1      1.38                      1.59  -0.21     2.97

SNOWFALL (IN)
  YESTERDAY        T            10.8  1978   0.8   -0.8      0.0
  MONTH TO DATE   13.0                      14.6   -1.6      2.9
  SINCE DEC 1     40.1                      37.5    2.6     47.7
  SINCE JUL 1     68.9                      49.7   19.2     57.8
  SNOW DEPTH      14

DEGREE DAYS
 HEATING
  YESTERDAY       45                        56    -11       38
  MONTH TO DATE 1076                       981     95      874
  SINCE DEC 1   2391                      2430    -39     2483
  SINCE JUL 1   4343                      4575   -232     4439

 COOLING
  YESTERDAY        0                         0      0        0
  MONTH TO DATE    0                         0      0        0
  SINCE DEC 1      0                         0      0        0
  SINCE JAN 1      0                         0      0        0
..................................................................


WIND (MPH)
  HIGHEST WIND SPEED    21   HIGHEST WIND DIRECTION     S (180)
  HIGHEST GUST SPEED    29   HIGHEST GUST DIRECTION     S (180)
  AVERAGE WIND SPEED    13.8


SKY COVER
  POSSIBLE SUNSHINE  MM
  AVERAGE SKY COVER 0.8


WEATHER CONDITIONS
 THE FOLLOWING WEATHER WAS RECORDED YESTERDAY.
  LIGHT RAIN
  SLEET
  FOG


RELATIVE HUMIDITY (PERCENT)
 HIGHEST   100           700 PM
 LOWEST     51           300 AM
 AVERAGE    76

..........................................................


THE CARIBOU ME CLIMATE NORMALS FOR TODAY
                         NORMAL    RECORD    YEAR
 MAXIMUM TEMPERATURE (F)   19        51      1996
 MINIMUM TEMPERATURE (F)    0       -32      1997


SUNRISE AND SUNSET
JANUARY 19 2015.......SUNRISE   710 AM EST   SUNSET   416 PM EST
JANUARY 20 2015.......SUNRISE   709 AM EST   SUNSET   417 PM EST


-  INDICATES NEGATIVE NUMBERS.
R  INDICATES RECORD WAS SET OR TIED.
MM INDICATES DATA IS MISSING.
T  INDICATES TRACE AMOUNT.




$$
