000
CDUS41 KCAR 270526
CLICAR


CLIMATE REPORT
NATIONAL WEATHER SERVICE CARIBOU, ME
1226 AM EST SUN NOV 27 2016


...................................

...THE CARIBOU ME CLIMATE SUMMARY FOR NOVEMBER 26 2016...

CLIMATE NORMAL PERIOD 1981 TO 2010
CLIMATE RECORD PERIOD 1939 TO 2016


WEATHER ITEM   OBSERVED TIME   RECORD YEAR NORMAL DEPARTURE LAST
                VALUE   (LST)  VALUE       VALUE  FROM      YEAR
                                                  NORMAL
..................................................................
TEMPERATURE (F)
 YESTERDAY
  MAXIMUM         34   1028 PM  61    1953  34      0       44
  MINIMUM         33   1159 PM   0    1940  20     13       22
  AVERAGE         34                        27      7       33

PRECIPITATION (IN)
  YESTERDAY        0.66          1.04 1946   0.12   0.54      T
  MONTH TO DATE    2.68                      3.16  -0.48     1.97
  SINCE SEP 1      7.70                     10.01  -2.31     8.63
  SINCE JAN 1     38.81                     34.75   4.06    31.10

SNOWFALL (IN)
  YESTERDAY        5.1          14.8  1974   0.5    4.6      0.0
  MONTH TO DATE   10.0                       8.4    1.6      2.6
  SINCE SEP 1     10.0                      10.1   -0.1      2.9
  SINCE JUL 1     10.0                      10.1   -0.1      2.9
  SNOW DEPTH      40

DEGREE DAYS
 HEATING
  YESTERDAY       31                        38     -7       32
  MONTH TO DATE  699                       849   -150      722
  SINCE SEP 1   1470                      1835   -365     1582
  SINCE JUL 1   1550                      1989   -439     1659

 COOLING
  YESTERDAY        0                         0      0        0
  MONTH TO DATE    0                         0      0        0
  SINCE SEP 1     22                        11     11       50
  SINCE JAN 1    275                       180     95      253
..................................................................


WIND (MPH)
  HIGHEST WIND SPEED     7   HIGHEST WIND DIRECTION     E (70)
  HIGHEST GUST SPEED     9   HIGHEST GUST DIRECTION     E (80)
  AVERAGE WIND SPEED     3.4


SKY COVER
  POSSIBLE SUNSHINE  MM
  AVERAGE SKY COVER 1.0


WEATHER CONDITIONS
 THE FOLLOWING WEATHER WAS RECORDED YESTERDAY.
  HEAVY SNOW
  SNOW
  LIGHT SNOW
  FOG
  FOG W/VISIBILITY <= 1/4 MILE


RELATIVE HUMIDITY (PERCENT)
 HIGHEST    96           300 AM
 LOWEST     89           100 AM
 AVERAGE    93

..........................................................


THE CARIBOU ME CLIMATE NORMALS FOR TODAY
                         NORMAL    RECORD    YEAR
 MAXIMUM TEMPERATURE (F)   33        59      1999
 MINIMUM TEMPERATURE (F)   20        -3      1978


SUNRISE AND SUNSET
NOVEMBER 27 2016......SUNRISE   652 AM EST   SUNSET   347 PM EST
NOVEMBER 28 2016......SUNRISE   653 AM EST   SUNSET   347 PM EST


-  INDICATES NEGATIVE NUMBERS.
R  INDICATES RECORD WAS SET OR TIED.
MM INDICATES DATA IS MISSING.
T  INDICATES TRACE AMOUNT.




$$
