000
CDUS41 KCAR 200532
CLICAR


CLIMATE REPORT
NATIONAL WEATHER SERVICE CARIBOU, ME
1231 AM EST TUE FEB 20 2018


...................................

...THE CARIBOU ME CLIMATE SUMMARY FOR FEBRUARY 19 2018...
VALID TODAY AS OF 1200 AM LOCAL TIME.

CLIMATE NORMAL PERIOD 1981 TO 2010
CLIMATE RECORD PERIOD 1939 TO 2018


WEATHER ITEM   OBSERVED TIME   RECORD YEAR NORMAL DEPARTURE LAST
                VALUE   (LST)  VALUE       VALUE  FROM      YEAR
                                                  NORMAL
..................................................................
TEMPERATURE (F)
 TODAY
  MAXIMUM         40    359 PM  52    1981  25     15       33
  MINIMUM         10    540 AM -26    1967   5      5       24
                                      1966
  AVERAGE         25                        15     10       29

PRECIPITATION (IN)
  TODAY            T             0.91 1998   0.08  -0.08     0.02
  MONTH TO DATE    1.89                      1.48   0.41     1.48
  SINCE DEC 1     11.31                      7.46   3.85     9.13
  SINCE JAN 1      7.19                      4.19   3.00     4.93

SNOWFALL (IN)
  TODAY            T             7.1  1976   0.8   -0.8      0.3
  MONTH TO DATE   22.8                      15.2    7.6     15.8
  SINCE DEC 1     95.9                      63.3   32.6     76.4
  SINCE JUL 1     99.8                      75.5   24.3     96.6
  SNOW DEPTH      32

DEGREE DAYS
 HEATING
  TODAY           40                        50    -10       36
  MONTH TO DATE  931                       994    -63     1039
  SINCE DEC 1   4156                      4143     13     3980
  SINCE JUL 1   5860                      6288   -428     5667

 COOLING
  TODAY            0                         0      0        0
  MONTH TO DATE    0                         0      0        0
  SINCE DEC 1      0                         0      0        0
  SINCE JAN 1      0                         0      0        0
..................................................................


WIND (MPH)
  HIGHEST WIND SPEED    22   HIGHEST WIND DIRECTION    SW (210)
  HIGHEST GUST SPEED    31   HIGHEST GUST DIRECTION     S (200)
  AVERAGE WIND SPEED     7.6


SKY COVER
  POSSIBLE SUNSHINE  MM
  AVERAGE SKY COVER 0.3


WEATHER CONDITIONS
 THE FOLLOWING WEATHER WAS RECORDED TODAY.
  NO SIGNIFICANT WEATHER WAS OBSERVED.


RELATIVE HUMIDITY (PERCENT)
 HIGHEST    92           700 AM
 LOWEST     48           100 PM
 AVERAGE    70

..........................................................


THE CARIBOU ME CLIMATE NORMALS FOR TOMORROW
                         NORMAL    RECORD    YEAR
 MAXIMUM TEMPERATURE (F)   26        59      1994
 MINIMUM TEMPERATURE (F)    6       -31      1966


SUNRISE AND SUNSET
FEBRUARY 19 2018......SUNRISE   630 AM EST   SUNSET   503 PM EST
FEBRUARY 20 2018......SUNRISE   628 AM EST   SUNSET   504 PM EST


-  INDICATES NEGATIVE NUMBERS.
R  INDICATES RECORD WAS SET OR TIED.
MM INDICATES DATA IS MISSING.
T  INDICATES TRACE AMOUNT.




$$
