000
CDUS41 KCAR 122159
CLICAR


CLIMATE REPORT
NATIONAL WEATHER SERVICE CARIBOU, ME
559 PM EDT TUE SEP 12 2017


...................................

...THE CARIBOU ME CLIMATE SUMMARY FOR SEPTEMBER 12 2017...
VALID TODAY AS OF 0500 PM LOCAL TIME.

CLIMATE NORMAL PERIOD 1981 TO 2010
CLIMATE RECORD PERIOD 1939 TO 2017


WEATHER ITEM   OBSERVED TIME   RECORD YEAR NORMAL DEPARTURE LAST
                VALUE   (LST)  VALUE       VALUE  FROM      YEAR
                                                  NORMAL
..................................................................
TEMPERATURE (F)
 TODAY
  MAXIMUM         76    209 PM  82    1982  67      9       72
                                      1951
  MINIMUM         45    532 AM  32    2006  46     -1       48
                                      1985
                                      1967
  AVERAGE         61                        56      5       60

PRECIPITATION (IN)
  TODAY            0.00          1.23 2013   0.10  -0.10     0.00
  MONTH TO DATE    2.84                      1.25   1.59     0.88
  SINCE SEP 1      2.84                      1.25   1.59     0.88
  SINCE JAN 1     28.70                     25.99   2.71    31.99

SNOWFALL (IN)
  TODAY            0.0           0.0  2002   0.0    0.0      0.0
                                      2001
  MONTH TO DATE    0.0                       0.0    0.0      0.0
  SINCE SEP 1      0.0                       0.0    0.0      0.0
  SINCE JUL 1      0.0                       0.0    0.0      0.0
  SNOW DEPTH       0

DEGREE DAYS
 HEATING
  TODAY            4                         9     -5        5
  MONTH TO DATE   74                        88    -14       21
  SINCE SEP 1     74                        88    -14       21
  SINCE JUL 1    198                       242    -44      101

 COOLING
  TODAY            0                         0      0        0
  MONTH TO DATE    1                        10     -9       19
  SINCE SEP 1      1                        10     -9       19
  SINCE JAN 1    188                       179      9      272
..................................................................


WIND (MPH)
  HIGHEST WIND SPEED    14   HIGHEST WIND DIRECTION     W (260)
  HIGHEST GUST SPEED    20   HIGHEST GUST DIRECTION     W (260)
  AVERAGE WIND SPEED     3.5


SKY COVER
  POSSIBLE SUNSHINE  MM
  AVERAGE SKY COVER 0.1


WEATHER CONDITIONS
 THE FOLLOWING WEATHER WAS RECORDED TODAY.
  FOG


RELATIVE HUMIDITY (PERCENT)
 HIGHEST    93           100 AM
 LOWEST     41          1200 PM
 AVERAGE    67

..........................................................


THE CARIBOU ME CLIMATE NORMALS FOR TOMORROW
                         NORMAL    RECORD    YEAR
 MAXIMUM TEMPERATURE (F)   67        87      1951
 MINIMUM TEMPERATURE (F)   45        31      1964
                                             1963


SUNRISE AND SUNSET
SEPTEMBER 12 2017.....SUNRISE   606 AM EDT   SUNSET   649 PM EDT
SEPTEMBER 13 2017.....SUNRISE   607 AM EDT   SUNSET   647 PM EDT


-  INDICATES NEGATIVE NUMBERS.
R  INDICATES RECORD WAS SET OR TIED.
MM INDICATES DATA IS MISSING.
T  INDICATES TRACE AMOUNT.




$$
