000
CDUS41 KCAR 070530
CLICAR


CLIMATE REPORT
NATIONAL WEATHER SERVICE CARIBOU, ME
130 AM EDT MON APR 7 2014


...................................

...THE CARIBOU ME CLIMATE SUMMARY FOR APRIL 6 2014...

CLIMATE NORMAL PERIOD 1981 TO 2010
CLIMATE RECORD PERIOD 1939 TO 2014


WEATHER ITEM   OBSERVED TIME   RECORD YEAR NORMAL DEPARTURE LAST
                VALUE   (LST)  VALUE       VALUE  FROM      YEAR
                                                  NORMAL
..................................................................
TEMPERATURE (F)
 YESTERDAY
  MAXIMUM         41    504 PM  62    2010  43     -2       30
  MINIMUM         30    714 AM   4    1964  25      5       19
  AVERAGE         36                        34      2       25

PRECIPITATION (IN)
  YESTERDAY        0.07          0.72 1952   0.08  -0.01     0.00
  MONTH TO DATE    0.56                      0.50   0.06     0.27
  SINCE MAR 1      4.00                      3.01   0.99     2.01
  SINCE JAN 1     10.22                      7.93   2.29     7.38

SNOWFALL (IN)
  YESTERDAY        0.9           2.9  1994   0.3    0.6      0.0
  MONTH TO DATE    3.4                       2.3    1.1       T
  SINCE MAR 1     45.5                      20.6   24.9     15.2
  SINCE JUL 1    144.9                     103.1   41.8    102.6
  SNOW DEPTH      28

DEGREE DAYS
 HEATING
  YESTERDAY       29                        31     -2       40
  MONTH TO DATE  196                       195      1      217
  SINCE MAR 1   1736                      1449    287     1302
  SINCE JUL 1   8390                      8170    220     7450

 COOLING
  YESTERDAY        0                         0      0        0
  MONTH TO DATE    0                         0      0        0
  SINCE MAR 1      0                         0      0        0
  SINCE JAN 1      0                         0      0        0
..................................................................


WIND (MPH)
  HIGHEST WIND SPEED    26   HIGHEST WIND DIRECTION    NW (300)
  HIGHEST GUST SPEED    36   HIGHEST GUST DIRECTION    NW (310)
  AVERAGE WIND SPEED    12.0


SKY COVER
  POSSIBLE SUNSHINE  MM
  AVERAGE SKY COVER 0.6


WEATHER CONDITIONS
 THE FOLLOWING WEATHER WAS RECORDED YESTERDAY.
  LIGHT SNOW
  FOG


RELATIVE HUMIDITY (PERCENT)
 HIGHEST    92           300 AM
 LOWEST     41           400 PM
 AVERAGE    67

..........................................................


THE CARIBOU ME CLIMATE NORMALS FOR TODAY
                         NORMAL    RECORD    YEAR
 MAXIMUM TEMPERATURE (F)   43        60      1993
 MINIMUM TEMPERATURE (F)   26         8      1943


SUNRISE AND SUNSET
APRIL  7 2014.........SUNRISE   600 AM EDT   SUNSET   709 PM EDT
APRIL  8 2014.........SUNRISE   558 AM EDT   SUNSET   711 PM EDT


-  INDICATES NEGATIVE NUMBERS.
R  INDICATES RECORD WAS SET OR TIED.
MM INDICATES DATA IS MISSING.
T  INDICATES TRACE AMOUNT.




$$
