000
CDUS41 KCAR 280546
CLICAR


CLIMATE REPORT
NATIONAL WEATHER SERVICE CARIBOU, ME
144 AM EDT TUE JUL 28 2015


...................................

...THE CARIBOU ME CLIMATE SUMMARY FOR JULY 27 2015...

CLIMATE NORMAL PERIOD 1981 TO 2010
CLIMATE RECORD PERIOD 1939 TO 2015


WEATHER ITEM   OBSERVED TIME   RECORD YEAR NORMAL DEPARTURE LAST
                VALUE   (LST)  VALUE       VALUE  FROM      YEAR
                                                  NORMAL
..................................................................
TEMPERATURE (F)
 YESTERDAY
  MAXIMUM         76    233 PM  92    1963  76      0       80
  MINIMUM         60    309 AM  42    1946  56      4       57
  AVERAGE         68                        66      2       69

PRECIPITATION (IN)
  YESTERDAY        0.09          1.95 1947   0.12  -0.03     0.18
  MONTH TO DATE    3.15                      3.59  -0.44     5.50
  SINCE JUN 1      7.40                      7.07   0.33     8.11
  SINCE JAN 1     18.25                     20.49  -2.24    25.31

SNOWFALL (IN)
  YESTERDAY        0.0           0.0  2002   0.0    0.0      0.0
                                      2001
  MONTH TO DATE    0.0                       0.0    0.0      0.0
  SINCE JUN 1      0.0                       0.0    0.0      0.0
  SINCE JUL 1      0.0                       0.0    0.0      0.0
  SNOW DEPTH       0

DEGREE DAYS
 HEATING
  YESTERDAY        0                         2     -2        0
  MONTH TO DATE   65                        56      9       20
  SINCE JUN 1    277                       221     56      109
  SINCE JUL 1     65                        56      9       20

 COOLING
  YESTERDAY        3                         3      0        4
  MONTH TO DATE   36                        67    -31      124
  SINCE JUN 1     42                       101    -59      160
  SINCE JAN 1     63                       106    -43      163
..................................................................


WIND (MPH)
  HIGHEST WIND SPEED    14   HIGHEST WIND DIRECTION    SW (230)
  HIGHEST GUST SPEED    21   HIGHEST GUST DIRECTION    SW (220)
  AVERAGE WIND SPEED     6.6


SKY COVER
  POSSIBLE SUNSHINE  MM
  AVERAGE SKY COVER 0.6


WEATHER CONDITIONS
 THE FOLLOWING WEATHER WAS RECORDED YESTERDAY.
  THUNDERSTORM
  RAIN
  LIGHT RAIN
  FOG


RELATIVE HUMIDITY (PERCENT)
 HIGHEST    97           200 AM
 LOWEST     68           100 PM
 AVERAGE    83

..........................................................


THE CARIBOU ME CLIMATE NORMALS FOR TODAY
                         NORMAL    RECORD    YEAR
 MAXIMUM TEMPERATURE (F)   76        91      1970
                                             1959
                                             1949
 MINIMUM TEMPERATURE (F)   56        43      1987
                                             1981
                                             1945


SUNRISE AND SUNSET
JULY 28 2015..........SUNRISE   507 AM EDT   SUNSET   810 PM EDT
JULY 29 2015..........SUNRISE   508 AM EDT   SUNSET   808 PM EDT


-  INDICATES NEGATIVE NUMBERS.
R  INDICATES RECORD WAS SET OR TIED.
MM INDICATES DATA IS MISSING.
T  INDICATES TRACE AMOUNT.




$$
