000
CDUS41 KCAR 080528
CLICAR


CLIMATE REPORT
NATIONAL WEATHER SERVICE CARIBOU, ME
1227 AM EST WED FEB 8 2017


...................................

...THE CARIBOU ME CLIMATE SUMMARY FOR FEBRUARY 7 2017...

CLIMATE NORMAL PERIOD 1981 TO 2010
CLIMATE RECORD PERIOD 1939 TO 2017


WEATHER ITEM   OBSERVED TIME   RECORD YEAR NORMAL DEPARTURE LAST
                VALUE   (LST)  VALUE       VALUE  FROM      YEAR
                                                  NORMAL
..................................................................
TEMPERATURE (F)
 YESTERDAY
  MAXIMUM          9    146 PM  46    1951  22    -13       30
  MINIMUM         -9    711 AM -24    1993   2    -11        4
  AVERAGE          0                        12    -12       17

PRECIPITATION (IN)
  YESTERDAY        0.07          0.63 1953   0.08  -0.01     0.01
  MONTH TO DATE    0.21                      0.56  -0.35     0.62
  SINCE DEC 1      7.86                      6.54   1.32     6.92
  SINCE JAN 1      3.66                      3.27   0.39     2.04

SNOWFALL (IN)
  YESTERDAY        0.4           8.3  1949   0.8   -0.4      0.1
  MONTH TO DATE    2.8                       5.7   -2.9      3.3
  SINCE DEC 1     63.4                      53.8    9.6     42.3
  SINCE JUL 1     83.6                      66.0   17.6     46.4
  SNOW DEPTH      25

DEGREE DAYS
 HEATING
  YESTERDAY       65                        53     12       48
  MONTH TO DATE  417                       377     40      297
  SINCE DEC 1   3358                      3526   -168     2876
  SINCE JUL 1   5045                      5671   -626     4694

 COOLING
  YESTERDAY        0                         0      0        0
  MONTH TO DATE    0                         0      0        0
  SINCE DEC 1      0                         0      0        0
  SINCE JAN 1      0                         0      0        0
..................................................................


WIND (MPH)
  HIGHEST WIND SPEED     9   HIGHEST WIND DIRECTION     E (110)
  HIGHEST GUST SPEED    12   HIGHEST GUST DIRECTION    NW (300)
  AVERAGE WIND SPEED     4.3


SKY COVER
  POSSIBLE SUNSHINE  MM
  AVERAGE SKY COVER 0.3


WEATHER CONDITIONS
 THE FOLLOWING WEATHER WAS RECORDED YESTERDAY.
  LIGHT SNOW
  FOG


RELATIVE HUMIDITY (PERCENT)
 HIGHEST    72          1200 AM
 LOWEST     45           100 PM
 AVERAGE    59

..........................................................


THE CARIBOU ME CLIMATE NORMALS FOR TODAY
                         NORMAL    RECORD    YEAR
 MAXIMUM TEMPERATURE (F)   22        46      1951
 MINIMUM TEMPERATURE (F)    2       -22      1944


SUNRISE AND SUNSET
FEBRUARY  8 2017......SUNRISE   647 AM EST   SUNSET   446 PM EST
FEBRUARY  9 2017......SUNRISE   645 AM EST   SUNSET   448 PM EST


-  INDICATES NEGATIVE NUMBERS.
R  INDICATES RECORD WAS SET OR TIED.
MM INDICATES DATA IS MISSING.
T  INDICATES TRACE AMOUNT.




$$
