000
CDUS41 KCAR 100531
CLICAR


CLIMATE REPORT
NATIONAL WEATHER SERVICE CARIBOU, ME
130 AM EDT THU APR 10 2014


...................................

...THE CARIBOU ME CLIMATE SUMMARY FOR APRIL 9 2014...

CLIMATE NORMAL PERIOD 1981 TO 2010
CLIMATE RECORD PERIOD 1939 TO 2014


WEATHER ITEM   OBSERVED TIME   RECORD YEAR NORMAL DEPARTURE LAST
                VALUE   (LST)  VALUE       VALUE  FROM      YEAR
                                                  NORMAL
..................................................................
TEMPERATURE (F)
 YESTERDAY
  MAXIMUM         42   1244 PM  71    1981  44     -2       37
  MINIMUM         24   1159 PM  11    1974  27     -3       29
                                      1943
  AVERAGE         33                        35     -2       33

PRECIPITATION (IN)
  YESTERDAY        0.02          0.83 2010   0.09  -0.07     0.19
  MONTH TO DATE    1.09                      0.77   0.32     0.49
  SINCE MAR 1      4.53                      3.28   1.25     2.23
  SINCE JAN 1     10.75                      8.20   2.55     7.60

SNOWFALL (IN)
  YESTERDAY        0.0           5.0  1974   0.3   -0.3       T
  MONTH TO DATE    3.4                       3.3    0.1       T
  SINCE MAR 1     45.5                      21.6   23.9     15.2
  SINCE JUL 1    144.9                     104.1   40.8    102.6
  SNOW DEPTH      24

DEGREE DAYS
 HEATING
  YESTERDAY       32                        30      2       32
  MONTH TO DATE  278                       286     -8      316
  SINCE MAR 1   1818                      1540    278     1401
  SINCE JUL 1   8472                      8261    211     7549

 COOLING
  YESTERDAY        0                         0      0        0
  MONTH TO DATE    0                         0      0        0
  SINCE MAR 1      0                         0      0        0
  SINCE JAN 1      0                         0      0        0
..................................................................


WIND (MPH)
  HIGHEST WIND SPEED    24   HIGHEST WIND DIRECTION    NW (320)
  HIGHEST GUST SPEED    30   HIGHEST GUST DIRECTION    NW (310)
  AVERAGE WIND SPEED    11.8


SKY COVER
  POSSIBLE SUNSHINE  MM
  AVERAGE SKY COVER 0.5


WEATHER CONDITIONS
 THE FOLLOWING WEATHER WAS RECORDED YESTERDAY.
  LIGHT RAIN
  FOG


RELATIVE HUMIDITY (PERCENT)
 HIGHEST    92          1200 AM
 LOWEST     29           400 PM
 AVERAGE    61

..........................................................


THE CARIBOU ME CLIMATE NORMALS FOR TODAY
                         NORMAL    RECORD    YEAR
 MAXIMUM TEMPERATURE (F)   45        74      1945
 MINIMUM TEMPERATURE (F)   27         4      1977


SUNRISE AND SUNSET
APRIL 10 2014.........SUNRISE   554 AM EDT   SUNSET   714 PM EDT
APRIL 11 2014.........SUNRISE   552 AM EDT   SUNSET   715 PM EDT


-  INDICATES NEGATIVE NUMBERS.
R  INDICATES RECORD WAS SET OR TIED.
MM INDICATES DATA IS MISSING.
T  INDICATES TRACE AMOUNT.




$$
