000
CDUS41 KCAR 112025
CLICAR


CLIMATE REPORT
NATIONAL WEATHER SERVICE CARIBOU, ME
425 PM EDT TUE APR 11 2017


...................................

...THE CARIBOU ME CLIMATE SUMMARY FOR APRIL 11 2017...
VALID TODAY AS OF 0400 PM LOCAL TIME.

CLIMATE NORMAL PERIOD 1981 TO 2010
CLIMATE RECORD PERIOD 1939 TO 2017


WEATHER ITEM   OBSERVED TIME   RECORD YEAR NORMAL DEPARTURE LAST
                VALUE   (LST)  VALUE       VALUE  FROM      YEAR
                                                  NORMAL
..................................................................
TEMPERATURE (F)
 TODAY
  MAXIMUM         50    108 PM  78    1945  45      5       40
  MINIMUM         41    531 AM   8    1977  28     13       18
  AVERAGE         46                        36     10       29

PRECIPITATION (IN)
  TODAY            T             0.83 1961   0.10  -0.10     0.23
  MONTH TO DATE    1.01                      0.96   0.05     2.02
  SINCE MAR 1      3.73                      3.47   0.26     6.72
  SINCE JAN 1      9.35                      8.39   0.96    12.19

SNOWFALL (IN)
  TODAY            0.0           7.2  1961   0.3   -0.3       T
  MONTH TO DATE    1.4                       3.9   -2.5      2.8
  SINCE MAR 1     25.0                      22.2    2.8     30.0
  SINCE JUL 1    121.6                     104.7   16.9     90.0
  SNOW DEPTH       7

DEGREE DAYS
 HEATING
  TODAY           19                        29    -10       36
  MONTH TO DATE  285                       344    -59      391
  SINCE MAR 1   1668                      1598     70     1648
  SINCE JUL 1   7649                      8319   -670     7390

 COOLING
  TODAY            0                         0      0        0
  MONTH TO DATE    0                         0      0        0
  SINCE MAR 1      0                         0      0        0
  SINCE JAN 1      0                         0      0        0
..................................................................


WIND (MPH)
  HIGHEST WIND SPEED    14   HIGHEST WIND DIRECTION     N (340)
  HIGHEST GUST SPEED    22   HIGHEST GUST DIRECTION    NW (300)
  AVERAGE WIND SPEED     6.3


SKY COVER
  POSSIBLE SUNSHINE  MM
  AVERAGE SKY COVER 0.9


WEATHER CONDITIONS
 THE FOLLOWING WEATHER WAS RECORDED TODAY.
  LIGHT RAIN


RELATIVE HUMIDITY (PERCENT)
 HIGHEST    82           800 AM
 LOWEST     56          1200 AM
 AVERAGE    69

..........................................................


THE CARIBOU ME CLIMATE NORMALS FOR TOMORROW
                         NORMAL    RECORD    YEAR
 MAXIMUM TEMPERATURE (F)   46        76      1945
 MINIMUM TEMPERATURE (F)   28        12      1976


SUNRISE AND SUNSET
APRIL 11 2017.........SUNRISE   552 AM EDT   SUNSET   715 PM EDT
APRIL 12 2017.........SUNRISE   550 AM EDT   SUNSET   717 PM EDT


-  INDICATES NEGATIVE NUMBERS.
R  INDICATES RECORD WAS SET OR TIED.
MM INDICATES DATA IS MISSING.
T  INDICATES TRACE AMOUNT.




$$
