000
CDUS41 KCAR 090535
CLICAR


CLIMATE REPORT
NATIONAL WEATHER SERVICE CARIBOU, ME
1231 AM EST THU NOV 9 2017


...................................

...THE CARIBOU ME CLIMATE SUMMARY FOR NOVEMBER 8 2017...

CLIMATE NORMAL PERIOD 1981 TO 2010
CLIMATE RECORD PERIOD 1939 TO 2017


WEATHER ITEM   OBSERVED TIME   RECORD YEAR NORMAL DEPARTURE LAST
                VALUE   (LST)  VALUE       VALUE  FROM      YEAR
                                                  NORMAL
..................................................................
TEMPERATURE (F)
 YESTERDAY
  MAXIMUM         38    229 PM  64    1975  42     -4       59
  MINIMUM         20    626 AM   6    2002  28     -8       27
  AVERAGE         29                        35     -6       43

PRECIPITATION (IN)
  YESTERDAY        0.00          1.55 1963   0.12  -0.12     0.00
  MONTH TO DATE    1.51                      0.99   0.52     0.36
  SINCE SEP 1     10.87                      7.84   3.03     5.38
  SINCE JAN 1     36.73                     32.58   4.15    36.49

SNOWFALL (IN)
  YESTERDAY        0.0           3.0  1968   0.3   -0.3      0.0
  MONTH TO DATE    T                         1.6   -1.6       T
  SINCE SEP 1      T                         3.3   -3.3       T
  SINCE JUL 1      T                         3.3   -3.3       T
  SNOW DEPTH       0

DEGREE DAYS
 HEATING
  YESTERDAY       36                        30      6       22
  MONTH TO DATE  200                       231    -31      217
  SINCE SEP 1    760                      1217   -457      988
  SINCE JUL 1    884                      1371   -487     1068

 COOLING
  YESTERDAY        0                         0      0        0
  MONTH TO DATE    0                         0      0        0
  SINCE SEP 1     35                        11     24       22
  SINCE JAN 1    222                       180     42      275
..................................................................


WIND (MPH)
  HIGHEST WIND SPEED     6   HIGHEST WIND DIRECTION    NE (60)
  HIGHEST GUST SPEED     9   HIGHEST GUST DIRECTION     E (80)
  AVERAGE WIND SPEED     1.6


SKY COVER
  POSSIBLE SUNSHINE  MM
  AVERAGE SKY COVER 0.0


WEATHER CONDITIONS
 THE FOLLOWING WEATHER WAS RECORDED YESTERDAY.
  NO SIGNIFICANT WEATHER WAS OBSERVED.


RELATIVE HUMIDITY (PERCENT)
 HIGHEST    88          1200 AM
 LOWEST     37           200 PM
 AVERAGE    63

..........................................................


THE CARIBOU ME CLIMATE NORMALS FOR TODAY
                         NORMAL    RECORD    YEAR
 MAXIMUM TEMPERATURE (F)   41        64      1996
 MINIMUM TEMPERATURE (F)   27        13      1976


SUNRISE AND SUNSET
NOVEMBER  9 2017......SUNRISE   627 AM EST   SUNSET   405 PM EST
NOVEMBER 10 2017......SUNRISE   628 AM EST   SUNSET   403 PM EST


-  INDICATES NEGATIVE NUMBERS.
R  INDICATES RECORD WAS SET OR TIED.
MM INDICATES DATA IS MISSING.
T  INDICATES TRACE AMOUNT.




$$
