284
CDUS41 KCAR 202030
CLICAR

CLIMATE REPORT
NATIONAL WEATHER SERVICE CARIBOU, ME
428 PM EDT WED JUL 20 2016


...................................

...THE CARIBOU ME CLIMATE SUMMARY FOR JULY 20 2016...
VALID TODAY AS OF 0400 PM LOCAL TIME.

CLIMATE NORMAL PERIOD 1981 TO 2010
CLIMATE RECORD PERIOD 1939 TO 2016


WEATHER ITEM   OBSERVED TIME   RECORD YEAR NORMAL DEPARTURE LAST
                VALUE   (LST)  VALUE       VALUE  FROM      YEAR
                                                  NORMAL
..................................................................
TEMPERATURE (F)
 TODAY
  MAXIMUM         76    259 PM  95    1991  76      0       68
  MINIMUM         52    222 AM  40    1943  56     -4       59
  AVERAGE         64                        66     -2       64

PRECIPITATION (IN)
  TODAY            0.00          1.31 1980   0.13  -0.13     0.70
  MONTH TO DATE    4.24                      2.70   1.54     2.49
  SINCE JUN 1      7.89                      6.18   1.71     6.74
  SINCE JAN 1     23.82                     19.60   4.22    17.59

SNOWFALL (IN)
  TODAY            0.0           0.0  2002   0.0    0.0      0.0
                                      2001
  MONTH TO DATE    0.0                       0.0    0.0      0.0
  SINCE JUN 1      0.0                       0.0    0.0      0.0
  SINCE JUL 1      0.0                       0.0    0.0      0.0
  SNOW DEPTH       0

DEGREE DAYS
 HEATING
  TODAY            1                         2     -1        1
  MONTH TO DATE   48                        42      6       42
  SINCE JUN 1    192                       207    -15      254
  SINCE JUL 1     48                        42      6       42

 COOLING
  TODAY            0                         3     -3        0
  MONTH TO DATE   50                        46      4       31
  SINCE JUN 1     95                        80     15       37
  SINCE JAN 1    103                        85     18       58
..................................................................


WIND (MPH)
  HIGHEST WIND SPEED    20   HIGHEST WIND DIRECTION    NW (310)
  HIGHEST GUST SPEED    28   HIGHEST GUST DIRECTION    NW (320)
  AVERAGE WIND SPEED    10.5


SKY COVER
  POSSIBLE SUNSHINE  MM
  AVERAGE SKY COVER 0.0


WEATHER CONDITIONS
 THE FOLLOWING WEATHER WAS RECORDED TODAY.
  NO SIGNIFICANT WEATHER WAS OBSERVED.


RELATIVE HUMIDITY (PERCENT)
 HIGHEST    89           200 AM
 LOWEST     35           100 PM
 AVERAGE    62

..........................................................


THE CARIBOU ME CLIMATE NORMALS FOR TOMORROW
                         NORMAL    RECORD    YEAR
 MAXIMUM TEMPERATURE (F)   76        90      1994
 MINIMUM TEMPERATURE (F)   56        44      1992
                                             1989


SUNRISE AND SUNSET
JULY 20 2016..........SUNRISE   458 AM EDT   SUNSET   818 PM EDT
JULY 21 2016..........SUNRISE   500 AM EDT   SUNSET   817 PM EDT


-  INDICATES NEGATIVE NUMBERS.
R  INDICATES RECORD WAS SET OR TIED.
MM INDICATES DATA IS MISSING.
T  INDICATES TRACE AMOUNT.

---------------------------------------------------------------------
THE CARIBOU ME 4-INCH UNDER SOD SOIL TEMP FOR JULY 20 2016:

MAXIMUM SOIL TEMPERATURE: 72 F
MINIMUM SOIL TEMPERATURE: 67 F



$$
