000
CDUS41 KCAR 132129
CLICAR


CLIMATE REPORT
NATIONAL WEATHER SERVICE CARIBOU, ME
428 PM EST MON NOV 13 2017


...................................

...THE CARIBOU ME CLIMATE SUMMARY FOR NOVEMBER 13 2017...
VALID TODAY AS OF 0400 PM LOCAL TIME.

CLIMATE NORMAL PERIOD 1981 TO 2010
CLIMATE RECORD PERIOD 1939 TO 2017


WEATHER ITEM   OBSERVED TIME   RECORD YEAR NORMAL DEPARTURE LAST
                VALUE   (LST)  VALUE       VALUE  FROM      YEAR
                                                  NORMAL
..................................................................
TEMPERATURE (F)
 TODAY
  MAXIMUM         37   1219 PM  61    2012  39     -2       53
  MINIMUM         13    539 AM   6    1949  26    -13       34
  AVERAGE         25                        33     -8       44

PRECIPITATION (IN)
  TODAY            0.00          1.67 1982   0.11  -0.11     0.00
  MONTH TO DATE    1.63                      1.57   0.06     0.49
  SINCE SEP 1     10.99                      8.42   2.57     5.51
  SINCE JAN 1     36.85                     33.16   3.69    36.62

SNOWFALL (IN)
  TODAY            0.0           9.2  1963   0.3   -0.3      0.0
  MONTH TO DATE    T                         3.0   -3.0       T
  SINCE SEP 1      T                         4.7   -4.7       T
  SINCE JUL 1      T                         4.7   -4.7       T
  SNOW DEPTH       0

DEGREE DAYS
 HEATING
  TODAY           40                        32      8       21
  MONTH TO DATE  390                       389      1      353
  SINCE SEP 1    950                      1375   -425     1124
  SINCE JUL 1   1074                      1529   -455     1204

 COOLING
  TODAY            0                         0      0        0
  MONTH TO DATE    0                         0      0        0
  SINCE SEP 1     35                        11     24       22
  SINCE JAN 1    222                       180     42      275
..................................................................


WIND (MPH)
  HIGHEST WIND SPEED     8   HIGHEST WIND DIRECTION    SW (210)
  HIGHEST GUST SPEED    10   HIGHEST GUST DIRECTION    SW (210)
  AVERAGE WIND SPEED     0.9


SKY COVER
  POSSIBLE SUNSHINE  MM
  AVERAGE SKY COVER 0.2


WEATHER CONDITIONS
 THE FOLLOWING WEATHER WAS RECORDED TODAY.
  FOG


RELATIVE HUMIDITY (PERCENT)
 HIGHEST    88           300 AM
 LOWEST     38           200 PM
 AVERAGE    63

..........................................................


THE CARIBOU ME CLIMATE NORMALS FOR TOMORROW
                         NORMAL    RECORD    YEAR
 MAXIMUM TEMPERATURE (F)   39        60      1951
 MINIMUM TEMPERATURE (F)   26         4      1986


SUNRISE AND SUNSET
NOVEMBER 13 2017......SUNRISE   632 AM EST   SUNSET   400 PM EST
NOVEMBER 14 2017......SUNRISE   634 AM EST   SUNSET   359 PM EST


-  INDICATES NEGATIVE NUMBERS.
R  INDICATES RECORD WAS SET OR TIED.
MM INDICATES DATA IS MISSING.
T  INDICATES TRACE AMOUNT.




$$
