000
CDUS41 KCAR 090542
CLICAR


CLIMATE REPORT
NATIONAL WEATHER SERVICE CARIBOU, ME
141 AM EDT WED APR 9 2014


...................................

...THE CARIBOU ME CLIMATE SUMMARY FOR APRIL 8 2014...

CLIMATE NORMAL PERIOD 1981 TO 2010
CLIMATE RECORD PERIOD 1939 TO 2014


WEATHER ITEM   OBSERVED TIME   RECORD YEAR NORMAL DEPARTURE LAST
                VALUE   (LST)  VALUE       VALUE  FROM      YEAR
                                                  NORMAL
..................................................................
TEMPERATURE (F)
 YESTERDAY
  MAXIMUM         42    532 PM  61    1945  44     -2       42
  MINIMUM         35    946 AM   2    1943  26      9       28
  AVERAGE         39                        35      4       35

PRECIPITATION (IN)
  YESTERDAY        0.51          0.56 2012   0.09   0.42     0.00
  MONTH TO DATE    1.07                      0.68   0.39     0.30
  SINCE MAR 1      4.51                      3.19   1.32     2.04
  SINCE JAN 1     10.73                      8.11   2.62     7.41

SNOWFALL (IN)
  YESTERDAY        T             6.2  2012   0.4   -0.4      0.0
  MONTH TO DATE    3.4                       3.0    0.4       T
  SINCE MAR 1     45.5                      21.3   24.2     15.2
  SINCE JUL 1    144.9                     103.8   41.1    102.6
  SNOW DEPTH      26

DEGREE DAYS
 HEATING
  YESTERDAY       26                        30     -4       30
  MONTH TO DATE  246                       256    -10      284
  SINCE MAR 1   1786                      1510    276     1369
  SINCE JUL 1   8440                      8231    209     7517

 COOLING
  YESTERDAY        0                         0      0        0
  MONTH TO DATE    0                         0      0        0
  SINCE MAR 1      0                         0      0        0
  SINCE JAN 1      0                         0      0        0
..................................................................


WIND (MPH)
  HIGHEST WIND SPEED    22   HIGHEST WIND DIRECTION    SE (140)
  HIGHEST GUST SPEED    30   HIGHEST GUST DIRECTION    SE (140)
  AVERAGE WIND SPEED     9.0


SKY COVER
  POSSIBLE SUNSHINE  MM
  AVERAGE SKY COVER 0.9


WEATHER CONDITIONS
 THE FOLLOWING WEATHER WAS RECORDED YESTERDAY.
  HEAVY RAIN
  RAIN
  LIGHT RAIN
  FOG
  FOG W/VISIBILITY <= 1/4 MILE


RELATIVE HUMIDITY (PERCENT)
 HIGHEST   100           800 PM
 LOWEST     51           100 AM
 AVERAGE    76

..........................................................


THE CARIBOU ME CLIMATE NORMALS FOR TODAY
                         NORMAL    RECORD    YEAR
 MAXIMUM TEMPERATURE (F)   44        71      1981
 MINIMUM TEMPERATURE (F)   27        11      1974
                                             1943


SUNRISE AND SUNSET
APRIL  9 2014.........SUNRISE   556 AM EDT   SUNSET   712 PM EDT
APRIL 10 2014.........SUNRISE   554 AM EDT   SUNSET   714 PM EDT


-  INDICATES NEGATIVE NUMBERS.
R  INDICATES RECORD WAS SET OR TIED.
MM INDICATES DATA IS MISSING.
T  INDICATES TRACE AMOUNT.




$$
