726
CDUS41 KCAR 112134
CLICAR


CLIMATE REPORT
NATIONAL WEATHER SERVICE CARIBOU, ME
434 PM EST THU JAN 11 2018


...................................

...THE CARIBOU ME CLIMATE SUMMARY FOR JANUARY 11 2018...
VALID TODAY AS OF 0400 PM LOCAL TIME.

CLIMATE NORMAL PERIOD 1981 TO 2010
CLIMATE RECORD PERIOD 1939 TO 2018


WEATHER ITEM   OBSERVED TIME   RECORD YEAR NORMAL DEPARTURE LAST
                VALUE   (LST)  VALUE       VALUE  FROM      YEAR
                                                  NORMAL
..................................................................
TEMPERATURE (F)
 TODAY
  MAXIMUM         35    359 PM  51    1983  19     16       45
  MINIMUM         23   1208 AM -33    1995   1     22       30
  AVERAGE         29                        10     19       38

PRECIPITATION (IN)
  TODAY            0.01          1.13 2014   0.09  -0.08     0.36
  MONTH TO DATE    1.77                      0.98   0.79     1.27
  SINCE DEC 1      5.89                      4.25   1.64     5.47
  SINCE JAN 1      1.77                      0.98   0.79     1.27

SNOWFALL (IN)
  TODAY            0.1          10.0  1974   0.8   -0.7      1.7
  MONTH TO DATE   23.5                       9.0   14.5     10.0
  SINCE DEC 1     57.7                      31.9   25.8     51.2
  SINCE JUL 1     61.6                      44.1   17.5     71.4
  SNOW DEPTH      29

DEGREE DAYS
 HEATING
  TODAY           36                        55    -19       27
  MONTH TO DATE  625                       594     31      563
  SINCE DEC 1   2219                      2043    176     2056
  SINCE JUL 1   3923                      4188   -265     3743

 COOLING
  TODAY            0                         0      0        0
  MONTH TO DATE    0                         0      0        0
  SINCE DEC 1      0                         0      0        0
  SINCE JAN 1      0                         0      0        0
..................................................................


WIND (MPH)
  HIGHEST WIND SPEED    13   HIGHEST WIND DIRECTION     S (190)
  HIGHEST GUST SPEED    17   HIGHEST GUST DIRECTION     S (180)
  AVERAGE WIND SPEED     8.1


SKY COVER
  POSSIBLE SUNSHINE  MM
  AVERAGE SKY COVER 1.0


WEATHER CONDITIONS
 THE FOLLOWING WEATHER WAS RECORDED TODAY.
  LIGHT SNOW


RELATIVE HUMIDITY (PERCENT)
 HIGHEST    82          1200 PM
 LOWEST     72           500 AM
 AVERAGE    77

..........................................................


THE CARIBOU ME CLIMATE NORMALS FOR TOMORROW
                         NORMAL    RECORD    YEAR
 MAXIMUM TEMPERATURE (F)   19        47      1980
 MINIMUM TEMPERATURE (F)    1       -28      1976


SUNRISE AND SUNSET
JANUARY 11 2018.......SUNRISE   715 AM EST   SUNSET   405 PM EST
JANUARY 12 2018.......SUNRISE   715 AM EST   SUNSET   407 PM EST


-  INDICATES NEGATIVE NUMBERS.
R  INDICATES RECORD WAS SET OR TIED.
MM INDICATES DATA IS MISSING.
T  INDICATES TRACE AMOUNT.




$$
