000
CDUS41 KCAR 162130
CLICAR


CLIMATE REPORT
NATIONAL WEATHER SERVICE CARIBOU, ME
429 PM EST THU FEB 16 2017


...................................

...THE CARIBOU ME CLIMATE SUMMARY FOR FEBRUARY 16 2017...
VALID TODAY AS OF 0400 PM LOCAL TIME.

CLIMATE NORMAL PERIOD 1981 TO 2010
CLIMATE RECORD PERIOD 1939 TO 2017


WEATHER ITEM   OBSERVED TIME   RECORD YEAR NORMAL DEPARTURE LAST
                VALUE   (LST)  VALUE       VALUE  FROM      YEAR
                                                  NORMAL
..................................................................
TEMPERATURE (F)
 TODAY
  MAXIMUM         24   1248 PM  50    1981  24      0       49
  MINIMUM         19    421 AM -32    1943   4     15       15
  AVERAGE         22                        14      8       32

PRECIPITATION (IN)
  TODAY            T             0.89 2016   0.08  -0.08     0.89
  MONTH TO DATE    1.46                      1.25   0.21     1.76
  SINCE DEC 1      9.11                      7.23   1.88     8.06
  SINCE JAN 1      4.91                      3.96   0.95     3.18

SNOWFALL (IN)
  TODAY            0.3           8.4  1992   0.8   -0.5      2.0
  MONTH TO DATE   15.5                      12.9    2.6     10.3
  SINCE DEC 1     76.1                      61.0   15.1     49.3
  SINCE JUL 1     96.3                      73.2   23.1     53.4
  SNOW DEPTH      31

DEGREE DAYS
 HEATING
  TODAY           43                        51     -8       33
  MONTH TO DATE  918                       844     74      804
  SINCE DEC 1   3859                      3993   -134     3383
  SINCE JUL 1   5546                      6138   -592     5201

 COOLING
  TODAY            0                         0      0        0
  MONTH TO DATE    0                         0      0        0
  SINCE DEC 1      0                         0      0        0
  SINCE JAN 1      0                         0      0        0
..................................................................


WIND (MPH)
  HIGHEST WIND SPEED    29   HIGHEST WIND DIRECTION    NW (330)
  HIGHEST GUST SPEED    37   HIGHEST GUST DIRECTION    NW (330)
  AVERAGE WIND SPEED    15.0


SKY COVER
  POSSIBLE SUNSHINE  MM
  AVERAGE SKY COVER 0.9


WEATHER CONDITIONS
 THE FOLLOWING WEATHER WAS RECORDED TODAY.
  SNOW
  LIGHT SNOW
  HAZE


RELATIVE HUMIDITY (PERCENT)
 HIGHEST    84           100 AM
 LOWEST     68           800 AM
 AVERAGE    76

..........................................................


THE CARIBOU ME CLIMATE NORMALS FOR TOMORROW
                         NORMAL    RECORD    YEAR
 MAXIMUM TEMPERATURE (F)   25        48      2016
 MINIMUM TEMPERATURE (F)    5       -23      2004


SUNRISE AND SUNSET
FEBRUARY 16 2017......SUNRISE   634 AM EST   SUNSET   459 PM EST
FEBRUARY 17 2017......SUNRISE   633 AM EST   SUNSET   500 PM EST


-  INDICATES NEGATIVE NUMBERS.
R  INDICATES RECORD WAS SET OR TIED.
MM INDICATES DATA IS MISSING.
T  INDICATES TRACE AMOUNT.




$$
