000
CDUS41 KCAR 150539
CLICAR


CLIMATE REPORT
NATIONAL WEATHER SERVICE CARIBOU, ME
136 AM EDT SAT APR 15 2017


...................................

...THE CARIBOU ME CLIMATE SUMMARY FOR APRIL 14 2017...

CLIMATE NORMAL PERIOD 1981 TO 2010
CLIMATE RECORD PERIOD 1939 TO 2017


WEATHER ITEM   OBSERVED TIME   RECORD YEAR NORMAL DEPARTURE LAST
                VALUE   (LST)  VALUE       VALUE  FROM      YEAR
                                                  NORMAL
..................................................................
TEMPERATURE (F)
 YESTERDAY
  MAXIMUM         53    457 PM  67    1968  47      6       46
  MINIMUM         31    433 AM   8    1985  29      2       25
  AVERAGE         42                        38      4       36

PRECIPITATION (IN)
  YESTERDAY        0.00          0.65 1952   0.09  -0.09     0.00
  MONTH TO DATE    1.60                      1.23   0.37     2.80
  SINCE MAR 1      4.32                      3.74   0.58     7.50
  SINCE JAN 1      9.94                      8.66   1.28    12.97

SNOWFALL (IN)
  YESTERDAY        0.0           2.9  1961   0.3   -0.3      0.0
  MONTH TO DATE    1.4                       4.8   -3.4      2.8
  SINCE MAR 1     25.0                      23.1    1.9     30.0
  SINCE JUL 1    121.6                     105.6   16.0     90.0
  SNOW DEPTH       4

DEGREE DAYS
 HEATING
  YESTERDAY       23                        27     -4       29
  MONTH TO DATE  357                       427    -70      473
  SINCE MAR 1   1740                      1681     59     1730
  SINCE JUL 1   7721                      8402   -681     7472

 COOLING
  YESTERDAY        0                         0      0        0
  MONTH TO DATE    0                         0      0        0
  SINCE MAR 1      0                         0      0        0
  SINCE JAN 1      0                         0      0        0
..................................................................


WIND (MPH)
  HIGHEST WIND SPEED    17   HIGHEST WIND DIRECTION    NW (330)
  HIGHEST GUST SPEED    22   HIGHEST GUST DIRECTION    NW (330)
  AVERAGE WIND SPEED     7.1


SKY COVER
  POSSIBLE SUNSHINE  MM
  AVERAGE SKY COVER 0.2


WEATHER CONDITIONS
 THE FOLLOWING WEATHER WAS RECORDED YESTERDAY.
  NO SIGNIFICANT WEATHER WAS OBSERVED.


RELATIVE HUMIDITY (PERCENT)
 HIGHEST    70          1200 AM
 LOWEST     28           400 PM
 AVERAGE    49

..........................................................


THE CARIBOU ME CLIMATE NORMALS FOR TODAY
                         NORMAL    RECORD    YEAR
 MAXIMUM TEMPERATURE (F)   47        65      2012
                                             1994
                                             1987
 MINIMUM TEMPERATURE (F)   30        13      1981


SUNRISE AND SUNSET
APRIL 15 2017.........SUNRISE   544 AM EDT   SUNSET   721 PM EDT
APRIL 16 2017.........SUNRISE   542 AM EDT   SUNSET   722 PM EDT


-  INDICATES NEGATIVE NUMBERS.
R  INDICATES RECORD WAS SET OR TIED.
MM INDICATES DATA IS MISSING.
T  INDICATES TRACE AMOUNT.




$$
