000
CDUS41 KCAR 200525
CLICAR


CLIMATE REPORT
NATIONAL WEATHER SERVICE CARIBOU, ME
1225 AM EST SUN NOV 20 2016


...................................

...THE CARIBOU ME CLIMATE SUMMARY FOR NOVEMBER 19 2016...

CLIMATE NORMAL PERIOD 1981 TO 2010
CLIMATE RECORD PERIOD 1939 TO 2016


WEATHER ITEM   OBSERVED TIME   RECORD YEAR NORMAL DEPARTURE LAST
                VALUE   (LST)  VALUE       VALUE  FROM      YEAR
                                                  NORMAL
..................................................................
TEMPERATURE (F)
 YESTERDAY
  MAXIMUM         50    225 PM  59    1953  37     13       42
  MINIMUM         31    750 AM   1    1992  24      7       31
  AVERAGE         41                        30     11       37

PRECIPITATION (IN)
  YESTERDAY        0.06          0.67 1968   0.12  -0.06     0.01
  MONTH TO DATE    1.26                      2.30  -1.04     0.97
  SINCE SEP 1      6.28                      9.15  -2.87     7.63
  SINCE JAN 1     37.39                     33.89   3.50    30.10

SNOWFALL (IN)
  YESTERDAY        0.0           2.4  1967   0.4   -0.4      0.0
  MONTH TO DATE    T                         5.1   -5.1       T
  SINCE SEP 1      T                         6.8   -6.8      0.3
  SINCE JUL 1      T                         6.8   -6.8      0.3
  SNOW DEPTH       0

DEGREE DAYS
 HEATING
  YESTERDAY       24                        35    -11       28
  MONTH TO DATE  485                       592   -107      487
  SINCE SEP 1   1256                      1578   -322     1347
  SINCE JUL 1   1336                      1732   -396     1424

 COOLING
  YESTERDAY        0                         0      0        0
  MONTH TO DATE    0                         0      0        0
  SINCE SEP 1     22                        11     11       50
  SINCE JAN 1    275                       180     95      253
..................................................................


WIND (MPH)
  HIGHEST WIND SPEED    12   HIGHEST WIND DIRECTION     N (10)
  HIGHEST GUST SPEED    14   HIGHEST GUST DIRECTION     N (10)
  AVERAGE WIND SPEED     4.5


SKY COVER
  POSSIBLE SUNSHINE  MM
  AVERAGE SKY COVER 0.8


WEATHER CONDITIONS
 THE FOLLOWING WEATHER WAS RECORDED YESTERDAY.
  LIGHT RAIN
  FOG
  FOG W/VISIBILITY <= 1/4 MILE


RELATIVE HUMIDITY (PERCENT)
 HIGHEST   100          1200 AM
 LOWEST     71           200 PM
 AVERAGE    86

..........................................................


THE CARIBOU ME CLIMATE NORMALS FOR TODAY
                         NORMAL    RECORD    YEAR
 MAXIMUM TEMPERATURE (F)   36        67      1953
 MINIMUM TEMPERATURE (F)   23         2      1992
                                             1986


SUNRISE AND SUNSET
NOVEMBER 20 2016......SUNRISE   643 AM EST   SUNSET   352 PM EST
NOVEMBER 21 2016......SUNRISE   644 AM EST   SUNSET   352 PM EST


-  INDICATES NEGATIVE NUMBERS.
R  INDICATES RECORD WAS SET OR TIED.
MM INDICATES DATA IS MISSING.
T  INDICATES TRACE AMOUNT.




$$
