000
CDUS41 KCAR 120535
CLICAR


CLIMATE REPORT
NATIONAL WEATHER SERVICE CARIBOU, ME
1235 AM EST SUN MAR 12 2017


...................................

...THE CARIBOU ME CLIMATE SUMMARY FOR MARCH 11 2017...

CLIMATE NORMAL PERIOD 1981 TO 2010
CLIMATE RECORD PERIOD 1939 TO 2017


WEATHER ITEM   OBSERVED TIME   RECORD YEAR NORMAL DEPARTURE LAST
                VALUE   (LST)  VALUE       VALUE  FROM      YEAR
                                                  NORMAL
..................................................................
TEMPERATURE (F)
 YESTERDAY
  MAXIMUM         -1   1246 AM  53    1977  32    -33       38
  MINIMUM        -11    710 AM -14    1972  13    -24       25
  AVERAGE         -6                        22    -28       32

PRECIPITATION (IN)
  YESTERDAY        T             0.70 1980   0.08  -0.08      T
  MONTH TO DATE    1.26                      0.90   0.36     1.37
  SINCE MAR 1      1.26                      0.90   0.36     1.37
  SINCE JAN 1      6.88                      5.82   1.06     6.84

SNOWFALL (IN)
  YESTERDAY        T            10.5  1980   0.7   -0.7       T
  MONTH TO DATE    1.7                       7.9   -6.2     10.9
  SINCE MAR 1      1.7                       7.9   -6.2     10.9
  SINCE JUL 1     98.3                      90.4    7.9     70.9
  SNOW DEPTH      22

DEGREE DAYS
 HEATING
  YESTERDAY       71                        43     28       33
  MONTH TO DATE  533                       489     44      502
  SINCE MAR 1    533                       489     44      502
  SINCE JUL 1   6514                      7210   -696     6244

 COOLING
  YESTERDAY        0                         0      0        0
  MONTH TO DATE    0                         0      0        0
  SINCE MAR 1      0                         0      0        0
  SINCE JAN 1      0                         0      0        0
..................................................................


WIND (MPH)
  HIGHEST WIND SPEED    25   HIGHEST WIND DIRECTION    NW (310)
  HIGHEST GUST SPEED    34   HIGHEST GUST DIRECTION    NW (310)
  AVERAGE WIND SPEED    13.4


SKY COVER
  POSSIBLE SUNSHINE  MM
  AVERAGE SKY COVER 0.5


WEATHER CONDITIONS
 THE FOLLOWING WEATHER WAS RECORDED YESTERDAY.
  HAZE


RELATIVE HUMIDITY (PERCENT)
 HIGHEST    64           800 PM
 LOWEST     42          1200 PM
 AVERAGE    53

..........................................................


THE CARIBOU ME CLIMATE NORMALS FOR TODAY
                         NORMAL    RECORD    YEAR
 MAXIMUM TEMPERATURE (F)   32        58      1977
 MINIMUM TEMPERATURE (F)   13       -10      1995


SUNRISE AND SUNSET
MARCH 12 2017.........SUNRISE   650 AM EDT   SUNSET   634 PM EDT
MARCH 13 2017.........SUNRISE   648 AM EDT   SUNSET   635 PM EDT


-  INDICATES NEGATIVE NUMBERS.
R  INDICATES RECORD WAS SET OR TIED.
MM INDICATES DATA IS MISSING.
T  INDICATES TRACE AMOUNT.




$$
