000
CDUS41 KCAR 162127
CLICAR


CLIMATE REPORT
NATIONAL WEATHER SERVICE CARIBOU, ME
427 PM EST FRI JAN 16 2015


...................................

...THE CARIBOU ME CLIMATE SUMMARY FOR JANUARY 16 2015...
VALID TODAY AS OF 0400 PM LOCAL TIME.

CLIMATE NORMAL PERIOD 1981 TO 2010
CLIMATE RECORD PERIOD 1939 TO 2015


WEATHER ITEM   OBSERVED TIME   RECORD YEAR NORMAL DEPARTURE LAST
                VALUE   (LST)  VALUE       VALUE  FROM      YEAR
                                                  NORMAL
..................................................................
TEMPERATURE (F)
 TODAY
  MAXIMUM         26   1227 PM  48    1995  19      7       35
  MINIMUM         11    359 PM -37    2009   0     11       30
  AVERAGE         19                        10      9       33

PRECIPITATION (IN)
  TODAY            0.07          1.58 1995   0.09  -0.02     0.03
  MONTH TO DATE    1.27                      1.42  -0.15     2.86
  SINCE DEC 1      7.15                      4.69   2.46     6.44
  SINCE JAN 1      1.27                      1.42  -0.15     2.86

SNOWFALL (IN)
  TODAY            1.4          13.7  1983   0.8    0.6      0.5
  MONTH TO DATE   13.0                      13.0    0.0      2.1
  SINCE DEC 1     40.1                      35.9    4.2     46.9
  SINCE JUL 1     68.9                      48.1   20.8     57.0
  SNOW DEPTH      17

DEGREE DAYS
 HEATING
  TODAY           46                        55     -9       32
  MONTH TO DATE  955                       869     86      804
  SINCE DEC 1   2270                      2318    -48     2413
  SINCE JUL 1   4222                      4463   -241     4369

 COOLING
  TODAY            0                         0      0        0
  MONTH TO DATE    0                         0      0        0
  SINCE DEC 1      0                         0      0        0
  SINCE JAN 1      0                         0      0        0
..................................................................


WIND (MPH)
  HIGHEST WIND SPEED    30   HIGHEST WIND DIRECTION    NW (330)
  HIGHEST GUST SPEED    39   HIGHEST GUST DIRECTION    NW (330)
  AVERAGE WIND SPEED     6.8


SKY COVER
  POSSIBLE SUNSHINE  MM
  AVERAGE SKY COVER 0.9


WEATHER CONDITIONS
 THE FOLLOWING WEATHER WAS RECORDED TODAY.
  LT FREEZING RAIN
  SNOW
  LIGHT SNOW
  FOG
  HAZE


RELATIVE HUMIDITY (PERCENT)
 HIGHEST    92           600 AM
 LOWEST     73          1200 AM
 AVERAGE    83

..........................................................


THE CARIBOU ME CLIMATE NORMALS FOR TOMORROW
                         NORMAL    RECORD    YEAR
 MAXIMUM TEMPERATURE (F)   19        47      1959
 MINIMUM TEMPERATURE (F)    0       -33      2009


SUNRISE AND SUNSET
JANUARY 16 2015.......SUNRISE   712 AM EST   SUNSET   411 PM EST
JANUARY 17 2015.......SUNRISE   712 AM EST   SUNSET   413 PM EST


-  INDICATES NEGATIVE NUMBERS.
R  INDICATES RECORD WAS SET OR TIED.
MM INDICATES DATA IS MISSING.
T  INDICATES TRACE AMOUNT.




$$
