000
CDUS41 KCAR 030527
CLICAR


CLIMATE REPORT
NATIONAL WEATHER SERVICE CARIBOU, ME
127 AM EDT THU APR 3 2014


...................................

...THE CARIBOU ME CLIMATE SUMMARY FOR APRIL 2 2014...

CLIMATE NORMAL PERIOD 1981 TO 2010
CLIMATE RECORD PERIOD 1939 TO 2014


WEATHER ITEM   OBSERVED TIME   RECORD YEAR NORMAL DEPARTURE LAST
                VALUE   (LST)  VALUE       VALUE  FROM      YEAR
                                                  NORMAL
..................................................................
TEMPERATURE (F)
 YESTERDAY
  MAXIMUM         38    453 PM  68    2010  41     -3       30
  MINIMUM         14    607 AM  -2    1964  23     -9       15
  AVERAGE         26                        32     -6       23

PRECIPITATION (IN)
  YESTERDAY        0.00          1.52 1976   0.09  -0.09     0.01
  MONTH TO DATE    0.00                      0.17  -0.17     0.25
  SINCE MAR 1      3.44                      2.68   0.76     1.99
  SINCE JAN 1      9.66                      7.60   2.06     7.36

SNOWFALL (IN)
  YESTERDAY        0.0           8.2  1970   0.5   -0.5       T
  MONTH TO DATE    0.0                       0.9   -0.9       T
  SINCE MAR 1     42.1                      19.2   22.9     15.2
  SINCE JUL 1    141.5                     101.7   39.8    102.6
  SNOW DEPTH      31

DEGREE DAYS
 HEATING
  YESTERDAY       39                        33      6       42
  MONTH TO DATE   70                        67      3       73
  SINCE MAR 1   1610                      1321    289     1158
  SINCE JUL 1   8264                      8042    222     7306

 COOLING
  YESTERDAY        0                         0      0        0
  MONTH TO DATE    0                         0      0        0
  SINCE MAR 1      0                         0      0        0
  SINCE JAN 1      0                         0      0        0
..................................................................


WIND (MPH)
  HIGHEST WIND SPEED    15   HIGHEST WIND DIRECTION    SE (130)
  HIGHEST GUST SPEED    18   HIGHEST GUST DIRECTION    SE (140)
  AVERAGE WIND SPEED     6.4


SKY COVER
  POSSIBLE SUNSHINE  MM
  AVERAGE SKY COVER 0.0


WEATHER CONDITIONS
 THE FOLLOWING WEATHER WAS RECORDED YESTERDAY.
  NO SIGNIFICANT WEATHER WAS OBSERVED.


RELATIVE HUMIDITY (PERCENT)
 HIGHEST    78          1100 PM
 LOWEST     40          1200 AM
 AVERAGE    59

..........................................................


THE CARIBOU ME CLIMATE NORMALS FOR TODAY
                         NORMAL    RECORD    YEAR
 MAXIMUM TEMPERATURE (F)   41        82      2010
 MINIMUM TEMPERATURE (F)   24         5      1969


SUNRISE AND SUNSET
APRIL  3 2014.........SUNRISE   608 AM EDT   SUNSET   704 PM EDT
APRIL  4 2014.........SUNRISE   606 AM EDT   SUNSET   705 PM EDT


-  INDICATES NEGATIVE NUMBERS.
R  INDICATES RECORD WAS SET OR TIED.
MM INDICATES DATA IS MISSING.
T  INDICATES TRACE AMOUNT.




$$
