000
CDUS41 KCAR 170546
CLICAR

CLIMATE REPORT
NATIONAL WEATHER SERVICE CARIBOU, ME
137 AM EDT SAT SEP 17 2016


...................................

...THE CARIBOU ME CLIMATE SUMMARY FOR SEPTEMBER 16 2016...

CLIMATE NORMAL PERIOD 1981 TO 2010
CLIMATE RECORD PERIOD 1939 TO 2016


WEATHER ITEM   OBSERVED TIME   RECORD YEAR NORMAL DEPARTURE LAST
                VALUE   (LST)  VALUE       VALUE  FROM      YEAR
                                                  NORMAL
..................................................................
TEMPERATURE (F)
 YESTERDAY
  MAXIMUM         67    323 PM  88    1939  65      2       79
  MINIMUM         38    519 AM  29    1959  44     -6       56
  AVERAGE         53                        55     -2       68

PRECIPITATION (IN)
  YESTERDAY        0.00          1.24 1941   0.11  -0.11     0.00
  MONTH TO DATE    1.17                      1.70  -0.53     1.99
  SINCE SEP 1      1.17                      1.70  -0.53     1.99
  SINCE JAN 1     32.28                     26.44   5.84    24.46

SNOWFALL (IN)
  YESTERDAY        0.0           0.0  2002   0.0    0.0      0.0
                                      2001
  MONTH TO DATE    0.0                       0.0    0.0      0.0
  SINCE SEP 1      0.0                       0.0    0.0      0.0
  SINCE JUL 1      0.0                       0.0    0.0      0.0
  SNOW DEPTH       0

DEGREE DAYS
 HEATING
  YESTERDAY       12                        10      2        0
  MONTH TO DATE   53                       127    -74       31
  SINCE SEP 1     53                       127    -74       31
  SINCE JUL 1    133                       281   -148      108

 COOLING
  YESTERDAY        0                         0      0        3
  MONTH TO DATE   19                        10      9       31
  SINCE SEP 1     19                        10      9       31
  SINCE JAN 1    272                       179     93      234
..................................................................


WIND (MPH)
  HIGHEST WIND SPEED    14   HIGHEST WIND DIRECTION     W (250)
  HIGHEST GUST SPEED    18   HIGHEST GUST DIRECTION    SW (240)
  AVERAGE WIND SPEED     4.9


SKY COVER
  POSSIBLE SUNSHINE  MM
  AVERAGE SKY COVER 0.2


WEATHER CONDITIONS
 THE FOLLOWING WEATHER WAS RECORDED YESTERDAY.
  FOG
  FOG W/VISIBILITY <= 1/4 MILE


RELATIVE HUMIDITY (PERCENT)
 HIGHEST   100           500 AM
 LOWEST     45           200 PM
 AVERAGE    73

..........................................................


THE CARIBOU ME CLIMATE NORMALS FOR TODAY
                         NORMAL    RECORD    YEAR
 MAXIMUM TEMPERATURE (F)   65        84      2015
 MINIMUM TEMPERATURE (F)   44        29      2009
                                             1960
                                             1959


SUNRISE AND SUNSET
SEPTEMBER 17 2016.....SUNRISE   613 AM EDT   SUNSET   639 PM EDT
SEPTEMBER 18 2016.....SUNRISE   614 AM EDT   SUNSET   637 PM EDT


-  INDICATES NEGATIVE NUMBERS.
R  INDICATES RECORD WAS SET OR TIED.
MM INDICATES DATA IS MISSING.
T  INDICATES TRACE AMOUNT.

....................................................................
THE CARIBOU ME 4-INCH UNDER SOD SOIL TEMPERATURE FOR SEP 16 2016:

MAXIMUM TEMPERATURE: 67 F
MINIMUM TEMPERATURE: 59 F

$$
