881
CDUS41 KCAR 140535
CLICAR


CLIMATE REPORT
NATIONAL WEATHER SERVICE CARIBOU, ME
130 AM EDT THU MAY 14 2015


...................................

...THE CARIBOU ME CLIMATE SUMMARY FOR MAY 13 2015...

CLIMATE NORMAL PERIOD 1981 TO 2010
CLIMATE RECORD PERIOD 1939 TO 2015


WEATHER ITEM   OBSERVED TIME   RECORD YEAR NORMAL DEPARTURE LAST
                VALUE   (LST)  VALUE       VALUE  FROM      YEAR
                                                  NORMAL
..................................................................
TEMPERATURE (F)
 YESTERDAY
  MAXIMUM         57    400 PM  78    1992  62     -5       63
  MINIMUM         38    608 AM  24    1939  40     -2       30
  AVERAGE         48                        51     -3       47

PRECIPITATION (IN)
  YESTERDAY        0.08          1.01 1981   0.10  -0.02     0.00
  MONTH TO DATE    0.85                      1.28  -0.43     0.97
  SINCE MAR 1      4.85                      6.45  -1.60     8.78
  SINCE JAN 1      8.95                     11.37  -2.42    15.00

SNOWFALL (IN)
  YESTERDAY        0.0           0.1  1996   0.0    0.0      0.0
  MONTH TO DATE    T                         0.4   -0.4      0.0
  SINCE MAR 1     33.5                      26.1    7.4     51.3
  SINCE JUL 1    141.8                     108.6   33.2    150.7
  SNOW DEPTH       0

DEGREE DAYS
 HEATING
  YESTERDAY       17                        14      3       18
  MONTH TO DATE  166                       216    -50      220
  SINCE MAR 1   2413                      2261    152     2588
  SINCE JUL 1   9154                      8982    172     9242

 COOLING
  YESTERDAY        0                         0      0        0
  MONTH TO DATE    0                         0      0        0
  SINCE MAR 1      0                         0      0        0
  SINCE JAN 1      0                         0      0        0
..................................................................


WIND (MPH)
  HIGHEST WIND SPEED    22   HIGHEST WIND DIRECTION    NW (330)
  HIGHEST GUST SPEED    35   HIGHEST GUST DIRECTION    NW (330)
  AVERAGE WIND SPEED    12.4


SKY COVER
  POSSIBLE SUNSHINE  MM
  AVERAGE SKY COVER 0.5


WEATHER CONDITIONS
 THE FOLLOWING WEATHER WAS RECORDED YESTERDAY.
  LIGHT RAIN
  FOG


RELATIVE HUMIDITY (PERCENT)
 HIGHEST    93           100 AM
 LOWEST     27           400 PM
 AVERAGE    60

..........................................................


THE CARIBOU ME CLIMATE NORMALS FOR TODAY
                         NORMAL    RECORD    YEAR
 MAXIMUM TEMPERATURE (F)   62        81      1961
 MINIMUM TEMPERATURE (F)   40        25      1947


SUNRISE AND SUNSET
MAY 14 2015...........SUNRISE   459 AM EDT   SUNSET   759 PM EDT
MAY 15 2015...........SUNRISE   458 AM EDT   SUNSET   800 PM EDT


-  INDICATES NEGATIVE NUMBERS.
R  INDICATES RECORD WAS SET OR TIED.
MM INDICATES DATA IS MISSING.
T  INDICATES TRACE AMOUNT.




$$
