000
CDUS41 KCAR 182035
CLICAR


CLIMATE REPORT
NATIONAL WEATHER SERVICE CARIBOU, ME
434 PM EDT MON APR 18 2016


...................................

...THE CARIBOU ME CLIMATE SUMMARY FOR APRIL 18 2016...
VALID TODAY AS OF 0400 PM LOCAL TIME.

CLIMATE NORMAL PERIOD 1981 TO 2010
CLIMATE RECORD PERIOD 1939 TO 2016


WEATHER ITEM   OBSERVED TIME   RECORD YEAR NORMAL DEPARTURE LAST
                VALUE   (LST)  VALUE       VALUE  FROM      YEAR
                                                  NORMAL
..................................................................
TEMPERATURE (F)
 TODAY
  MAXIMUM         52    236 PM  63    1987  49      3       50
                                      1958
                                      1945
  MINIMUM         40    606 AM   9    2003  31      9       31
  AVERAGE         46                        40      6       41

PRECIPITATION (IN)
  TODAY            0.00          0.81 1954   0.09  -0.09     0.00
  MONTH TO DATE    2.80                      1.60   1.20     1.24
  SINCE MAR 1      7.50                      4.11   3.39     2.89
  SINCE JAN 1     12.97                      9.03   3.94     6.99

SNOWFALL (IN)
  TODAY            0.0           6.4  1953   0.2   -0.2      0.0
  MONTH TO DATE    2.8                       5.8   -3.0      8.5
  SINCE MAR 1     30.0                      24.1    5.9     33.4
  SINCE JUL 1     90.0                     106.6  -16.6    141.7
  SNOW DEPTH       T

DEGREE DAYS
 HEATING
  TODAY           19                        25     -6       24
  MONTH TO DATE  557                       531     26      568
  SINCE MAR 1   1814                      1785     29     1970
  SINCE JUL 1   7556                      8506   -950     8711

 COOLING
  TODAY            0                         0      0        0
  MONTH TO DATE    0                         0      0        0
  SINCE MAR 1      0                         0      0        0
  SINCE JAN 1      0                         0      0        0
..................................................................


WIND (MPH)
  HIGHEST WIND SPEED    14   HIGHEST WIND DIRECTION     N (360)
  HIGHEST GUST SPEED    18   HIGHEST GUST DIRECTION     N (360)
  AVERAGE WIND SPEED     9.4


SKY COVER
  POSSIBLE SUNSHINE  MM
  AVERAGE SKY COVER 0.3


WEATHER CONDITIONS
 THE FOLLOWING WEATHER WAS RECORDED TODAY.
  NO SIGNIFICANT WEATHER WAS OBSERVED.


RELATIVE HUMIDITY (PERCENT)
 HIGHEST    53          1200 AM
 LOWEST     30           200 PM
 AVERAGE    42

..........................................................


THE CARIBOU ME CLIMATE NORMALS FOR TOMORROW
                         NORMAL    RECORD    YEAR
 MAXIMUM TEMPERATURE (F)   50        72      1987
 MINIMUM TEMPERATURE (F)   31        17      1961


SUNRISE AND SUNSET
APRIL 18 2016.........SUNRISE   538 AM EDT   SUNSET   725 PM EDT
APRIL 19 2016.........SUNRISE   536 AM EDT   SUNSET   727 PM EDT


-  INDICATES NEGATIVE NUMBERS.
R  INDICATES RECORD WAS SET OR TIED.
MM INDICATES DATA IS MISSING.
T  INDICATES TRACE AMOUNT.




$$
