000
CDUS41 KCAR 050544
CLICAR


CLIMATE REPORT
NATIONAL WEATHER SERVICE CARIBOU, ME
1240 AM EST TUE DEC 5 2017


...................................

...THE CARIBOU ME CLIMATE SUMMARY FOR DECEMBER 4 2017...

CLIMATE NORMAL PERIOD 1981 TO 2010
CLIMATE RECORD PERIOD 1939 TO 2017


WEATHER ITEM   OBSERVED TIME   RECORD YEAR NORMAL DEPARTURE LAST
                VALUE   (LST)  VALUE       VALUE  FROM      YEAR
                                                  NORMAL
..................................................................
TEMPERATURE (F)
 YESTERDAY
  MAXIMUM         35   1240 PM  57    1950  30      5       27
  MINIMUM         23   1159 PM -22    1972  16      7        6
                                      1940
  AVERAGE         29                        23      6       17

PRECIPITATION (IN)
  YESTERDAY        0.01          2.04 1990   0.12  -0.11      T
  MONTH TO DATE    0.04                      0.47  -0.43     1.26
  SINCE DEC 1      0.04                      0.47  -0.43     1.26
  SINCE JAN 1     38.93                     35.69   3.24    41.02

SNOWFALL (IN)
  YESTERDAY        0.3          10.3  1990   0.7   -0.4       T
  MONTH TO DATE    0.3                       2.6   -2.3     13.3
  SINCE DEC 1      0.3                       2.6   -2.3     13.3
  SINCE JUL 1      4.2                      14.8  -10.6     33.5
  SNOW DEPTH       T

DEGREE DAYS
 HEATING
  YESTERDAY       36                        42     -6       48
  MONTH TO DATE  138                       164    -26      151
  SINCE DEC 1    138                       164    -26      151
  SINCE JUL 1   1841                      2309   -468     1838

 COOLING
  YESTERDAY        0                         0      0        0
  MONTH TO DATE    0                         0      0        0
  SINCE DEC 1      0                         0      0        0
  SINCE JAN 1    222                       180     42      275
..................................................................


WIND (MPH)
  HIGHEST WIND SPEED    12   HIGHEST WIND DIRECTION     N (360)
  HIGHEST GUST SPEED    13   HIGHEST GUST DIRECTION     N (360)
  AVERAGE WIND SPEED     4.6


SKY COVER
  POSSIBLE SUNSHINE  MM
  AVERAGE SKY COVER 0.5


WEATHER CONDITIONS
 THE FOLLOWING WEATHER WAS RECORDED YESTERDAY.
  LIGHT SNOW
  FOG


RELATIVE HUMIDITY (PERCENT)
 HIGHEST    92           200 AM
 LOWEST     64          1100 AM
 AVERAGE    78

..........................................................


THE CARIBOU ME CLIMATE NORMALS FOR TODAY
                         NORMAL    RECORD    YEAR
 MAXIMUM TEMPERATURE (F)   30        58      1950
 MINIMUM TEMPERATURE (F)   16       -13      2014
                                             1972


SUNRISE AND SUNSET
DECEMBER  5 2017......SUNRISE   701 AM EST   SUNSET   344 PM EST
DECEMBER  6 2017......SUNRISE   702 AM EST   SUNSET   344 PM EST


-  INDICATES NEGATIVE NUMBERS.
R  INDICATES RECORD WAS SET OR TIED.
MM INDICATES DATA IS MISSING.
T  INDICATES TRACE AMOUNT.




$$
