000
CDUS41 KCAR 240531
CLICAR


CLIMATE REPORT
NATIONAL WEATHER SERVICE CARIBOU, ME
128 AM EDT WED SEP 24 2014


...................................

...THE CARIBOU ME CLIMATE SUMMARY FOR SEPTEMBER 23 2014...

CLIMATE NORMAL PERIOD 1981 TO 2010
CLIMATE RECORD PERIOD 1939 TO 2014


WEATHER ITEM   OBSERVED TIME   RECORD YEAR NORMAL DEPARTURE LAST
                VALUE   (LST)  VALUE       VALUE  FROM      YEAR
                                                  NORMAL
..................................................................
TEMPERATURE (F)
 YESTERDAY
  MAXIMUM         55    144 PM  86    1965  62     -7       49
  MINIMUM         38    527 AM  27    2008  42     -4       45
  AVERAGE         47                        52     -5       47

PRECIPITATION (IN)
  YESTERDAY        0.01          1.86 1990   0.12  -0.11     0.16
  MONTH TO DATE    2.58                      2.53   0.05     6.82
  SINCE SEP 1      2.58                      2.53   0.05     6.82
  SINCE JAN 1     31.24                     27.27   3.97    39.84

SNOWFALL (IN)
  YESTERDAY        0.0           0.0  2002   0.0    0.0      0.0
                                      2001
  MONTH TO DATE    0.0                       0.0    0.0      0.0
  SINCE SEP 1      0.0                       0.0    0.0      0.0
  SINCE JUL 1      0.0                       0.0    0.0      0.0
  SNOW DEPTH       0

DEGREE DAYS
 HEATING
  YESTERDAY       18                        13      5       18
  MONTH TO DATE  235                       210     25      188
  SINCE SEP 1    235                       210     25      188
  SINCE JUL 1    293                       364    -71      302

 COOLING
  YESTERDAY        0                         0      0        0
  MONTH TO DATE   21                        10     11       13
  SINCE SEP 1     21                        10     11       13
  SINCE JAN 1    262                       179     83      192
..................................................................


WIND (MPH)
  HIGHEST WIND SPEED    15   HIGHEST WIND DIRECTION    NW (300)
  HIGHEST GUST SPEED    22   HIGHEST GUST DIRECTION     W (290)
  AVERAGE WIND SPEED     7.7


SKY COVER
  POSSIBLE SUNSHINE  MM
  AVERAGE SKY COVER 0.5


WEATHER CONDITIONS
 THE FOLLOWING WEATHER WAS RECORDED YESTERDAY.
  LIGHT RAIN


RELATIVE HUMIDITY (PERCENT)
 HIGHEST    86           600 PM
 LOWEST     50          1100 AM
 AVERAGE    68

..........................................................


THE CARIBOU ME CLIMATE NORMALS FOR TODAY
                         NORMAL    RECORD    YEAR
 MAXIMUM TEMPERATURE (F)   62        80      1958
 MINIMUM TEMPERATURE (F)   42        27      1963
                                             1953
                                             1939


SUNRISE AND SUNSET
SEPTEMBER 24 2014.....SUNRISE   621 AM EDT   SUNSET   626 PM EDT
SEPTEMBER 25 2014.....SUNRISE   623 AM EDT   SUNSET   624 PM EDT


-  INDICATES NEGATIVE NUMBERS.
R  INDICATES RECORD WAS SET OR TIED.
MM INDICATES DATA IS MISSING.
T  INDICATES TRACE AMOUNT.




$$
