523
CDUS41 KCAR 140532
CLICAR


CLIMATE REPORT
NATIONAL WEATHER SERVICE CARIBOU, ME
131 AM EDT SAT OCT 14 2017


...................................

...THE CARIBOU ME CLIMATE SUMMARY FOR OCTOBER 13 2017...

CLIMATE NORMAL PERIOD 1981 TO 2010
CLIMATE RECORD PERIOD 1939 TO 2017


WEATHER ITEM   OBSERVED TIME   RECORD YEAR NORMAL DEPARTURE LAST
                VALUE   (LST)  VALUE       VALUE  FROM      YEAR
                                                  NORMAL
..................................................................
TEMPERATURE (F)
 YESTERDAY
  MAXIMUM         60    250 PM  73    1943  53      7       64
  MINIMUM         28    517 AM  24    1985  35     -7       44
  AVERAGE         44                        44      0       54

PRECIPITATION (IN)
  YESTERDAY        0.00          1.57 1948   0.12  -0.12     0.03
  MONTH TO DATE    1.29                      1.48  -0.19     0.14
  SINCE SEP 1      4.42                      4.80  -0.38     2.62
  SINCE JAN 1     30.28                     29.54   0.74    33.73

SNOWFALL (IN)
  YESTERDAY        0.0           0.6  1964   0.0    0.0      0.0
  MONTH TO DATE    0.0                       0.2   -0.2      0.0
  SINCE SEP 1      0.0                       0.3   -0.3      0.0
  SINCE JUL 1      0.0                       0.3   -0.3      0.0
  SNOW DEPTH       0

DEGREE DAYS
 HEATING
  YESTERDAY       21                        21      0       11
  MONTH TO DATE  170                       239    -69      172
  SINCE SEP 1    316                       552   -236      377
  SINCE JUL 1    440                       706   -266      457

 COOLING
  YESTERDAY        0                         0      0        0
  MONTH TO DATE    0                         0      0        0
  SINCE SEP 1     34                        11     23       22
  SINCE JAN 1    221                       180     41      275
..................................................................


WIND (MPH)
  HIGHEST WIND SPEED    16   HIGHEST WIND DIRECTION     S (180)
  HIGHEST GUST SPEED    24   HIGHEST GUST DIRECTION     S (180)
  AVERAGE WIND SPEED     6.4


SKY COVER
  POSSIBLE SUNSHINE  MM
  AVERAGE SKY COVER 0.2


WEATHER CONDITIONS
 THE FOLLOWING WEATHER WAS RECORDED YESTERDAY.
  NO SIGNIFICANT WEATHER WAS OBSERVED.


RELATIVE HUMIDITY (PERCENT)
 HIGHEST    92           600 AM
 LOWEST     31           300 PM
 AVERAGE    62

..........................................................


THE CARIBOU ME CLIMATE NORMALS FOR TODAY
                         NORMAL    RECORD    YEAR
 MAXIMUM TEMPERATURE (F)   53        75      1995
 MINIMUM TEMPERATURE (F)   35        18      1972


SUNRISE AND SUNSET
OCTOBER 14 2017.......SUNRISE   649 AM EDT   SUNSET   546 PM EDT
OCTOBER 15 2017.......SUNRISE   650 AM EDT   SUNSET   545 PM EDT


-  INDICATES NEGATIVE NUMBERS.
R  INDICATES RECORD WAS SET OR TIED.
MM INDICATES DATA IS MISSING.
T  INDICATES TRACE AMOUNT.




$$
