000
CDUS41 KCAR 200528
CLICAR


CLIMATE REPORT
NATIONAL WEATHER SERVICE CARIBOU, ME
128 AM EDT WED JUL 20 2016


...................................

...THE CARIBOU ME CLIMATE SUMMARY FOR JULY 19 2016...

CLIMATE NORMAL PERIOD 1981 TO 2010
CLIMATE RECORD PERIOD 1939 TO 2016


WEATHER ITEM   OBSERVED TIME   RECORD YEAR NORMAL DEPARTURE LAST
                VALUE   (LST)  VALUE       VALUE  FROM      YEAR
                                                  NORMAL
..................................................................
TEMPERATURE (F)
 YESTERDAY
  MAXIMUM         68    448 PM  95    1991  76     -8       64
  MINIMUM         52   1155 PM  42    1944  56     -4       56
                                      1943
  AVERAGE         60                        66     -6       60

PRECIPITATION (IN)
  YESTERDAY        T             1.20 2013   0.13  -0.13     0.10
  MONTH TO DATE    4.24                      2.57   1.67     1.79
  SINCE JUN 1      7.89                      6.05   1.84     6.04
  SINCE JAN 1     23.82                     19.47   4.35    16.89

SNOWFALL (IN)
  YESTERDAY        0.0           0.0  2002   0.0    0.0      0.0
                                      2001
  MONTH TO DATE    0.0                       0.0    0.0      0.0
  SINCE JUN 1      0.0                       0.0    0.0      0.0
  SINCE JUL 1      0.0                       0.0    0.0      0.0
  SNOW DEPTH       0

DEGREE DAYS
 HEATING
  YESTERDAY        5                         1      4        5
  MONTH TO DATE   47                        40      7       41
  SINCE JUN 1    191                       205    -14      253
  SINCE JUL 1     47                        40      7       41

 COOLING
  YESTERDAY        0                         2     -2        0
  MONTH TO DATE   50                        43      7       31
  SINCE JUN 1     95                        77     18       37
  SINCE JAN 1    103                        82     21       58
..................................................................


WIND (MPH)
  HIGHEST WIND SPEED    18   HIGHEST WIND DIRECTION    NW (300)
  HIGHEST GUST SPEED    28   HIGHEST GUST DIRECTION     W (250)
  AVERAGE WIND SPEED     7.7


SKY COVER
  POSSIBLE SUNSHINE  MM
  AVERAGE SKY COVER 0.4


WEATHER CONDITIONS
 THE FOLLOWING WEATHER WAS RECORDED YESTERDAY.
  LIGHT RAIN


RELATIVE HUMIDITY (PERCENT)
 HIGHEST    83           500 AM
 LOWEST     42           300 PM
 AVERAGE    63

..........................................................


THE CARIBOU ME CLIMATE NORMALS FOR TODAY
                         NORMAL    RECORD    YEAR
 MAXIMUM TEMPERATURE (F)   76        95      1991
 MINIMUM TEMPERATURE (F)   56        40      1943


SUNRISE AND SUNSET
JULY 20 2016..........SUNRISE   458 AM EDT   SUNSET   818 PM EDT
JULY 21 2016..........SUNRISE   500 AM EDT   SUNSET   817 PM EDT


-  INDICATES NEGATIVE NUMBERS.
R  INDICATES RECORD WAS SET OR TIED.
MM INDICATES DATA IS MISSING.
T  INDICATES TRACE AMOUNT.




$$
