000
CDUS41 KCAR 192030
CLICAR


CLIMATE REPORT
NATIONAL WEATHER SERVICE CARIBOU, ME
429 PM EDT MON SEP 19 2016


...................................

...THE CARIBOU ME CLIMATE SUMMARY FOR SEPTEMBER 19 2016...
VALID TODAY AS OF 0400 PM LOCAL TIME.

CLIMATE NORMAL PERIOD 1981 TO 2010
CLIMATE RECORD PERIOD 1939 TO 2016


WEATHER ITEM   OBSERVED TIME   RECORD YEAR NORMAL DEPARTURE LAST
                VALUE   (LST)  VALUE       VALUE  FROM      YEAR
                                                  NORMAL
..................................................................
TEMPERATURE (F)
 TODAY
  MAXIMUM         72    216 PM  84    1968  64      8       81
  MINIMUM         59    634 AM  27    2008  43     16       58
  AVERAGE         66                        54     12       70

PRECIPITATION (IN)
  TODAY            0.02          2.46 1945   0.11  -0.09     0.00
  MONTH TO DATE    1.31                      2.05  -0.74     1.99
  SINCE SEP 1      1.31                      2.05  -0.74     1.99
  SINCE JAN 1     32.42                     26.79   5.63    24.46

SNOWFALL (IN)
  TODAY            0.0           0.0  2002   0.0    0.0      0.0
                                      2001
  MONTH TO DATE    0.0                       0.0    0.0      0.0
  SINCE SEP 1      0.0                       0.0    0.0      0.0
  SINCE JUL 1      0.0                       0.0    0.0      0.0
  SNOW DEPTH       0

DEGREE DAYS
 HEATING
  TODAY            0                        11    -11        0
  MONTH TO DATE   60                       160   -100       31
  SINCE SEP 1     60                       160   -100       31
  SINCE JUL 1    140                       314   -174      108

 COOLING
  TODAY            1                         0      1        5
  MONTH TO DATE   23                        10     13       50
  SINCE SEP 1     23                        10     13       50
  SINCE JAN 1    276                       179     97      253
..................................................................


WIND (MPH)
  HIGHEST WIND SPEED    12   HIGHEST WIND DIRECTION    NE (30)
  HIGHEST GUST SPEED    17   HIGHEST GUST DIRECTION    NE (40)
  AVERAGE WIND SPEED     1.2


SKY COVER
  POSSIBLE SUNSHINE  MM
  AVERAGE SKY COVER 0.8


WEATHER CONDITIONS
 THE FOLLOWING WEATHER WAS RECORDED TODAY.
  LIGHT RAIN
  FOG
  FOG W/VISIBILITY <= 1/4 MILE


RELATIVE HUMIDITY (PERCENT)
 HIGHEST    97           300 AM
 LOWEST     79           200 PM
 AVERAGE    88

..........................................................


THE CARIBOU ME CLIMATE NORMALS FOR TOMORROW
                         NORMAL    RECORD    YEAR
 MAXIMUM TEMPERATURE (F)   64        87      1985
 MINIMUM TEMPERATURE (F)   43        27      1950


SUNRISE AND SUNSET
SEPTEMBER 19 2016.....SUNRISE   616 AM EDT   SUNSET   635 PM EDT
SEPTEMBER 20 2016.....SUNRISE   617 AM EDT   SUNSET   633 PM EDT


-  INDICATES NEGATIVE NUMBERS.
R  INDICATES RECORD WAS SET OR TIED.
MM INDICATES DATA IS MISSING.
T  INDICATES TRACE AMOUNT.




$$
