000
CDUS41 KCAR 142127
CLICAR


CLIMATE REPORT
NATIONAL WEATHER SERVICE CARIBOU, ME
527 PM EDT TUE MAR 14 2017


...................................

...THE CARIBOU ME CLIMATE SUMMARY FOR MARCH 14 2017...
VALID TODAY AS OF 0500 PM LOCAL TIME.

CLIMATE NORMAL PERIOD 1981 TO 2010
CLIMATE RECORD PERIOD 1939 TO 2017


WEATHER ITEM   OBSERVED TIME   RECORD YEAR NORMAL DEPARTURE LAST
                VALUE   (LST)  VALUE       VALUE  FROM      YEAR
                                                  NORMAL
..................................................................
TEMPERATURE (F)
 TODAY
  MAXIMUM         25    359 PM  51    2010  33     -8       36
  MINIMUM          4    614 AM -15    1948  14    -10       11
  AVERAGE         15                        24     -9       24

PRECIPITATION (IN)
  TODAY            T             1.66 1984   0.08  -0.08     0.00
  MONTH TO DATE    1.26                      1.14   0.12     1.37
  SINCE MAR 1      1.26                      1.14   0.12     1.37
  SINCE JAN 1      6.88                      6.06   0.82     6.84

SNOWFALL (IN)
  TODAY            T            28.6  1984   0.6   -0.6      0.0
  MONTH TO DATE    1.7                       9.8   -8.1     10.9
  SINCE MAR 1      1.7                       9.8   -8.1     10.9
  SINCE JUL 1     98.3                      92.3    6.0     70.9
  SNOW DEPTH      21

DEGREE DAYS
 HEATING
  TODAY           50                        41      9       41
  MONTH TO DATE  691                       614     77      610
  SINCE MAR 1    691                       614     77      610
  SINCE JUL 1   6672                      7335   -663     6352

 COOLING
  TODAY            0                         0      0        0
  MONTH TO DATE    0                         0      0        0
  SINCE MAR 1      0                         0      0        0
  SINCE JAN 1      0                         0      0        0
..................................................................


WIND (MPH)
  HIGHEST WIND SPEED    15   HIGHEST WIND DIRECTION    NE (40)
  HIGHEST GUST SPEED    22   HIGHEST GUST DIRECTION    NE (50)
  AVERAGE WIND SPEED     4.0


SKY COVER
  POSSIBLE SUNSHINE  MM
  AVERAGE SKY COVER 0.5


WEATHER CONDITIONS
 THE FOLLOWING WEATHER WAS RECORDED TODAY.
  NO SIGNIFICANT WEATHER WAS OBSERVED.


RELATIVE HUMIDITY (PERCENT)
 HIGHEST    86           600 AM
 LOWEST     42           200 PM
 AVERAGE    64

..........................................................


THE CARIBOU ME CLIMATE NORMALS FOR TOMORROW
                         NORMAL    RECORD    YEAR
 MAXIMUM TEMPERATURE (F)   33        54      2010
 MINIMUM TEMPERATURE (F)   15       -11      2003


SUNRISE AND SUNSET
MARCH 14 2017.........SUNRISE   646 AM EDT   SUNSET   637 PM EDT
MARCH 15 2017.........SUNRISE   644 AM EDT   SUNSET   638 PM EDT


-  INDICATES NEGATIVE NUMBERS.
R  INDICATES RECORD WAS SET OR TIED.
MM INDICATES DATA IS MISSING.
T  INDICATES TRACE AMOUNT.




$$
