000
CDUS41 KCAR 140527
CLICAR

CLIMATE REPORT
NATIONAL WEATHER SERVICE CARIBOU, ME
126 AM EDT SUN MAY 14 2017


...................................

...THE CARIBOU ME CLIMATE SUMMARY FOR MAY 13 2017...

CLIMATE NORMAL PERIOD 1981 TO 2010
CLIMATE RECORD PERIOD 1939 TO 2017


WEATHER ITEM   OBSERVED TIME   RECORD YEAR NORMAL DEPARTURE LAST
                VALUE   (LST)  VALUE       VALUE  FROM      YEAR
                                                  NORMAL
..................................................................
TEMPERATURE (F)
 YESTERDAY
  MAXIMUM         68    322 PM  78    1992  62      6       73
  MINIMUM         41    403 AM  24    1939  40      1       41
  AVERAGE         55                        51      4       57

PRECIPITATION (IN)
  YESTERDAY        0.00          1.01 1981   0.10  -0.10     0.12
  MONTH TO DATE    3.35                      1.28   2.07     0.60
  SINCE MAR 1      9.93                      6.45   3.48     8.10
  SINCE JAN 1     15.55                     11.37   4.18    13.57

SNOWFALL (IN)
  YESTERDAY        0.0           0.1  1996   0.0    0.0      0.0
  MONTH TO DATE    T                         0.4   -0.4      0.3
  SINCE MAR 1     33.0                      26.1    6.9     30.3
  SINCE JUL 1    129.6                     108.6   21.0     90.3
  SNOW DEPTH       0

DEGREE DAYS
 HEATING
  YESTERDAY       10                        14     -4        8
  MONTH TO DATE  202                       216    -14      207
  SINCE MAR 1   2289                      2261     28     2337
  SINCE JUL 1   8270                      8982   -712     8079

 COOLING
  YESTERDAY        0                         0      0        0
  MONTH TO DATE    0                         0      0        0
  SINCE MAR 1      0                         0      0        0
  SINCE JAN 1      0                         0      0        0
..................................................................


WIND (MPH)
  HIGHEST WIND SPEED    15   HIGHEST WIND DIRECTION     S (170)
  HIGHEST GUST SPEED    21   HIGHEST GUST DIRECTION     S (160)
  AVERAGE WIND SPEED     4.5


SKY COVER
  POSSIBLE SUNSHINE  MM
  AVERAGE SKY COVER 0.0


WEATHER CONDITIONS
 THE FOLLOWING WEATHER WAS RECORDED YESTERDAY.
  NO SIGNIFICANT WEATHER WAS OBSERVED.


RELATIVE HUMIDITY (PERCENT)
 HIGHEST    83           600 AM
 LOWEST     34           200 PM
 AVERAGE    59

..........................................................


THE CARIBOU ME CLIMATE NORMALS FOR TODAY
                         NORMAL    RECORD    YEAR
 MAXIMUM TEMPERATURE (F)   62        81      1961
 MINIMUM TEMPERATURE (F)   40        25      1947


SUNRISE AND SUNSET
MAY 14 2017...........SUNRISE   458 AM EDT   SUNSET   759 PM EDT
MAY 15 2017...........SUNRISE   457 AM EDT   SUNSET   801 PM EDT


-  INDICATES NEGATIVE NUMBERS.
R  INDICATES RECORD WAS SET OR TIED.
MM INDICATES DATA IS MISSING.
T  INDICATES TRACE AMOUNT.

***************************************************************

THE CARIBOU ME 4 INCH UNDER SOD SOIL TEMPERATURE FOR MAY 13 2017

MAXIMUM 60
MINIMUM 51


$$
