000
CDUS41 KCAR 080545
CLICAR


CLIMATE REPORT
NATIONAL WEATHER SERVICE CARIBOU, ME
1245 AM EST SUN JAN 8 2017


...................................

...THE CARIBOU ME CLIMATE SUMMARY FOR JANUARY 7 2017...

CLIMATE NORMAL PERIOD 1981 TO 2010
CLIMATE RECORD PERIOD 1939 TO 2017


WEATHER ITEM   OBSERVED TIME   RECORD YEAR NORMAL DEPARTURE LAST
                VALUE   (LST)  VALUE       VALUE  FROM      YEAR
                                                  NORMAL
..................................................................
TEMPERATURE (F)
 YESTERDAY
  MAXIMUM          8    232 PM  44    1946  20    -12       33
  MINIMUM        -16    722 AM -25    1945   2    -18       20
  AVERAGE         -4                        11    -15       27

PRECIPITATION (IN)
  YESTERDAY        0.00          0.66 1995   0.09  -0.09     0.00
  MONTH TO DATE    0.85                      0.63   0.22     0.10
  SINCE DEC 1      5.05                      3.90   1.15     4.98
  SINCE JAN 1      0.85                      0.63   0.22     0.10

SNOWFALL (IN)
  YESTERDAY        0.0           6.8  1969   0.8   -0.8      0.0
  MONTH TO DATE    7.5                       5.7    1.8      2.0
  SINCE DEC 1     48.7                      28.6   20.1     29.8
  SINCE JUL 1     68.9                      40.8   28.1     33.9
  SNOW DEPTH       0

DEGREE DAYS
 HEATING
  YESTERDAY       69                        54     15       38
  MONTH TO DATE  354                       375    -21      332
  SINCE DEC 1   1847                      1824     23     1454
  SINCE JUL 1   3534                      3969   -435     3272

 COOLING
  YESTERDAY        0                         0      0        0
  MONTH TO DATE    0                         0      0        0
  SINCE DEC 1      0                         0      0        0
  SINCE JAN 1      0                         0      0        0
..................................................................


WIND (MPH)
  HIGHEST WIND SPEED     9   HIGHEST WIND DIRECTION     N (20)
  HIGHEST GUST SPEED    12   HIGHEST GUST DIRECTION     N (360)
  AVERAGE WIND SPEED     3.4


SKY COVER
  POSSIBLE SUNSHINE  MM
  AVERAGE SKY COVER 0.1


WEATHER CONDITIONS
 THE FOLLOWING WEATHER WAS RECORDED YESTERDAY.
  FOG
  HAZE


RELATIVE HUMIDITY (PERCENT)
 HIGHEST    90           300 AM
 LOWEST     68          1100 AM
 AVERAGE    79

..........................................................


THE CARIBOU ME CLIMATE NORMALS FOR TODAY
                         NORMAL    RECORD    YEAR
 MAXIMUM TEMPERATURE (F)   20        48      2008
 MINIMUM TEMPERATURE (F)    1       -23      1942


SUNRISE AND SUNSET
JANUARY  8 2017.......SUNRISE   716 AM EST   SUNSET   402 PM EST
JANUARY  9 2017.......SUNRISE   716 AM EST   SUNSET   403 PM EST


-  INDICATES NEGATIVE NUMBERS.
R  INDICATES RECORD WAS SET OR TIED.
MM INDICATES DATA IS MISSING.
T  INDICATES TRACE AMOUNT.




$$
