000
CDUS41 KCAR 030542
CLICAR


CLIMATE REPORT
NATIONAL WEATHER SERVICE CARIBOU, ME
1238 AM EST SUN DEC 3 2017


...................................

...THE CARIBOU ME CLIMATE SUMMARY FOR DECEMBER 2 2017...

CLIMATE NORMAL PERIOD 1981 TO 2010
CLIMATE RECORD PERIOD 1939 TO 2017


WEATHER ITEM   OBSERVED TIME   RECORD YEAR NORMAL DEPARTURE LAST
                VALUE   (LST)  VALUE       VALUE  FROM      YEAR
                                                  NORMAL
..................................................................
TEMPERATURE (F)
 YESTERDAY
  MAXIMUM         31    249 PM  50    1996  31      0       35
  MINIMUM         27    219 AM  -9    1940  17     10       28
  AVERAGE         29                        24      5       32

PRECIPITATION (IN)
  YESTERDAY        0.00          1.04 2005   0.11  -0.11     0.02
  MONTH TO DATE    0.03                      0.23  -0.20     1.22
  SINCE DEC 1      0.03                      0.23  -0.20     1.22
  SINCE JAN 1     38.92                     35.45   3.47    40.98

SNOWFALL (IN)
  YESTERDAY        0.0           2.8  1956   0.6   -0.6      0.2
  MONTH TO DATE    T                         1.2   -1.2     12.1
  SINCE DEC 1      T                         1.2   -1.2     12.1
  SINCE JUL 1      3.9                      13.4   -9.5     32.3
  SNOW DEPTH       0

DEGREE DAYS
 HEATING
  YESTERDAY       36                        41     -5       33
  MONTH TO DATE   67                        81    -14       66
  SINCE DEC 1     67                        81    -14       66
  SINCE JUL 1   1770                      2226   -456     1753

 COOLING
  YESTERDAY        0                         0      0        0
  MONTH TO DATE    0                         0      0        0
  SINCE DEC 1      0                         0      0        0
  SINCE JAN 1    222                       180     42      275
..................................................................


WIND (MPH)
  HIGHEST WIND SPEED    14   HIGHEST WIND DIRECTION     N (360)
  HIGHEST GUST SPEED    16   HIGHEST GUST DIRECTION     N (360)
  AVERAGE WIND SPEED     3.6


SKY COVER
  POSSIBLE SUNSHINE  MM
  AVERAGE SKY COVER 0.9


WEATHER CONDITIONS
 THE FOLLOWING WEATHER WAS RECORDED YESTERDAY.
  NO SIGNIFICANT WEATHER WAS OBSERVED.


RELATIVE HUMIDITY (PERCENT)
 HIGHEST    75          1200 AM
 LOWEST     63          1000 AM
 AVERAGE    69

..........................................................


THE CARIBOU ME CLIMATE NORMALS FOR TODAY
                         NORMAL    RECORD    YEAR
 MAXIMUM TEMPERATURE (F)   31        52      1939
 MINIMUM TEMPERATURE (F)   17       -20      1940


SUNRISE AND SUNSET
DECEMBER  3 2017......SUNRISE   659 AM EST   SUNSET   345 PM EST
DECEMBER  4 2017......SUNRISE   700 AM EST   SUNSET   344 PM EST


-  INDICATES NEGATIVE NUMBERS.
R  INDICATES RECORD WAS SET OR TIED.
MM INDICATES DATA IS MISSING.
T  INDICATES TRACE AMOUNT.




$$
