000
CDUS41 KCAR 190529
CLICAR


CLIMATE REPORT
NATIONAL WEATHER SERVICE CARIBOU, ME
127 AM EDT MON JUN 19 2017


...................................

...THE CARIBOU ME CLIMATE SUMMARY FOR JUNE 18 2017...

CLIMATE NORMAL PERIOD 1981 TO 2010
CLIMATE RECORD PERIOD 1939 TO 2017


WEATHER ITEM   OBSERVED TIME   RECORD YEAR NORMAL DEPARTURE LAST
                VALUE   (LST)  VALUE       VALUE  FROM      YEAR
                                                  NORMAL
..................................................................
TEMPERATURE (F)
 YESTERDAY
  MAXIMUM         79        MM  90    1955  72      7       82
                                      1949
  MINIMUM         61        MM  37    1946  51     10       41
                                      1939
  AVERAGE         70                        62      8       62

PRECIPITATION (IN)
  YESTERDAY        0.00          1.17 2011   0.11  -0.11     0.00
  MONTH TO DATE    0.88                      1.99  -1.11     2.18
  SINCE JUN 1      0.88                      1.99  -1.11     2.18
  SINCE JAN 1     17.45                     15.41   2.04    18.11

SNOWFALL (IN)
  YESTERDAY        0.0           0.0  2002   0.0    0.0      0.0
                                      2001
  MONTH TO DATE    0.0                       0.0    0.0      0.0
  SINCE JUN 1      0.0                       0.0    0.0      0.0
  SINCE JUL 1    129.6                     108.7   20.9     94.8
  SNOW DEPTH       0

DEGREE DAYS
 HEATING
  YESTERDAY        0                         5     -5        3
  MONTH TO DATE  101                       121    -20      128
  SINCE JUN 1    101                       121    -20      128
  SINCE JUL 1   8549                      9310   -761     8345

 COOLING
  YESTERDAY        5                         1      4        0
  MONTH TO DATE   26                        15     11        0
  SINCE JUN 1     26                        15     11        0
  SINCE JAN 1     32                        20     12        8
..................................................................


WIND (MPH)
  HIGHEST WIND SPEED    15   HIGHEST WIND DIRECTION    SE (150)
  HIGHEST GUST SPEED    22   HIGHEST GUST DIRECTION    SE (150)
  AVERAGE WIND SPEED     8.7


SKY COVER
  POSSIBLE SUNSHINE  MM
  AVERAGE SKY COVER 0.7


WEATHER CONDITIONS
 THE FOLLOWING WEATHER WAS RECORDED YESTERDAY.
  FOG


RELATIVE HUMIDITY (PERCENT)
 HIGHEST   100           200 AM
 LOWEST     67           400 PM
 AVERAGE    84

..........................................................


THE CARIBOU ME CLIMATE NORMALS FOR TODAY
                         NORMAL    RECORD    YEAR
 MAXIMUM TEMPERATURE (F)   73        91      1995
 MINIMUM TEMPERATURE (F)   51        35      1946
                                             1944
                                             1939


SUNRISE AND SUNSET
JUNE 19 2017..........SUNRISE   437 AM EDT   SUNSET   830 PM EDT
JUNE 20 2017..........SUNRISE   437 AM EDT   SUNSET   830 PM EDT


-  INDICATES NEGATIVE NUMBERS.
R  INDICATES RECORD WAS SET OR TIED.
MM INDICATES DATA IS MISSING.
T  INDICATES TRACE AMOUNT.


.....................................................................................
THE CARIBOU ME 4 INCH UNDER SOD SOIL TEMPERATURE FOR JUNE 18 2017

MAXIMUM 64F
MINIMUM 60F


$$
