000
CDUS41 KCAR 020532
CLICAR


CLIMATE REPORT
NATIONAL WEATHER SERVICE CARIBOU, ME
1232 AM EST FRI DEC 2 2016


...................................

...THE CARIBOU ME CLIMATE SUMMARY FOR DECEMBER 1 2016...

CLIMATE NORMAL PERIOD 1981 TO 2010
CLIMATE RECORD PERIOD 1939 TO 2016


WEATHER ITEM   OBSERVED TIME   RECORD YEAR NORMAL DEPARTURE LAST
                VALUE   (LST)  VALUE       VALUE  FROM      YEAR
                                                  NORMAL
..................................................................
TEMPERATURE (F)
 YESTERDAY
  MAXIMUM         33    701 PM  48    1991  32      1       33
                                      1975
  MINIMUM         31   1159 PM  -6    1941  18     13       14
  AVERAGE         32                        25      7       24

PRECIPITATION (IN)
  YESTERDAY        1.20R         0.96 2004   0.12   1.08     0.06
  MONTH TO DATE    1.20                      0.12   1.08     0.06
  SINCE DEC 1      1.20                      0.12   1.08     0.06
  SINCE JAN 1     40.96                     35.34   5.62    31.35

SNOWFALL (IN)
  YESTERDAY       11.9 R        11.4  1964   0.6   11.3      0.0
  MONTH TO DATE   11.9                       0.6   11.3      0.0
  SINCE DEC 1     11.9                       0.6   11.3      0.0
  SINCE JUL 1     32.1                      12.8   19.3      4.1
  SNOW DEPTH      15

DEGREE DAYS
 HEATING
  YESTERDAY       33                        40     -7       41
  MONTH TO DATE   33                        40     -7       41
  SINCE DEC 1     33                        40     -7       41
  SINCE JUL 1   1720                      2185   -465     1859

 COOLING
  YESTERDAY        0                         0      0        0
  MONTH TO DATE    0                         0      0        0
  SINCE DEC 1      0                         0      0        0
  SINCE JAN 1    275                       180     95      253
..................................................................


WIND (MPH)
  HIGHEST WIND SPEED    20   HIGHEST WIND DIRECTION     E (100)
  HIGHEST GUST SPEED    30   HIGHEST GUST DIRECTION     E (100)
  AVERAGE WIND SPEED    10.0


SKY COVER
  POSSIBLE SUNSHINE  MM
  AVERAGE SKY COVER 1.0


WEATHER CONDITIONS
 THE FOLLOWING WEATHER WAS RECORDED YESTERDAY.
  HEAVY SNOW
  SNOW
  LIGHT SNOW
  FOG
  FOG W/VISIBILITY <= 1/4 MILE


RELATIVE HUMIDITY (PERCENT)
 HIGHEST    92           100 AM
 LOWEST     85           600 AM
 AVERAGE    89

..........................................................


THE CARIBOU ME CLIMATE NORMALS FOR TODAY
                         NORMAL    RECORD    YEAR
 MAXIMUM TEMPERATURE (F)   31        50      1996
 MINIMUM TEMPERATURE (F)   17        -9      1940


SUNRISE AND SUNSET
DECEMBER  2 2016......SUNRISE   658 AM EST   SUNSET   345 PM EST
DECEMBER  3 2016......SUNRISE   659 AM EST   SUNSET   344 PM EST


-  INDICATES NEGATIVE NUMBERS.
R  INDICATES RECORD WAS SET OR TIED.
MM INDICATES DATA IS MISSING.
T  INDICATES TRACE AMOUNT.




$$
