000
CDUS41 KCAR 040549
CLICAR


CLIMATE REPORT
NATIONAL WEATHER SERVICE CARIBOU, ME
1248 AM EST SUN FEB 4 2018


...................................

...THE CARIBOU ME CLIMATE SUMMARY FOR FEBRUARY 3 2018...

CLIMATE NORMAL PERIOD 1981 TO 2010
CLIMATE RECORD PERIOD 1939 TO 2018


WEATHER ITEM   OBSERVED TIME   RECORD YEAR NORMAL DEPARTURE LAST
                VALUE   (LST)  VALUE       VALUE  FROM      YEAR
                                                  NORMAL
..................................................................
TEMPERATURE (F)
 YESTERDAY
  MAXIMUM          6    342 PM  48    1970  21    -15       13
  MINIMUM        -13    729 AM -24    1971   1    -14       -3
  AVERAGE         -3                        11    -14        5

PRECIPITATION (IN)
  YESTERDAY        0.00          1.11 1968   0.08  -0.08      T
  MONTH TO DATE    0.26                      0.24   0.02     0.08
  SINCE DEC 1      9.68                      6.22   3.46     7.73
  SINCE JAN 1      5.56                      2.95   2.61     3.53

SNOWFALL (IN)
  YESTERDAY        0.0           8.3  1969   0.8   -0.8       T
  MONTH TO DATE    4.2                       2.5    1.7      1.7
  SINCE DEC 1     77.3                      50.6   26.7     62.3
  SINCE JUL 1     81.2                      62.8   18.4     82.5
  SNOW DEPTH      28

DEGREE DAYS
 HEATING
  YESTERDAY       68                        54     14       60
  MONTH TO DATE  166                       163      3      177
  SINCE DEC 1   3391                      3312     79     3118
  SINCE JUL 1   5095                      5457   -362     4805

 COOLING
  YESTERDAY        0                         0      0        0
  MONTH TO DATE    0                         0      0        0
  SINCE DEC 1      0                         0      0        0
  SINCE JAN 1      0                         0      0        0
..................................................................


WIND (MPH)
  HIGHEST WIND SPEED    17   HIGHEST WIND DIRECTION    NW (300)
  HIGHEST GUST SPEED    26   HIGHEST GUST DIRECTION    NW (300)
  AVERAGE WIND SPEED     6.7


SKY COVER
  POSSIBLE SUNSHINE  MM
  AVERAGE SKY COVER 0.3


WEATHER CONDITIONS
 THE FOLLOWING WEATHER WAS RECORDED YESTERDAY.
  HAZE


RELATIVE HUMIDITY (PERCENT)
 HIGHEST    70           800 AM
 LOWEST     42           300 PM
 AVERAGE    56

..........................................................


THE CARIBOU ME CLIMATE NORMALS FOR TODAY
                         NORMAL    RECORD    YEAR
 MAXIMUM TEMPERATURE (F)   21        47      1970
 MINIMUM TEMPERATURE (F)    1       -30      1971


SUNRISE AND SUNSET
FEBRUARY  4 2018......SUNRISE   653 AM EST   SUNSET   440 PM EST
FEBRUARY  5 2018......SUNRISE   651 AM EST   SUNSET   441 PM EST


-  INDICATES NEGATIVE NUMBERS.
R  INDICATES RECORD WAS SET OR TIED.
MM INDICATES DATA IS MISSING.
T  INDICATES TRACE AMOUNT.




$$
