000
CDUS41 KCAR 192026
CLICAR


CLIMATE REPORT
NATIONAL WEATHER SERVICE CARIBOU, ME
426 PM EDT TUE APR 19 2016


...................................

...THE CARIBOU ME CLIMATE SUMMARY FOR APRIL 19 2016...
VALID TODAY AS OF 0400 PM LOCAL TIME.

CLIMATE NORMAL PERIOD 1981 TO 2010
CLIMATE RECORD PERIOD 1939 TO 2016


WEATHER ITEM   OBSERVED TIME   RECORD YEAR NORMAL DEPARTURE LAST
                VALUE   (LST)  VALUE       VALUE  FROM      YEAR
                                                  NORMAL
..................................................................
TEMPERATURE (F)
 TODAY
  MAXIMUM         52    156 PM  72    1987  50      2       51
  MINIMUM         29    436 AM  17    1961  31     -2       29
  AVERAGE         41                        40      1       40

PRECIPITATION (IN)
  TODAY            0.00          0.75 1968   0.09  -0.09     0.00
  MONTH TO DATE    2.80                      1.69   1.11     1.24
  SINCE MAR 1      7.50                      4.20   3.30     2.89
  SINCE JAN 1     12.97                      9.12   3.85     6.99

SNOWFALL (IN)
  TODAY            0.0           3.7  1949   0.3   -0.3      0.0
  MONTH TO DATE    2.8                       6.1   -3.3      8.5
  SINCE MAR 1     30.0                      24.4    5.6     33.4
  SINCE JUL 1     90.0                     106.9  -16.9    141.7
  SNOW DEPTH       0

DEGREE DAYS
 HEATING
  TODAY           24                        25     -1       25
  MONTH TO DATE  584                       556     28      593
  SINCE MAR 1   1841                      1810     31     1995
  SINCE JUL 1   7583                      8531   -948     8736

 COOLING
  TODAY            0                         0      0        0
  MONTH TO DATE    0                         0      0        0
  SINCE MAR 1      0                         0      0        0
  SINCE JAN 1      0                         0      0        0
..................................................................


WIND (MPH)
  HIGHEST WIND SPEED    15   HIGHEST WIND DIRECTION    NW (330)
  HIGHEST GUST SPEED    21   HIGHEST GUST DIRECTION     N (340)
  AVERAGE WIND SPEED     5.2


SKY COVER
  POSSIBLE SUNSHINE  MM
  AVERAGE SKY COVER 0.4


WEATHER CONDITIONS
 THE FOLLOWING WEATHER WAS RECORDED TODAY.
  NO SIGNIFICANT WEATHER WAS OBSERVED.


RELATIVE HUMIDITY (PERCENT)
 HIGHEST    63           400 AM
 LOWEST     27           100 PM
 AVERAGE    45

..........................................................


THE CARIBOU ME CLIMATE NORMALS FOR TOMORROW
                         NORMAL    RECORD    YEAR
 MAXIMUM TEMPERATURE (F)   50        76      1987
 MINIMUM TEMPERATURE (F)   32        15      1947


SUNRISE AND SUNSET
APRIL 19 2016.........SUNRISE   536 AM EDT   SUNSET   727 PM EDT
APRIL 20 2016.........SUNRISE   535 AM EDT   SUNSET   728 PM EDT


-  INDICATES NEGATIVE NUMBERS.
R  INDICATES RECORD WAS SET OR TIED.
MM INDICATES DATA IS MISSING.
T  INDICATES TRACE AMOUNT.




$$
