000
CDUS41 KCAR 240537
CLICAR

CLIMATE REPORT
NATIONAL WEATHER SERVICE CARIBOU, ME
132 AM EDT TUE MAY 24 2016


...................................

...THE CARIBOU ME CLIMATE SUMMARY FOR MAY 23 2016...

CLIMATE NORMAL PERIOD 1981 TO 2010
CLIMATE RECORD PERIOD 1939 TO 2016


WEATHER ITEM   OBSERVED TIME   RECORD YEAR NORMAL DEPARTURE LAST
                VALUE   (LST)  VALUE       VALUE  FROM      YEAR
                                                  NORMAL
..................................................................
TEMPERATURE (F)
 YESTERDAY
  MAXIMUM         81    439 PM  95    1977  65     16       54
  MINIMUM         48    337 AM  29    1982  43      5       33
  AVERAGE         65                        54     11       44

PRECIPITATION (IN)
  YESTERDAY        0.00          0.73 1999   0.12  -0.12     0.09
  MONTH TO DATE    2.16                      2.41  -0.25     1.38
  SINCE MAR 1      9.66                      7.58   2.08     5.38
  SINCE JAN 1     15.13                     12.50   2.63     9.48

SNOWFALL (IN)
  YESTERDAY        0.0           0.3  2015   0.0    0.0      0.3
  MONTH TO DATE    4.8                       0.5    4.3      0.3
  SINCE MAR 1     34.8                      26.2    8.6     33.8
  SINCE JUL 1     94.8                     108.7  -13.9    142.1
  SNOW DEPTH       0

DEGREE DAYS
 HEATING
  YESTERDAY        0                        11    -11       21
  MONTH TO DATE  304                       343    -39      283
  SINCE MAR 1   2434                      2388     46     2530
  SINCE JUL 1   8176                      9109   -933     9271

 COOLING
  YESTERDAY        0                         0      0        0
  MONTH TO DATE    1                         0      1        0
  SINCE MAR 1      1                         0      1        0
  SINCE JAN 1      1                         0      1        0
..................................................................


WIND (MPH)
  HIGHEST WIND SPEED    12   HIGHEST WIND DIRECTION     E (80)
  HIGHEST GUST SPEED    19   HIGHEST GUST DIRECTION     E (80)
  AVERAGE WIND SPEED     5.2


SKY COVER
  POSSIBLE SUNSHINE  MM
  AVERAGE SKY COVER 0.0


WEATHER CONDITIONS
 THE FOLLOWING WEATHER WAS RECORDED YESTERDAY.
  NO SIGNIFICANT WEATHER WAS OBSERVED.


RELATIVE HUMIDITY (PERCENT)
 HIGHEST    80           400 AM
 LOWEST     23           500 PM
 AVERAGE    52

..........................................................


THE CARIBOU ME CLIMATE NORMALS FOR TODAY
                         NORMAL    RECORD    YEAR
 MAXIMUM TEMPERATURE (F)   66        94      1977
 MINIMUM TEMPERATURE (F)   43        28      1956


SUNRISE AND SUNSET
MAY 24 2016...........SUNRISE   447 AM EDT   SUNSET   811 PM EDT
MAY 25 2016...........SUNRISE   446 AM EDT   SUNSET   812 PM EDT


-  INDICATES NEGATIVE NUMBERS.
R  INDICATES RECORD WAS SET OR TIED.
MM INDICATES DATA IS MISSING.
T  INDICATES TRACE AMOUNT.

.........................................................

THE CARIBOU ME 4-INCH UNDER SOD SOIL TEMP:
MAXIMUM SOIL TEMPERATURE: 64F
MINIMUM SOIL TEMPERATURE: 56F


$$
