000
CDUS41 KCAR 160529
CLICAR


CLIMATE REPORT
NATIONAL WEATHER SERVICE CARIBOU, ME
128 AM EDT TUE AUG 16 2016


...................................

...THE CARIBOU ME CLIMATE SUMMARY FOR AUGUST 15 2016...

CLIMATE NORMAL PERIOD 1981 TO 2010
CLIMATE RECORD PERIOD 1939 TO 2016


WEATHER ITEM   OBSERVED TIME   RECORD YEAR NORMAL DEPARTURE LAST
                VALUE   (LST)  VALUE       VALUE  FROM      YEAR
                                                  NORMAL
..................................................................
TEMPERATURE (F)
 YESTERDAY
  MAXIMUM         73    319 PM  91    2002  75     -2       85
                                      1978
                                      1970
  MINIMUM         54   1159 PM  39    1972  53      1       59
  AVERAGE         64                        64      0       72

PRECIPITATION (IN)
  YESTERDAY        0.03          1.67 1955   0.12  -0.09     0.00
  MONTH TO DATE    3.22                      1.89   1.33     2.00
  SINCE JUN 1     12.51                      9.45   3.06     9.44
  SINCE JAN 1     28.44                     22.87   5.57    20.29

SNOWFALL (IN)
  YESTERDAY        0.0           0.0  2002   0.0    0.0      0.0
                                      2001
  MONTH TO DATE    0.0                       0.0    0.0      0.0
  SINCE JUN 1      0.0                       0.0    0.0      0.0
  SINCE JUL 1      0.0                       0.0    0.0      0.0
  SNOW DEPTH       0

DEGREE DAYS
 HEATING
  YESTERDAY        1                         3     -2        0
  MONTH TO DATE   17                        32    -15       10
  SINCE JUN 1    209                       255    -46      287
  SINCE JUL 1     65                        90    -25       75

 COOLING
  YESTERDAY        0                         2     -2        7
  MONTH TO DATE   44                        31     13       24
  SINCE JUN 1    198                       142     56       86
  SINCE JAN 1    206                       147     59      107
..................................................................


WIND (MPH)
  HIGHEST WIND SPEED    13   HIGHEST WIND DIRECTION    NW (330)
  HIGHEST GUST SPEED    17   HIGHEST GUST DIRECTION    NW (330)
  AVERAGE WIND SPEED     4.6


SKY COVER
  POSSIBLE SUNSHINE  MM
  AVERAGE SKY COVER 0.7


WEATHER CONDITIONS
 THE FOLLOWING WEATHER WAS RECORDED YESTERDAY.
  LIGHT RAIN
  FOG


RELATIVE HUMIDITY (PERCENT)
 HIGHEST   100           600 AM
 LOWEST     57           500 PM
 AVERAGE    79

..........................................................


THE CARIBOU ME CLIMATE NORMALS FOR TODAY
                         NORMAL    RECORD    YEAR
 MAXIMUM TEMPERATURE (F)   75        95      1944
 MINIMUM TEMPERATURE (F)   53        39      1956


SUNRISE AND SUNSET
AUGUST 16 2016........SUNRISE   531 AM EDT   SUNSET   740 PM EDT
AUGUST 17 2016........SUNRISE   533 AM EDT   SUNSET   738 PM EDT


-  INDICATES NEGATIVE NUMBERS.
R  INDICATES RECORD WAS SET OR TIED.
MM INDICATES DATA IS MISSING.
T  INDICATES TRACE AMOUNT.




$$
