000
CDUS41 KCAR 050535
CLICAR


CLIMATE REPORT
NATIONAL WEATHER SERVICE CARIBOU, ME
135 AM EDT SAT APR 5 2014


...................................

...THE CARIBOU ME CLIMATE SUMMARY FOR APRIL 4 2014...

CLIMATE NORMAL PERIOD 1981 TO 2010
CLIMATE RECORD PERIOD 1939 TO 2014


WEATHER ITEM   OBSERVED TIME   RECORD YEAR NORMAL DEPARTURE LAST
                VALUE   (LST)  VALUE       VALUE  FROM      YEAR
                                                  NORMAL
..................................................................
TEMPERATURE (F)
 YESTERDAY
  MAXIMUM         47    236 PM  73    2010  42      5       44
  MINIMUM         16    508 AM   5    2003  24     -8       23
                                      1978
                                      1954
  AVERAGE         32                        33     -1       34

PRECIPITATION (IN)
  YESTERDAY        0.00          0.82 1956   0.09  -0.09     0.00
  MONTH TO DATE    0.01                      0.34  -0.33     0.25
  SINCE MAR 1      3.45                      2.85   0.60     1.99
  SINCE JAN 1      9.67                      7.77   1.90     7.36

SNOWFALL (IN)
  YESTERDAY        0.0           5.3  1975   0.3   -0.3      0.0
  MONTH TO DATE    T                         1.6   -1.6       T
  SINCE MAR 1     42.1                      19.9   22.2     15.2
  SINCE JUL 1    141.5                     102.4   39.1    102.6
  SNOW DEPTH      30

DEGREE DAYS
 HEATING
  YESTERDAY       33                        32      1       31
  MONTH TO DATE  136                       132      4      148
  SINCE MAR 1   1676                      1386    290     1233
  SINCE JUL 1   8330                      8107    223     7381

 COOLING
  YESTERDAY        0                         0      0        0
  MONTH TO DATE    0                         0      0        0
  SINCE MAR 1      0                         0      0        0
  SINCE JAN 1      0                         0      0        0
..................................................................


WIND (MPH)
  HIGHEST WIND SPEED    18   HIGHEST WIND DIRECTION    SE (150)
  HIGHEST GUST SPEED    24   HIGHEST GUST DIRECTION     S (170)
  AVERAGE WIND SPEED     6.0


SKY COVER
  POSSIBLE SUNSHINE  MM
  AVERAGE SKY COVER 0.1


WEATHER CONDITIONS
 THE FOLLOWING WEATHER WAS RECORDED YESTERDAY.
  NO SIGNIFICANT WEATHER WAS OBSERVED.


RELATIVE HUMIDITY (PERCENT)
 HIGHEST    80           500 AM
 LOWEST     33           300 PM
 AVERAGE    57

..........................................................


THE CARIBOU ME CLIMATE NORMALS FOR TODAY
                         NORMAL    RECORD    YEAR
 MAXIMUM TEMPERATURE (F)   42        66      2010
 MINIMUM TEMPERATURE (F)   25         1      1995


SUNRISE AND SUNSET
APRIL  5 2014.........SUNRISE   604 AM EDT   SUNSET   707 PM EDT
APRIL  6 2014.........SUNRISE   602 AM EDT   SUNSET   708 PM EDT


-  INDICATES NEGATIVE NUMBERS.
R  INDICATES RECORD WAS SET OR TIED.
MM INDICATES DATA IS MISSING.
T  INDICATES TRACE AMOUNT.




$$
