000
CDUS41 KCAR 232026
CLICAR


CLIMATE REPORT
NATIONAL WEATHER SERVICE CARIBOU, ME
426 PM EDT SAT APR 23 2016


...................................

...THE CARIBOU ME CLIMATE SUMMARY FOR APRIL 23 2016...
VALID TODAY AS OF 0400 PM LOCAL TIME.

CLIMATE NORMAL PERIOD 1981 TO 2010
CLIMATE RECORD PERIOD 1939 TO 2016


WEATHER ITEM   OBSERVED TIME   RECORD YEAR NORMAL DEPARTURE LAST
                VALUE   (LST)  VALUE       VALUE  FROM      YEAR
                                                  NORMAL
..................................................................
TEMPERATURE (F)
 TODAY
  MAXIMUM         54   1201 AM  77    2007  52      2       48
  MINIMUM         41    749 AM  21    1994  33      8       35
  AVERAGE         48                        42      6       42

PRECIPITATION (IN)
  TODAY            0.00          1.42 2012   0.09  -0.09     0.21
  MONTH TO DATE    2.80                      2.04   0.76     1.99
  SINCE MAR 1      7.50                      4.55   2.95     3.64
  SINCE JAN 1     12.97                      9.47   3.50     7.74

SNOWFALL (IN)
  TODAY            0.0           4.3  1969   0.2   -0.2       T
  MONTH TO DATE    2.8                       6.8   -4.0      8.5
  SINCE MAR 1     30.0                      25.1    4.9     33.4
  SINCE JUL 1     90.0                     107.6  -17.6    141.7
  SNOW DEPTH       0

DEGREE DAYS
 HEATING
  TODAY           17                        23     -6       23
  MONTH TO DATE  652                       650      2      686
  SINCE MAR 1   1909                      1904      5     2088
  SINCE JUL 1   7651                      8625   -974     8829

 COOLING
  TODAY            0                         0      0        0
  MONTH TO DATE    0                         0      0        0
  SINCE MAR 1      0                         0      0        0
  SINCE JAN 1      0                         0      0        0
..................................................................


WIND (MPH)
  HIGHEST WIND SPEED    20   HIGHEST WIND DIRECTION     N (350)
  HIGHEST GUST SPEED    26   HIGHEST GUST DIRECTION    NW (330)
  AVERAGE WIND SPEED    11.0


SKY COVER
  POSSIBLE SUNSHINE  MM
  AVERAGE SKY COVER 0.9


WEATHER CONDITIONS
 THE FOLLOWING WEATHER WAS RECORDED TODAY.
  NO SIGNIFICANT WEATHER WAS OBSERVED.


RELATIVE HUMIDITY (PERCENT)
 HIGHEST    86           200 AM
 LOWEST     48           200 PM
 AVERAGE    67

..........................................................


THE CARIBOU ME CLIMATE NORMALS FOR TOMORROW
                         NORMAL    RECORD    YEAR
 MAXIMUM TEMPERATURE (F)   53        80      1942
 MINIMUM TEMPERATURE (F)   33        20      2004


SUNRISE AND SUNSET
APRIL 23 2016.........SUNRISE   529 AM EDT   SUNSET   732 PM EDT
APRIL 24 2016.........SUNRISE   528 AM EDT   SUNSET   733 PM EDT


-  INDICATES NEGATIVE NUMBERS.
R  INDICATES RECORD WAS SET OR TIED.
MM INDICATES DATA IS MISSING.
T  INDICATES TRACE AMOUNT.




$$
