000
CDUS41 KCAR 100526
CLICAR


CLIMATE REPORT
NATIONAL WEATHER SERVICE CARIBOU, ME
125 AM EDT SUN SEP 10 2017


...................................

...THE CARIBOU ME CLIMATE SUMMARY FOR SEPTEMBER 9 2017...

CLIMATE NORMAL PERIOD 1981 TO 2010
CLIMATE RECORD PERIOD 1939 TO 2017


WEATHER ITEM   OBSERVED TIME   RECORD YEAR NORMAL DEPARTURE LAST
                VALUE   (LST)  VALUE       VALUE  FROM      YEAR
                                                  NORMAL
..................................................................
TEMPERATURE (F)
 YESTERDAY
  MAXIMUM         70    247 PM  88    2001  68      2       80
  MINIMUM         50   1115 PM  34    1946  47      3       59
  AVERAGE         60                        58      2       70

PRECIPITATION (IN)
  YESTERDAY        0.07          3.00 1969   0.11  -0.04     0.12
  MONTH TO DATE    2.84                      0.94   1.90     0.46
  SINCE SEP 1      2.84                      0.94   1.90     0.46
  SINCE JAN 1     28.70                     25.68   3.02    31.57

SNOWFALL (IN)
  YESTERDAY        0.0           0.0  2002   0.0    0.0      0.0
                                      2001
  MONTH TO DATE    0.0                       0.0    0.0      0.0
  SINCE SEP 1      0.0                       0.0    0.0      0.0
  SINCE JUL 1      0.0                       0.0    0.0      0.0
  SNOW DEPTH       0

DEGREE DAYS
 HEATING
  YESTERDAY        5                         8     -3        0
  MONTH TO DATE   56                        62     -6       11
  SINCE SEP 1     56                        62     -6       11
  SINCE JUL 1    180                       216    -36       91

 COOLING
  YESTERDAY        0                         1     -1        5
  MONTH TO DATE    1                         9     -8       19
  SINCE SEP 1      1                         9     -8       19
  SINCE JAN 1    188                       178     10      272
..................................................................


WIND (MPH)
  HIGHEST WIND SPEED    15   HIGHEST WIND DIRECTION    NE (60)
  HIGHEST GUST SPEED    19   HIGHEST GUST DIRECTION    NE (50)
  AVERAGE WIND SPEED     5.3


SKY COVER
  POSSIBLE SUNSHINE  MM
  AVERAGE SKY COVER 0.4


WEATHER CONDITIONS
 THE FOLLOWING WEATHER WAS RECORDED YESTERDAY.
  LIGHT RAIN


RELATIVE HUMIDITY (PERCENT)
 HIGHEST    93          1200 AM
 LOWEST     49           300 PM
 AVERAGE    71

..........................................................


THE CARIBOU ME CLIMATE NORMALS FOR TODAY
                         NORMAL    RECORD    YEAR
 MAXIMUM TEMPERATURE (F)   68        89      2002
 MINIMUM TEMPERATURE (F)   47        32      1956


SUNRISE AND SUNSET
SEPTEMBER 10 2017.....SUNRISE   604 AM EDT   SUNSET   653 PM EDT
SEPTEMBER 11 2017.....SUNRISE   605 AM EDT   SUNSET   651 PM EDT


-  INDICATES NEGATIVE NUMBERS.
R  INDICATES RECORD WAS SET OR TIED.
MM INDICATES DATA IS MISSING.
T  INDICATES TRACE AMOUNT.
.........................................................
THE CARIBOU ME 4 INCH UNDER SOD SOIL TEMPERATURE FOR SEPT 9, 2017

MAXIMUM 66F
MINIMUM 61F

$$
