000
CDUS41 KCAR 160535
CLICAR

CLIMATE REPORT
NATIONAL WEATHER SERVICE CARIBOU, ME
129 AM EDT SAT AUG 16 2014


...................................

...THE CARIBOU ME CLIMATE SUMMARY FOR AUGUST 15 2014...

CLIMATE NORMAL PERIOD 1981 TO 2010
CLIMATE RECORD PERIOD 1939 TO 2014


WEATHER ITEM   OBSERVED TIME   RECORD YEAR NORMAL DEPARTURE LAST
                VALUE   (LST)  VALUE       VALUE  FROM      YEAR
                                                  NORMAL
..................................................................
TEMPERATURE (F)
 YESTERDAY
  MAXIMUM         71    111 PM  91    2002  75     -4       72
                                      1978
                                      1970
  MINIMUM         50    611 AM  39    1972  53     -3       51
  AVERAGE         61                        64     -3       62

PRECIPITATION (IN)
  YESTERDAY        0.00          1.67 1955   0.12  -0.12     0.02
  MONTH TO DATE    0.97                      1.89  -0.92     3.95
  SINCE JUN 1     10.64                      9.45   1.19    17.28
  SINCE JAN 1     27.84                     22.87   4.97    31.30

SNOWFALL (IN)
  YESTERDAY        0.0           0.0  2002   0.0    0.0      0.0
                                      2001
  MONTH TO DATE    0.0                       0.0    0.0      0.0
  SINCE JUN 1      0.0                       0.0    0.0      0.0
  SINCE JUL 1      0.0                       0.0    0.0      0.0
  SNOW DEPTH       0

DEGREE DAYS
 HEATING
  YESTERDAY        4                         3      1        3
  MONTH TO DATE    9                        32    -23       44
  SINCE JUN 1    122                       255   -133      250
  SINCE JUL 1     33                        90    -57       72

 COOLING
  YESTERDAY        0                         2     -2        0
  MONTH TO DATE   38                        31      7        4
  SINCE JUN 1    204                       142     62      146
  SINCE JAN 1    207                       147     60      154
..................................................................


WIND (MPH)
  HIGHEST WIND SPEED    12   HIGHEST WIND DIRECTION     W (250)
  HIGHEST GUST SPEED    16   HIGHEST GUST DIRECTION     W (260)
  AVERAGE WIND SPEED     4.2


SKY COVER
  POSSIBLE SUNSHINE  MM
  AVERAGE SKY COVER 0.6


WEATHER CONDITIONS
 THE FOLLOWING WEATHER WAS RECORDED YESTERDAY.
  FOG
  FOG W/VISIBILITY <= 1/4 MILE


RELATIVE HUMIDITY (PERCENT)
 HIGHEST   100           200 AM
 LOWEST     47           100 PM
 AVERAGE    74

..........................................................


THE CARIBOU ME CLIMATE NORMALS FOR TODAY
                         NORMAL    RECORD    YEAR
 MAXIMUM TEMPERATURE (F)   75        95      1944
 MINIMUM TEMPERATURE (F)   53        39      1956


SUNRISE AND SUNSET
AUGUST 16 2014........SUNRISE   531 AM EDT   SUNSET   741 PM EDT
AUGUST 17 2014........SUNRISE   532 AM EDT   SUNSET   739 PM EDT


-  INDICATES NEGATIVE NUMBERS.
R  INDICATES RECORD WAS SET OR TIED.
MM INDICATES DATA IS MISSING.
T  INDICATES TRACE AMOUNT.

THE CARIBOU ME 4 INCH SOIL TEMPERATURE FOR AUGUST 15 2014

MAXIMUM SOIL TEMPERATURE (F)...70
MINIMUM SOIL TEMPERATURE (F)...66



$$
