000
CDUS41 KCAR 060554
CLICAR


CLIMATE REPORT
NATIONAL WEATHER SERVICE CARIBOU, ME
1250 AM EST TUE FEB 6 2018


...................................

...THE CARIBOU ME CLIMATE SUMMARY FOR FEBRUARY 5 2018...

CLIMATE NORMAL PERIOD 1981 TO 2010
CLIMATE RECORD PERIOD 1939 TO 2018


WEATHER ITEM   OBSERVED TIME   RECORD YEAR NORMAL DEPARTURE LAST
                VALUE   (LST)  VALUE       VALUE  FROM      YEAR
                                                  NORMAL
..................................................................
TEMPERATURE (F)
 YESTERDAY
  MAXIMUM         36    627 AM  42    1947  21     15       23
  MINIMUM          6   1152 PM -31    1948   2      4       -4
  AVERAGE         21                        11     10       10

PRECIPITATION (IN)
  YESTERDAY        0.32          1.03 1954   0.08   0.24     0.06
  MONTH TO DATE    1.06                      0.40   0.66     0.14
  SINCE DEC 1     10.48                      6.38   4.10     7.79
  SINCE JAN 1      6.36                      3.11   3.25     3.59

SNOWFALL (IN)
  YESTERDAY        1.7          13.2  1954   0.8    0.9      0.7
  MONTH TO DATE   11.7                       4.1    7.6      2.4
  SINCE DEC 1     84.8                      52.2   32.6     63.0
  SINCE JUL 1     88.7                      64.4   24.3     83.2
  SNOW DEPTH      30

DEGREE DAYS
 HEATING
  YESTERDAY       44                        54    -10       55
  MONTH TO DATE  259                       271    -12      298
  SINCE DEC 1   3484                      3420     64     3239
  SINCE JUL 1   5188                      5565   -377     4926

 COOLING
  YESTERDAY        0                         0      0        0
  MONTH TO DATE    0                         0      0        0
  SINCE DEC 1      0                         0      0        0
  SINCE JAN 1      0                         0      0        0
..................................................................


WIND (MPH)
  HIGHEST WIND SPEED    23   HIGHEST WIND DIRECTION    NW (310)
  HIGHEST GUST SPEED    32   HIGHEST GUST DIRECTION    NW (310)
  AVERAGE WIND SPEED     9.1


SKY COVER
  POSSIBLE SUNSHINE  MM
  AVERAGE SKY COVER 0.7


WEATHER CONDITIONS
 THE FOLLOWING WEATHER WAS RECORDED YESTERDAY.
  LIGHT RAIN
  SNOW
  LIGHT SNOW
  FOG
  HAZE


RELATIVE HUMIDITY (PERCENT)
 HIGHEST    96           100 AM
 LOWEST     61           700 PM
 AVERAGE    79

..........................................................


THE CARIBOU ME CLIMATE NORMALS FOR TODAY
                         NORMAL    RECORD    YEAR
 MAXIMUM TEMPERATURE (F)   21        38      1991
 MINIMUM TEMPERATURE (F)    2       -20      1993
                                             1969


SUNRISE AND SUNSET
FEBRUARY  6 2018......SUNRISE   650 AM EST   SUNSET   443 PM EST
FEBRUARY  7 2018......SUNRISE   649 AM EST   SUNSET   444 PM EST


-  INDICATES NEGATIVE NUMBERS.
R  INDICATES RECORD WAS SET OR TIED.
MM INDICATES DATA IS MISSING.
T  INDICATES TRACE AMOUNT.




$$
