780
CDUS41 KCAR 242027
CLICAR

CLIMATE REPORT
NATIONAL WEATHER SERVICE CARIBOU, ME
425 PM EDT WED MAY 24 2017


...................................

...THE CARIBOU ME CLIMATE SUMMARY FOR MAY 24 2017...
VALID TODAY AS OF 0400 PM LOCAL TIME.

CLIMATE NORMAL PERIOD 1981 TO 2010
CLIMATE RECORD PERIOD 1939 TO 2017


WEATHER ITEM   OBSERVED TIME   RECORD YEAR NORMAL DEPARTURE LAST
                VALUE   (LST)  VALUE       VALUE  FROM      YEAR
                                                  NORMAL
..................................................................
TEMPERATURE (F)
 TODAY
  MAXIMUM         71    144 PM  94    1977  66      5       79
  MINIMUM         43    433 AM  28    1956  43      0       53
  AVERAGE         57                        54      3       66

PRECIPITATION (IN)
  TODAY            0.00          1.14 1955   0.12  -0.12     0.00
  MONTH TO DATE    3.73                      2.53   1.20     2.16
  SINCE MAR 1     10.31                      7.70   2.61     9.66
  SINCE JAN 1     15.93                     12.62   3.31    15.13

SNOWFALL (IN)
  TODAY            0.0           0.0  2002   0.0    0.0      0.0
  MONTH TO DATE    T                         0.5   -0.5      4.8
  SINCE MAR 1     33.0                      26.2    6.8     34.8
  SINCE JUL 1    129.6                     108.7   20.9     94.8
  SNOW DEPTH       0

DEGREE DAYS
 HEATING
  TODAY            8                        11     -3        0
  MONTH TO DATE  316                       354    -38      304
  SINCE MAR 1   2403                      2399      4     2434
  SINCE JUL 1   8384                      9120   -736     8176

 COOLING
  TODAY            0                         0      0        1
  MONTH TO DATE    6                         0      6        2
  SINCE MAR 1      6                         0      6        2
  SINCE JAN 1      6                         0      6        2
..................................................................


WIND (MPH)
  HIGHEST WIND SPEED    14   HIGHEST WIND DIRECTION     N (360)
  HIGHEST GUST SPEED    17   HIGHEST GUST DIRECTION     N (10)
  AVERAGE WIND SPEED     3.0


SKY COVER
  POSSIBLE SUNSHINE  MM
  AVERAGE SKY COVER 0.4


WEATHER CONDITIONS
 THE FOLLOWING WEATHER WAS RECORDED TODAY.
  NO SIGNIFICANT WEATHER WAS OBSERVED.


RELATIVE HUMIDITY (PERCENT)
 HIGHEST    96           400 AM
 LOWEST     37           200 PM
 AVERAGE    67

..........................................................


THE CARIBOU ME CLIMATE NORMALS FOR TOMORROW
                         NORMAL    RECORD    YEAR
 MAXIMUM TEMPERATURE (F)   66        91      2007
 MINIMUM TEMPERATURE (F)   43        27      1956


SUNRISE AND SUNSET
MAY 24 2017...........SUNRISE   447 AM EDT   SUNSET   811 PM EDT
MAY 25 2017...........SUNRISE   446 AM EDT   SUNSET   812 PM EDT


-  INDICATES NEGATIVE NUMBERS.
R  INDICATES RECORD WAS SET OR TIED.
MM INDICATES DATA IS MISSING.
T  INDICATES TRACE AMOUNT.

..........................................................
THE CARIBOU ME 4 INCH UNDER SOD SOIL TEMPERATURE FOR MAY 24 2017

MAXIMUM 60F
MINIMUM 54F


$$
