000
CDUS41 KCAR 180533
CLICAR


CLIMATE REPORT
NATIONAL WEATHER SERVICE CARIBOU, ME
1229 AM EST FRI NOV 18 2016


...................................

...THE CARIBOU ME CLIMATE SUMMARY FOR NOVEMBER 17 2016...

CLIMATE NORMAL PERIOD 1981 TO 2010
CLIMATE RECORD PERIOD 1939 TO 2016


WEATHER ITEM   OBSERVED TIME   RECORD YEAR NORMAL DEPARTURE LAST
                VALUE   (LST)  VALUE       VALUE  FROM      YEAR
                                                  NORMAL
..................................................................
TEMPERATURE (F)
 YESTERDAY
  MAXIMUM         51   1246 AM  64    2006  38     13       34
  MINIMUM         43   1159 PM   4    1943  24     19       29
  AVERAGE         47                        31     16       32

PRECIPITATION (IN)
  YESTERDAY        0.03          0.83 1965   0.12  -0.09      T
  MONTH TO DATE    1.20                      2.05  -0.85     0.96
  SINCE SEP 1      6.22                      8.90  -2.68     7.62
  SINCE JAN 1     37.33                     33.64   3.69    30.09

SNOWFALL (IN)
  YESTERDAY        0.0           5.9  2002   0.3   -0.3       T
  MONTH TO DATE    T                         4.3   -4.3       T
  SINCE SEP 1      T                         6.0   -6.0      0.3
  SINCE JUL 1      T                         6.0   -6.0      0.3
  SNOW DEPTH       0

DEGREE DAYS
 HEATING
  YESTERDAY       18                        34    -16       33
  MONTH TO DATE  434                       523    -89      425
  SINCE SEP 1   1205                      1509   -304     1285
  SINCE JUL 1   1285                      1663   -378     1362

 COOLING
  YESTERDAY        0                         0      0        0
  MONTH TO DATE    0                         0      0        0
  SINCE SEP 1     22                        11     11       50
  SINCE JAN 1    275                       180     95      253
..................................................................


WIND (MPH)
  HIGHEST WIND SPEED    17   HIGHEST WIND DIRECTION     N (340)
  HIGHEST GUST SPEED    23   HIGHEST GUST DIRECTION     N (340)
  AVERAGE WIND SPEED     8.1


SKY COVER
  POSSIBLE SUNSHINE  MM
  AVERAGE SKY COVER 1.0


WEATHER CONDITIONS
 THE FOLLOWING WEATHER WAS RECORDED YESTERDAY.
  LIGHT RAIN
  FOG


RELATIVE HUMIDITY (PERCENT)
 HIGHEST   100           300 AM
 LOWEST     80          1100 AM
 AVERAGE    90

..........................................................


THE CARIBOU ME CLIMATE NORMALS FOR TODAY
                         NORMAL    RECORD    YEAR
 MAXIMUM TEMPERATURE (F)   37        61      1987
 MINIMUM TEMPERATURE (F)   24         3      1943


SUNRISE AND SUNSET
NOVEMBER 18 2016......SUNRISE   640 AM EST   SUNSET   354 PM EST
NOVEMBER 19 2016......SUNRISE   641 AM EST   SUNSET   353 PM EST


-  INDICATES NEGATIVE NUMBERS.
R  INDICATES RECORD WAS SET OR TIED.
MM INDICATES DATA IS MISSING.
T  INDICATES TRACE AMOUNT.




$$
