000
CDUS41 KCAR 142033
CLICAR


CLIMATE REPORT
NATIONAL WEATHER SERVICE CARIBOU, ME
433 PM EDT THU SEP 14 2017


...................................

...THE CARIBOU ME CLIMATE SUMMARY FOR SEPTEMBER 14 2017...
VALID TODAY AS OF 0400 PM LOCAL TIME.

CLIMATE NORMAL PERIOD 1981 TO 2010
CLIMATE RECORD PERIOD 1939 TO 2017


WEATHER ITEM   OBSERVED TIME   RECORD YEAR NORMAL DEPARTURE LAST
                VALUE   (LST)  VALUE       VALUE  FROM      YEAR
                                                  NORMAL
..................................................................
TEMPERATURE (F)
 TODAY
  MAXIMUM         82R   257 PM  82    2003  66     16       68
                                      1976
  MINIMUM         55    528 AM  28    1963  45     10       45
  AVERAGE         69                        56     13       57

PRECIPITATION (IN)
  TODAY            0.00          1.36 1977   0.12  -0.12     0.29
  MONTH TO DATE    2.84                      1.48   1.36     1.17
  SINCE SEP 1      2.84                      1.48   1.36     1.17
  SINCE JAN 1     28.70                     26.22   2.48    32.28

SNOWFALL (IN)
  TODAY            0.0           0.0  2002   0.0    0.0      0.0
                                      2001
  MONTH TO DATE    0.0                       0.0    0.0      0.0
  SINCE SEP 1      0.0                       0.0    0.0      0.0
  SINCE JUL 1      0.0                       0.0    0.0      0.0
  SNOW DEPTH       0

DEGREE DAYS
 HEATING
  TODAY            0                        10    -10        8
  MONTH TO DATE   74                       107    -33       29
  SINCE SEP 1     74                       107    -33       29
  SINCE JUL 1    198                       261    -63      109

 COOLING
  TODAY            4                         0      4        0
  MONTH TO DATE    6                        10     -4       19
  SINCE SEP 1      6                        10     -4       19
  SINCE JAN 1    193                       179     14      272
..................................................................


WIND (MPH)
  HIGHEST WIND SPEED     9   HIGHEST WIND DIRECTION     W (280)
  HIGHEST GUST SPEED    14   HIGHEST GUST DIRECTION    NW (300)
  AVERAGE WIND SPEED     5.2


SKY COVER
  POSSIBLE SUNSHINE  MM
  AVERAGE SKY COVER 0.1


WEATHER CONDITIONS
 THE FOLLOWING WEATHER WAS RECORDED TODAY.
  NO SIGNIFICANT WEATHER WAS OBSERVED.


RELATIVE HUMIDITY (PERCENT)
 HIGHEST    87           700 AM
 LOWEST     43           300 PM
 AVERAGE    65

..........................................................


THE CARIBOU ME CLIMATE NORMALS FOR TOMORROW
                         NORMAL    RECORD    YEAR
 MAXIMUM TEMPERATURE (F)   66        84      2003
 MINIMUM TEMPERATURE (F)   45        28      1959
                                             1952


SUNRISE AND SUNSET
SEPTEMBER 14 2017.....SUNRISE   609 AM EDT   SUNSET   645 PM EDT
SEPTEMBER 15 2017.....SUNRISE   610 AM EDT   SUNSET   643 PM EDT


-  INDICATES NEGATIVE NUMBERS.
R  INDICATES RECORD WAS SET OR TIED.
MM INDICATES DATA IS MISSING.
T  INDICATES TRACE AMOUNT.




$$
