000
CDUS41 KCAR 200527
CLICAR


CLIMATE REPORT
NATIONAL WEATHER SERVICE CARIBOU, ME
127 AM EDT FRI MAR 20 2015


...................................

...THE CARIBOU ME CLIMATE SUMMARY FOR MARCH 19 2015...

CLIMATE NORMAL PERIOD 1981 TO 2010
CLIMATE RECORD PERIOD 1939 TO 2015


WEATHER ITEM   OBSERVED TIME   RECORD YEAR NORMAL DEPARTURE LAST
                VALUE   (LST)  VALUE       VALUE  FROM      YEAR
                                                  NORMAL
..................................................................
TEMPERATURE (F)
 YESTERDAY
  MAXIMUM         24    313 PM  55    1968  35    -11       30
  MINIMUM          8    335 AM -12    1993  16     -8       -5
  AVERAGE         16                        26    -10       13

PRECIPITATION (IN)
  YESTERDAY        T             0.78 1991   0.08  -0.08      T
  MONTH TO DATE    1.42                      1.53  -0.11     1.47
  SINCE MAR 1      1.42                      1.53  -0.11     1.47
  SINCE JAN 1      5.52                      6.45  -0.93     7.69

SNOWFALL (IN)
  YESTERDAY        T             4.7  1981   0.6   -0.6       T
  MONTH TO DATE   21.1                      12.7    8.4     22.3
  SINCE MAR 1     21.1                      12.7    8.4     22.3
  SINCE JUL 1    129.4                      95.2   34.2    121.7
  SNOW DEPTH      21

DEGREE DAYS
 HEATING
  YESTERDAY       49                        39     10       52
  MONTH TO DATE  925                       815    110     1019
  SINCE MAR 1    925                       815    110     1019
  SINCE JUL 1   7666                      7536    130     7673

 COOLING
  YESTERDAY        0                         0      0        0
  MONTH TO DATE    0                         0      0        0
  SINCE MAR 1      0                         0      0        0
  SINCE JAN 1      0                         0      0        0
..................................................................


WIND (MPH)
  HIGHEST WIND SPEED    26   HIGHEST WIND DIRECTION    NW (330)
  HIGHEST GUST SPEED    34   HIGHEST GUST DIRECTION    NW (320)
  AVERAGE WIND SPEED    14.7


SKY COVER
  POSSIBLE SUNSHINE  MM
  AVERAGE SKY COVER 0.5


WEATHER CONDITIONS
 THE FOLLOWING WEATHER WAS RECORDED YESTERDAY.
  LIGHT SNOW


RELATIVE HUMIDITY (PERCENT)
 HIGHEST    69           100 AM
 LOWEST     46          1100 PM
 AVERAGE    58

..........................................................


THE CARIBOU ME CLIMATE NORMALS FOR TODAY
                         NORMAL    RECORD    YEAR
 MAXIMUM TEMPERATURE (F)   35        73      2012
 MINIMUM TEMPERATURE (F)   17        -9      1955


SUNRISE AND SUNSET
MARCH 20 2015.........SUNRISE   636 AM EDT   SUNSET   644 PM EDT
MARCH 21 2015.........SUNRISE   634 AM EDT   SUNSET   646 PM EDT


-  INDICATES NEGATIVE NUMBERS.
R  INDICATES RECORD WAS SET OR TIED.
MM INDICATES DATA IS MISSING.
T  INDICATES TRACE AMOUNT.




$$
