406
CDUS41 KCAR 120614
CLICAR


CLIMATE REPORT
NATIONAL WEATHER SERVICE CARIBOU, ME
109 AM EST MON FEB 12 2018


...................................

...THE CARIBOU ME CLIMATE SUMMARY FOR FEBRUARY 11 2018...

CLIMATE NORMAL PERIOD 1981 TO 2010
CLIMATE RECORD PERIOD 1939 TO 2018


WEATHER ITEM   OBSERVED TIME   RECORD YEAR NORMAL DEPARTURE LAST
                VALUE   (LST)  VALUE       VALUE  FROM      YEAR
                                                  NORMAL
..................................................................
TEMPERATURE (F)
 YESTERDAY
  MAXIMUM         27    533 PM  51    1981  23      4        5
  MINIMUM         21    835 AM -26    1975   3     18      -16
  AVERAGE         24                        13     11       -5

PRECIPITATION (IN)
  YESTERDAY        0.09          1.22 1940   0.07   0.02     0.01
  MONTH TO DATE    1.82                      0.86   0.96     0.91
  SINCE DEC 1     11.24                      6.84   4.40     8.56
  SINCE JAN 1      7.12                      3.57   3.55     4.36

SNOWFALL (IN)
  YESTERDAY        0.7          11.4  1940   0.9   -0.2      0.2
  MONTH TO DATE   21.8                       8.9   12.9      9.1
  SINCE DEC 1     94.9                      57.0   37.9     69.7
  SINCE JUL 1     98.8                      69.2   29.6     89.9
  SNOW DEPTH      36

DEGREE DAYS
 HEATING
  YESTERDAY       41                        52    -11       70
  MONTH TO DATE  576                       587    -11      656
  SINCE DEC 1   3801                      3736     65     3597
  SINCE JUL 1   5505                      5881   -376     5284

 COOLING
  YESTERDAY        0                         0      0        0
  MONTH TO DATE    0                         0      0        0
  SINCE DEC 1      0                         0      0        0
  SINCE JAN 1      0                         0      0        0
..................................................................


WIND (MPH)
  HIGHEST WIND SPEED    15   HIGHEST WIND DIRECTION     S (180)
  HIGHEST GUST SPEED    23   HIGHEST GUST DIRECTION     S (190)
  AVERAGE WIND SPEED     8.2


SKY COVER
  POSSIBLE SUNSHINE  MM
  AVERAGE SKY COVER 1.0


WEATHER CONDITIONS
 THE FOLLOWING WEATHER WAS RECORDED YESTERDAY.
  LT FREEZING RAIN
  LIGHT SNOW
  FOG


RELATIVE HUMIDITY (PERCENT)
 HIGHEST    92           900 PM
 LOWEST     74           200 PM
 AVERAGE    83

..........................................................


THE CARIBOU ME CLIMATE NORMALS FOR TODAY
                         NORMAL    RECORD    YEAR
 MAXIMUM TEMPERATURE (F)   23        50      1981
 MINIMUM TEMPERATURE (F)    3       -27      1975


SUNRISE AND SUNSET
FEBRUARY 12 2018......SUNRISE   641 AM EST   SUNSET   452 PM EST
FEBRUARY 13 2018......SUNRISE   639 AM EST   SUNSET   454 PM EST


-  INDICATES NEGATIVE NUMBERS.
R  INDICATES RECORD WAS SET OR TIED.
MM INDICATES DATA IS MISSING.
T  INDICATES TRACE AMOUNT.




$$
