000
CDUS41 KCAR 140533
CLICAR


CLIMATE REPORT
NATIONAL WEATHER SERVICE CARIBOU, ME
132 AM EDT FRI JUL 14 2017


...................................

...THE CARIBOU ME CLIMATE SUMMARY FOR JULY 13 2017...

CLIMATE NORMAL PERIOD 1981 TO 2010
CLIMATE RECORD PERIOD 1939 TO 2017


WEATHER ITEM   OBSERVED TIME   RECORD YEAR NORMAL DEPARTURE LAST
                VALUE   (LST)  VALUE       VALUE  FROM      YEAR
                                                  NORMAL
..................................................................
TEMPERATURE (F)
 YESTERDAY
  MAXIMUM         76    420 PM  91    1943  76      0       86
  MINIMUM         52   1129 PM  40    1971  55     -3       56
  AVERAGE         64                        66     -2       71

PRECIPITATION (IN)
  YESTERDAY        0.00          2.04 2006   0.13  -0.13      T
  MONTH TO DATE    1.85                      1.78   0.07     2.93
  SINCE JUN 1      6.24                      5.26   0.98     6.58
  SINCE JAN 1     22.81                     18.68   4.13    22.51

SNOWFALL (IN)
  YESTERDAY        0.0           0.0  2002   0.0    0.0      0.0
                                      2001
  MONTH TO DATE    0.0                       0.0    0.0      0.0
  SINCE JUN 1      0.0                       0.0    0.0      0.0
  SINCE JUL 1      0.0                       0.0    0.0      0.0
  SNOW DEPTH       0

DEGREE DAYS
 HEATING
  YESTERDAY        1                         2     -1        0
  MONTH TO DATE    4                        30    -26       42
  SINCE JUN 1    136                       195    -59      186
  SINCE JUL 1      4                        30    -26       42

 COOLING
  YESTERDAY        0                         3     -3        6
  MONTH TO DATE   36                        29      7       21
  SINCE JUN 1     81                        63     18       66
  SINCE JAN 1     87                        68     19       74
..................................................................


WIND (MPH)
  HIGHEST WIND SPEED    10   HIGHEST WIND DIRECTION     N (360)
  HIGHEST GUST SPEED    16   HIGHEST GUST DIRECTION     N (340)
  AVERAGE WIND SPEED     3.2


SKY COVER
  POSSIBLE SUNSHINE  MM
  AVERAGE SKY COVER 0.1


WEATHER CONDITIONS
 THE FOLLOWING WEATHER WAS RECORDED YESTERDAY.
  NO SIGNIFICANT WEATHER WAS OBSERVED.


RELATIVE HUMIDITY (PERCENT)
 HIGHEST    89           500 AM
 LOWEST     33           400 PM
 AVERAGE    61

..........................................................


THE CARIBOU ME CLIMATE NORMALS FOR TODAY
                         NORMAL    RECORD    YEAR
 MAXIMUM TEMPERATURE (F)   76        91      2013
 MINIMUM TEMPERATURE (F)   56        45      1970


SUNRISE AND SUNSET
JULY 14 2017..........SUNRISE   452 AM EDT   SUNSET   823 PM EDT
JULY 15 2017..........SUNRISE   453 AM EDT   SUNSET   823 PM EDT


-  INDICATES NEGATIVE NUMBERS.
R  INDICATES RECORD WAS SET OR TIED.
MM INDICATES DATA IS MISSING.
T  INDICATES TRACE AMOUNT.




$$
