705
CDUS41 KCAR 140538
CLICAR


CLIMATE REPORT
NATIONAL WEATHER SERVICE CARIBOU, ME
1238 AM EST TUE FEB 14 2017


...................................

...THE CARIBOU ME CLIMATE SUMMARY FOR FEBRUARY 13 2017...

CLIMATE NORMAL PERIOD 1981 TO 2010
CLIMATE RECORD PERIOD 1939 TO 2017


WEATHER ITEM   OBSERVED TIME   RECORD YEAR NORMAL DEPARTURE LAST
                VALUE   (LST)  VALUE       VALUE  FROM      YEAR
                                                  NORMAL
..................................................................
TEMPERATURE (F)
 YESTERDAY
  MAXIMUM         22    711 PM  42    1984  23     -1       11
  MINIMUM         15    154 AM -22    1975   4     11      -14
  AVERAGE         19                        13      6       -1

PRECIPITATION (IN)
  YESTERDAY        0.42          0.85 2008   0.08   0.34      T
  MONTH TO DATE    1.39                      1.02   0.37     0.87
  SINCE DEC 1      9.04                      7.00   2.04     7.17
  SINCE JAN 1      4.84                      3.73   1.11     2.29

SNOWFALL (IN)
  YESTERDAY        4.7           8.1  2008   0.8    3.9      0.1
  MONTH TO DATE   14.5                      10.5    4.0      8.3
  SINCE DEC 1     75.1                      58.6   16.5     47.3
  SINCE JUL 1     95.3                      70.8   24.5     51.4
  SNOW DEPTH      30

DEGREE DAYS
 HEATING
  YESTERDAY       46                        52     -6       66
  MONTH TO DATE  769                       691     78      639
  SINCE DEC 1   3710                      3840   -130     3218
  SINCE JUL 1   5397                      5985   -588     5036

 COOLING
  YESTERDAY        0                         0      0        0
  MONTH TO DATE    0                         0      0        0
  SINCE DEC 1      0                         0      0        0
  SINCE JAN 1      0                         0      0        0
..................................................................


WIND (MPH)
  HIGHEST WIND SPEED    24   HIGHEST WIND DIRECTION     N (10)
  HIGHEST GUST SPEED    32   HIGHEST GUST DIRECTION     N (20)
  AVERAGE WIND SPEED    14.2


SKY COVER
  POSSIBLE SUNSHINE  MM
  AVERAGE SKY COVER 1.0


WEATHER CONDITIONS
 THE FOLLOWING WEATHER WAS RECORDED YESTERDAY.
  SNOW
  LIGHT SNOW
  FOG
  FOG W/VISIBILITY <= 1/4 MILE


RELATIVE HUMIDITY (PERCENT)
 HIGHEST    88           300 AM
 LOWEST     71           700 PM
 AVERAGE    80

..........................................................


THE CARIBOU ME CLIMATE NORMALS FOR TODAY
                         NORMAL    RECORD    YEAR
 MAXIMUM TEMPERATURE (F)   24        42      1971
 MINIMUM TEMPERATURE (F)    4       -25      1967


SUNRISE AND SUNSET
FEBRUARY 14 2017......SUNRISE   637 AM EST   SUNSET   456 PM EST
FEBRUARY 15 2017......SUNRISE   636 AM EST   SUNSET   457 PM EST


-  INDICATES NEGATIVE NUMBERS.
R  INDICATES RECORD WAS SET OR TIED.
MM INDICATES DATA IS MISSING.
T  INDICATES TRACE AMOUNT.




$$
