000
CDUS41 KCAR 150532
CLICAR


CLIMATE REPORT
NATIONAL WEATHER SERVICE CARIBOU, ME
128 AM EDT WED OCT 15 2014


...................................

...THE CARIBOU ME CLIMATE SUMMARY FOR OCTOBER 14 2014...

CLIMATE NORMAL PERIOD 1981 TO 2010
CLIMATE RECORD PERIOD 1939 TO 2014


WEATHER ITEM   OBSERVED TIME   RECORD YEAR NORMAL DEPARTURE LAST
                VALUE   (LST)  VALUE       VALUE  FROM      YEAR
                                                  NORMAL
..................................................................
TEMPERATURE (F)
 YESTERDAY
  MAXIMUM         69    351 PM  75    1995  53     16       53
  MINIMUM         40    606 AM  18    1972  35      5       37
  AVERAGE         55                        44     11       45

PRECIPITATION (IN)
  YESTERDAY        0.00          1.15 1944   0.11  -0.11     0.01
  MONTH TO DATE    1.86                      1.59   0.27     0.91
  SINCE SEP 1      4.45                      4.91  -0.46     7.92
  SINCE JAN 1     33.11                     29.65   3.46    40.94

SNOWFALL (IN)
  YESTERDAY        0.0           0.3  1988   0.0    0.0      0.0
  MONTH TO DATE    0.0                       0.2   -0.2      0.0
  SINCE SEP 1      0.0                       0.3   -0.3      0.0
  SINCE JUL 1      0.0                       0.3   -0.3      0.0
  SNOW DEPTH       0

DEGREE DAYS
 HEATING
  YESTERDAY       10                        21    -11       20
  MONTH TO DATE  226                       260    -34      193
  SINCE SEP 1    520                       573    -53      450
  SINCE JUL 1    578                       727   -149      564

 COOLING
  YESTERDAY        0                         0      0        0
  MONTH TO DATE    0                         0      0        0
  SINCE SEP 1     24                        11     13       13
  SINCE JAN 1    265                       180     85      192
..................................................................


WIND (MPH)
  HIGHEST WIND SPEED    15   HIGHEST WIND DIRECTION     S (170)
  HIGHEST GUST SPEED    20   HIGHEST GUST DIRECTION    SE (150)
  AVERAGE WIND SPEED     6.9


SKY COVER
  POSSIBLE SUNSHINE  MM
  AVERAGE SKY COVER 0.1


WEATHER CONDITIONS
 THE FOLLOWING WEATHER WAS RECORDED YESTERDAY.
  HAZE


RELATIVE HUMIDITY (PERCENT)
 HIGHEST    92           600 AM
 LOWEST     56          1200 PM
 AVERAGE    74

..........................................................


THE CARIBOU ME CLIMATE NORMALS FOR TODAY
                         NORMAL    RECORD    YEAR
 MAXIMUM TEMPERATURE (F)   52        71      1956
 MINIMUM TEMPERATURE (F)   35        21      2009


SUNRISE AND SUNSET
OCTOBER 15 2014.......SUNRISE   650 AM EDT   SUNSET   545 PM EDT
OCTOBER 16 2014.......SUNRISE   651 AM EDT   SUNSET   543 PM EDT


-  INDICATES NEGATIVE NUMBERS.
R  INDICATES RECORD WAS SET OR TIED.
MM INDICATES DATA IS MISSING.
T  INDICATES TRACE AMOUNT.




$$
