000
CDUS41 KCAR 250526
CLICAR


CLIMATE REPORT
NATIONAL WEATHER SERVICE CARIBOU, ME
126 AM EDT MON APR 25 2016


...................................

...THE CARIBOU ME CLIMATE SUMMARY FOR APRIL 24 2016...

CLIMATE NORMAL PERIOD 1981 TO 2010
CLIMATE RECORD PERIOD 1939 TO 2016


WEATHER ITEM   OBSERVED TIME   RECORD YEAR NORMAL DEPARTURE LAST
                VALUE   (LST)  VALUE       VALUE  FROM      YEAR
                                                  NORMAL
..................................................................
TEMPERATURE (F)
 YESTERDAY
  MAXIMUM         45    411 PM  80    1942  53     -8       40
  MINIMUM         27    436 AM  20    2004  33     -6       32
  AVERAGE         36                        43     -7       36

PRECIPITATION (IN)
  YESTERDAY        0.00          1.28 1970   0.08  -0.08     0.19
  MONTH TO DATE    2.80                      2.12   0.68     2.18
  SINCE MAR 1      7.50                      4.63   2.87     3.83
  SINCE JAN 1     12.97                      9.55   3.42     7.93

SNOWFALL (IN)
  YESTERDAY        0.0           3.3  2014   0.1   -0.1      0.1
  MONTH TO DATE    2.8                       6.9   -4.1      8.6
  SINCE MAR 1     30.0                      25.2    4.8     33.5
  SINCE JUL 1     90.0                     107.7  -17.7    141.8
  SNOW DEPTH       0

DEGREE DAYS
 HEATING
  YESTERDAY       29                        22      7       29
  MONTH TO DATE  686                       672     14      715
  SINCE MAR 1   1943                      1926     17     2117
  SINCE JUL 1   7685                      8647   -962     8858

 COOLING
  YESTERDAY        0                         0      0        0
  MONTH TO DATE    0                         0      0        0
  SINCE MAR 1      0                         0      0        0
  SINCE JAN 1      0                         0      0        0
..................................................................


WIND (MPH)
  HIGHEST WIND SPEED    26   HIGHEST WIND DIRECTION    NW (330)
  HIGHEST GUST SPEED    38   HIGHEST GUST DIRECTION    NW (330)
  AVERAGE WIND SPEED    13.5


SKY COVER
  POSSIBLE SUNSHINE  MM
  AVERAGE SKY COVER 0.2


WEATHER CONDITIONS
 THE FOLLOWING WEATHER WAS RECORDED YESTERDAY.
  NO SIGNIFICANT WEATHER WAS OBSERVED.


RELATIVE HUMIDITY (PERCENT)
 HIGHEST    58          1200 AM
 LOWEST     23          1200 PM
 AVERAGE    41

..........................................................


THE CARIBOU ME CLIMATE NORMALS FOR TODAY
                         NORMAL    RECORD    YEAR
 MAXIMUM TEMPERATURE (F)   53        77      2009
 MINIMUM TEMPERATURE (F)   34        17      2004


SUNRISE AND SUNSET
APRIL 25 2016.........SUNRISE   526 AM EDT   SUNSET   735 PM EDT
APRIL 26 2016.........SUNRISE   524 AM EDT   SUNSET   736 PM EDT


-  INDICATES NEGATIVE NUMBERS.
R  INDICATES RECORD WAS SET OR TIED.
MM INDICATES DATA IS MISSING.
T  INDICATES TRACE AMOUNT.




$$
