000
CDUS41 KCAR 150530
CLICAR


CLIMATE REPORT
NATIONAL WEATHER SERVICE CARIBOU, ME
130 AM EDT SUN MAY 15 2016


...................................

...THE CARIBOU ME CLIMATE SUMMARY FOR MAY 14 2016...

CLIMATE NORMAL PERIOD 1981 TO 2010
CLIMATE RECORD PERIOD 1939 TO 2016


WEATHER ITEM   OBSERVED TIME   RECORD YEAR NORMAL DEPARTURE LAST
                VALUE   (LST)  VALUE       VALUE  FROM      YEAR
                                                  NORMAL
..................................................................
TEMPERATURE (F)
 YESTERDAY
  MAXIMUM         70    309 PM  81    1961  62      8       67
  MINIMUM         51   1159 PM  25    1947  40     11       39
  AVERAGE         61                        51     10       53

PRECIPITATION (IN)
  YESTERDAY        0.53          0.97 1960   0.10   0.43     0.00
  MONTH TO DATE    1.13                      1.38  -0.25     0.85
  SINCE MAR 1      8.63                      6.55   2.08     4.85
  SINCE JAN 1     14.10                     11.47   2.63     8.95

SNOWFALL (IN)
  YESTERDAY        0.0           2.7  2002   0.0    0.0      0.0
  MONTH TO DATE    0.3                       0.4   -0.1       T
  SINCE MAR 1     30.3                      26.1    4.2     33.5
  SINCE JUL 1     90.3                     108.6  -18.3    141.8
  SNOW DEPTH       0

DEGREE DAYS
 HEATING
  YESTERDAY        4                        14    -10       12
  MONTH TO DATE  211                       230    -19      178
  SINCE MAR 1   2341                      2275     66     2425
  SINCE JUL 1   8083                      8996   -913     9166

 COOLING
  YESTERDAY        0                         0      0        0
  MONTH TO DATE    0                         0      0        0
  SINCE MAR 1      0                         0      0        0
  SINCE JAN 1      0                         0      0        0
..................................................................


WIND (MPH)
  HIGHEST WIND SPEED    15   HIGHEST WIND DIRECTION    NE (60)
  HIGHEST GUST SPEED    21   HIGHEST GUST DIRECTION    NE (60)
  AVERAGE WIND SPEED     8.4


SKY COVER
  POSSIBLE SUNSHINE  MM
  AVERAGE SKY COVER 0.6


WEATHER CONDITIONS
 THE FOLLOWING WEATHER WAS RECORDED YESTERDAY.
  RAIN
  LIGHT RAIN
  FOG


RELATIVE HUMIDITY (PERCENT)
 HIGHEST    93          1200 AM
 LOWEST     53           200 PM
 AVERAGE    73

..........................................................


THE CARIBOU ME CLIMATE NORMALS FOR TODAY
                         NORMAL    RECORD    YEAR
 MAXIMUM TEMPERATURE (F)   63        86      1974
 MINIMUM TEMPERATURE (F)   40        25      1947


SUNRISE AND SUNSET
MAY 15 2016...........SUNRISE   457 AM EDT   SUNSET   801 PM EDT
MAY 16 2016...........SUNRISE   455 AM EDT   SUNSET   802 PM EDT


-  INDICATES NEGATIVE NUMBERS.
R  INDICATES RECORD WAS SET OR TIED.
MM INDICATES DATA IS MISSING.
T  INDICATES TRACE AMOUNT.




$$
