000
CDUS41 KCAR 262028
CLICAR


CLIMATE REPORT
NATIONAL WEATHER SERVICE CARIBOU, ME
428 PM EDT SAT JUL 26 2014


...................................

...THE CARIBOU ME CLIMATE SUMMARY FOR JULY 26 2014...
VALID TODAY AS OF 0400 PM LOCAL TIME.

CLIMATE NORMAL PERIOD 1981 TO 2010
CLIMATE RECORD PERIOD 1939 TO 2014


WEATHER ITEM   OBSERVED TIME   RECORD YEAR NORMAL DEPARTURE LAST
                VALUE   (LST)  VALUE       VALUE  FROM      YEAR
                                                  NORMAL
..................................................................
TEMPERATURE (F)
 TODAY
  MAXIMUM         79    259 PM  93    1963  76      3       62
  MINIMUM         57    435 AM  42    1993  56      1       56
  AVERAGE         68                        66      2       59

PRECIPITATION (IN)
  TODAY            0.00          0.95 2013   0.13  -0.13     0.95
  MONTH TO DATE    5.32                      3.47   1.85     6.70
  SINCE JUN 1      7.93                      6.95   0.98    12.76
  SINCE JAN 1     25.13                     20.37   4.76    26.78

SNOWFALL (IN)
  TODAY            0.0           0.0  2002   0.0    0.0      0.0
                                      2001
  MONTH TO DATE    0.0                       0.0    0.0      0.0
  SINCE JUN 1      0.0                       0.0    0.0      0.0
  SINCE JUL 1      0.0                       0.0    0.0      0.0
  SNOW DEPTH       0

DEGREE DAYS
 HEATING
  TODAY            0                         2     -2        6
  MONTH TO DATE   20                        54    -34       26
  SINCE JUN 1    109                       219   -110      204
  SINCE JUL 1     20                        54    -34       26

 COOLING
  TODAY            3                         3      0        0
  MONTH TO DATE  120                        64     56      118
  SINCE JUN 1    156                        98     58      141
  SINCE JAN 1    159                       103     56      149
..................................................................


WIND (MPH)
  HIGHEST WIND SPEED    21   HIGHEST WIND DIRECTION    SW (240)
  HIGHEST GUST SPEED    30   HIGHEST GUST DIRECTION    SW (240)
  AVERAGE WIND SPEED     9.1


SKY COVER
  POSSIBLE SUNSHINE  MM
  AVERAGE SKY COVER 0.0


WEATHER CONDITIONS
 THE FOLLOWING WEATHER WAS RECORDED TODAY.
  FOG
  HAZE


RELATIVE HUMIDITY (PERCENT)
 HIGHEST    93           300 AM
 LOWEST     35           100 PM
 AVERAGE    64

..........................................................


THE CARIBOU ME CLIMATE NORMALS FOR TOMORROW
                         NORMAL    RECORD    YEAR
 MAXIMUM TEMPERATURE (F)   76        92      1963
 MINIMUM TEMPERATURE (F)   56        42      1946


SUNRISE AND SUNSET
JULY 26 2014..........SUNRISE   505 AM EDT   SUNSET   812 PM EDT
JULY 27 2014..........SUNRISE   506 AM EDT   SUNSET   811 PM EDT


-  INDICATES NEGATIVE NUMBERS.
R  INDICATES RECORD WAS SET OR TIED.
MM INDICATES DATA IS MISSING.
T  INDICATES TRACE AMOUNT.




$$
