000
CDUS41 KCAR 170549
CLICAR

CLIMATE REPORT
NATIONAL WEATHER SERVICE CARIBOU, ME
135 AM EDT THU JUL 17 2014


...................................

...THE CARIBOU ME CLIMATE SUMMARY FOR JULY 16 2014...

CLIMATE NORMAL PERIOD 1981 TO 2010
CLIMATE RECORD PERIOD 1939 TO 2014


WEATHER ITEM   OBSERVED TIME   RECORD YEAR NORMAL DEPARTURE LAST
                VALUE   (LST)  VALUE       VALUE  FROM      YEAR
                                                  NORMAL
..................................................................
TEMPERATURE (F)
 YESTERDAY
  MAXIMUM         75    210 PM  93    1968  76     -1       87
  MINIMUM         65   1159 PM  40    1992  56      9       62
                                      1946
  AVERAGE         70                        66      4       75

PRECIPITATION (IN)
  YESTERDAY        0.32          0.93 2001   0.13   0.19     0.00
  MONTH TO DATE    4.69                      2.18   2.51     0.03
  SINCE JUN 1      7.30                      5.66   1.64     6.09
  SINCE JAN 1     24.50                     19.08   5.42    20.11

SNOWFALL (IN)
  YESTERDAY        0.0           0.0  2002   0.0    0.0      0.0
                                      2001
  MONTH TO DATE    0.0                       0.0    0.0      0.0
  SINCE JUN 1      0.0                       0.0    0.0      0.0
  SINCE JUL 1      0.0                       0.0    0.0      0.0
  SNOW DEPTH       0

DEGREE DAYS
 HEATING
  YESTERDAY        0                         2     -2        0
  MONTH TO DATE   17                        36    -19        3
  SINCE JUN 1    106                       201    -95      181
  SINCE JUL 1     17                        36    -19        3

 COOLING
  YESTERDAY        5                         2      3       10
  MONTH TO DATE   86                        37     49       98
  SINCE JUN 1    122                        71     51      121
  SINCE JAN 1    125                        76     49      129
..................................................................


WIND (MPH)
  HIGHEST WIND SPEED    13   HIGHEST WIND DIRECTION     S (160)
  HIGHEST GUST SPEED    16   HIGHEST GUST DIRECTION    SE (150)
  AVERAGE WIND SPEED     6.2


SKY COVER
  POSSIBLE SUNSHINE  MM
  AVERAGE SKY COVER 0.9


WEATHER CONDITIONS
 THE FOLLOWING WEATHER WAS RECORDED YESTERDAY.
  RAIN
  LIGHT RAIN
  FOG


RELATIVE HUMIDITY (PERCENT)
 HIGHEST    97          1200 AM
 LOWEST     87          1200 PM
 AVERAGE    92

..........................................................


THE CARIBOU ME CLIMATE NORMALS FOR TODAY
                         NORMAL    RECORD    YEAR
 MAXIMUM TEMPERATURE (F)   76        92      1999
 MINIMUM TEMPERATURE (F)   56        43      1942


SUNRISE AND SUNSET
JULY 17 2014..........SUNRISE   455 AM EDT   SUNSET   821 PM EDT
JULY 18 2014..........SUNRISE   456 AM EDT   SUNSET   820 PM EDT


-  INDICATES NEGATIVE NUMBERS.
R  INDICATES RECORD WAS SET OR TIED.
MM INDICATES DATA IS MISSING.
T  INDICATES TRACE AMOUNT.

THE CARIBOU ME 4 INCH SOIL TEMPERATURE FOR JULY 16 2014

MAXIMUM SOIL TEMPERATURE (F)...78
MINIMUM SOIL TEMPERATURE (F)...72


$$
