000
CDUS41 KCAR 310536
CLICAR


CLIMATE REPORT
NATIONAL WEATHER SERVICE CARIBOU, ME
135 AM EDT MON MAR 31 2014


...................................

...THE CARIBOU ME CLIMATE SUMMARY FOR MARCH 30 2014...

CLIMATE NORMAL PERIOD 1981 TO 2010
CLIMATE RECORD PERIOD 1939 TO 2014


WEATHER ITEM   OBSERVED TIME   RECORD YEAR NORMAL DEPARTURE LAST
                VALUE   (LST)  VALUE       VALUE  FROM      YEAR
                                                  NORMAL
..................................................................
TEMPERATURE (F)
 YESTERDAY
  MAXIMUM         29    434 PM  73    1962  39    -10       46
  MINIMUM         27   1159 PM  -1    1943  22      5       22
  AVERAGE         28                        30     -2       34

PRECIPITATION (IN)
  YESTERDAY        0.58          0.71 2009   0.08   0.50     0.00
  MONTH TO DATE    3.44                      2.43   1.01     1.74
  SINCE MAR 1      3.44                      2.43   1.01     1.74
  SINCE JAN 1      9.66                      7.35   2.31     7.11

SNOWFALL (IN)
  YESTERDAY        4.5           5.1  2009   0.4    4.1      0.0
  MONTH TO DATE   42.1                      17.9   24.2     15.2
  SINCE MAR 1     42.1                      17.9   24.2     15.2
  SINCE JUL 1    141.5                     100.4   41.1    102.6
  SNOW DEPTH      30

DEGREE DAYS
 HEATING
  YESTERDAY       37                        34      3       31
  MONTH TO DATE 1505                      1219    286     1056
  SINCE MAR 1   1505                      1219    286     1056
  SINCE JUL 1   8159                      7940    219     7204

 COOLING
  YESTERDAY        0                         0      0        0
  MONTH TO DATE    0                         0      0        0
  SINCE MAR 1      0                         0      0        0
  SINCE JAN 1      0                         0      0        0
..................................................................


WIND (MPH)
  HIGHEST WIND SPEED    23   HIGHEST WIND DIRECTION     E (70)
  HIGHEST GUST SPEED    31   HIGHEST GUST DIRECTION    NE (60)
  AVERAGE WIND SPEED    12.8


SKY COVER
  POSSIBLE SUNSHINE  MM
  AVERAGE SKY COVER 0.9


WEATHER CONDITIONS
 THE FOLLOWING WEATHER WAS RECORDED YESTERDAY.
  HEAVY SNOW
  SNOW
  LIGHT SNOW
  FOG
  FOG W/VISIBILITY <= 1/4 MILE


RELATIVE HUMIDITY (PERCENT)
 HIGHEST    92           600 PM
 LOWEST     58          1200 AM
 AVERAGE    75

..........................................................


THE CARIBOU ME CLIMATE NORMALS FOR TODAY
                         NORMAL    RECORD    YEAR
 MAXIMUM TEMPERATURE (F)   40        59      2006
 MINIMUM TEMPERATURE (F)   22         0      1954


SUNRISE AND SUNSET
MARCH 31 2014.........SUNRISE   613 AM EDT   SUNSET   700 PM EDT
APRIL  1 2014.........SUNRISE   611 AM EDT   SUNSET   701 PM EDT


-  INDICATES NEGATIVE NUMBERS.
R  INDICATES RECORD WAS SET OR TIED.
MM INDICATES DATA IS MISSING.
T  INDICATES TRACE AMOUNT.




$$
