000
CDUS41 KCAR 122032
CLICAR


CLIMATE REPORT
NATIONAL WEATHER SERVICE CARIBOU, ME
431 PM EDT TUE JUL 12 2016


...................................

...THE CARIBOU ME CLIMATE SUMMARY FOR JULY 12 2016...
VALID TODAY AS OF 0400 PM LOCAL TIME.

CLIMATE NORMAL PERIOD 1981 TO 2010
CLIMATE RECORD PERIOD 1939 TO 2016


WEATHER ITEM   OBSERVED TIME   RECORD YEAR NORMAL DEPARTURE LAST
                VALUE   (LST)  VALUE       VALUE  FROM      YEAR
                                                  NORMAL
..................................................................
TEMPERATURE (F)
 TODAY
  MAXIMUM         85    258 PM  89    1943  76      9       83
  MINIMUM         55    414 AM  42    1971  55      0       58
                                      1940
  AVERAGE         70                        66      4       71

PRECIPITATION (IN)
  TODAY            0.00          1.58 1976   0.14  -0.14     0.00
  MONTH TO DATE    2.93                      1.65   1.28     0.62
  SINCE JUN 1      6.58                      5.13   1.45     4.87
  SINCE JAN 1     22.51                     18.55   3.96    15.72

SNOWFALL (IN)
  TODAY            0.0           0.0  2002   0.0    0.0      0.0
                                      2001
  MONTH TO DATE    0.0                       0.0    0.0      0.0
  SINCE JUN 1      0.0                       0.0    0.0      0.0
  SINCE JUL 1      0.0                       0.0    0.0      0.0
  SNOW DEPTH       0

DEGREE DAYS
 HEATING
  TODAY            0                         2     -2        0
  MONTH TO DATE   42                        28     14       16
  SINCE JUN 1    186                       193     -7      228
  SINCE JUL 1     42                        28     14       16

 COOLING
  TODAY            5                         3      2        6
  MONTH TO DATE   15                        26    -11       23
  SINCE JUN 1     60                        60      0       29
  SINCE JAN 1     68                        65      3       50
..................................................................


WIND (MPH)
  HIGHEST WIND SPEED    17   HIGHEST WIND DIRECTION     N (340)
  HIGHEST GUST SPEED    24   HIGHEST GUST DIRECTION     N (340)
  AVERAGE WIND SPEED     5.4


SKY COVER
  POSSIBLE SUNSHINE  MM
  AVERAGE SKY COVER 0.0


WEATHER CONDITIONS
 THE FOLLOWING WEATHER WAS RECORDED TODAY.
  NO SIGNIFICANT WEATHER WAS OBSERVED.


RELATIVE HUMIDITY (PERCENT)
 HIGHEST    93           300 AM
 LOWEST     27           200 PM
 AVERAGE    60

..........................................................


THE CARIBOU ME CLIMATE NORMALS FOR TOMORROW
                         NORMAL    RECORD    YEAR
 MAXIMUM TEMPERATURE (F)   76        91      1943
 MINIMUM TEMPERATURE (F)   55        40      1971


SUNRISE AND SUNSET
JULY 12 2016..........SUNRISE   450 AM EDT   SUNSET   825 PM EDT
JULY 13 2016..........SUNRISE   451 AM EDT   SUNSET   824 PM EDT


-  INDICATES NEGATIVE NUMBERS.
R  INDICATES RECORD WAS SET OR TIED.
MM INDICATES DATA IS MISSING.
T  INDICATES TRACE AMOUNT.




$$
