702
CDUS41 KCAR 252027
CLICAR

CLIMATE REPORT
NATIONAL WEATHER SERVICE CARIBOU, ME
426 PM EDT MON APR 25 2016


...................................

...THE CARIBOU ME CLIMATE SUMMARY FOR APRIL 25 2016...
VALID TODAY AS OF 0400 PM LOCAL TIME.

CLIMATE NORMAL PERIOD 1981 TO 2010
CLIMATE RECORD PERIOD 1939 TO 2016


WEATHER ITEM   OBSERVED TIME   RECORD YEAR NORMAL DEPARTURE LAST
                VALUE   (LST)  VALUE       VALUE  FROM      YEAR
                                                  NORMAL
..................................................................
TEMPERATURE (F)
 TODAY
  MAXIMUM         43    238 PM  77    2009  53    -10       46
  MINIMUM         28    421 AM  17    2004  34     -6       33
  AVERAGE         36                        43     -7       40

PRECIPITATION (IN)
  TODAY            T             0.67 2005   0.09  -0.09      T
  MONTH TO DATE    2.80                      2.21   0.59     2.18
  SINCE MAR 1      7.50                      4.72   2.78     3.83
  SINCE JAN 1     12.97                      9.64   3.33     7.93

SNOWFALL (IN)
  TODAY            T             2.3  1944   0.1   -0.1       T
  MONTH TO DATE    2.8                       7.0   -4.2      8.6
  SINCE MAR 1     30.0                      25.3    4.7     33.5
  SINCE JUL 1     90.0                     107.8  -17.8    141.8
  SNOW DEPTH       0

DEGREE DAYS
 HEATING
  TODAY           29                        22      7       25
  MONTH TO DATE  715                       694     21      740
  SINCE MAR 1   1972                      1948     24     2142
  SINCE JUL 1   7714                      8669   -955     8883

 COOLING
  TODAY            0                         0      0        0
  MONTH TO DATE    0                         0      0        0
  SINCE MAR 1      0                         0      0        0
  SINCE JAN 1      0                         0      0        0
..................................................................


WIND (MPH)
  HIGHEST WIND SPEED    20   HIGHEST WIND DIRECTION    NW (330)
  HIGHEST GUST SPEED    26   HIGHEST GUST DIRECTION     N (340)
  AVERAGE WIND SPEED    10.1


SKY COVER
  POSSIBLE SUNSHINE  MM
  AVERAGE SKY COVER 0.6


WEATHER CONDITIONS
 THE FOLLOWING WEATHER WAS RECORDED TODAY.
  LIGHT SNOW


RELATIVE HUMIDITY (PERCENT)
 HIGHEST    63           300 AM
 LOWEST     28           300 PM
 AVERAGE    46

..........................................................


THE CARIBOU ME CLIMATE NORMALS FOR TOMORROW
                         NORMAL    RECORD    YEAR
 MAXIMUM TEMPERATURE (F)   54        74      1979
 MINIMUM TEMPERATURE (F)   34        20      1966


SUNRISE AND SUNSET
APRIL 25 2016.........SUNRISE   526 AM EDT   SUNSET   735 PM EDT
APRIL 26 2016.........SUNRISE   524 AM EDT   SUNSET   736 PM EDT


-  INDICATES NEGATIVE NUMBERS.
R  INDICATES RECORD WAS SET OR TIED.
MM INDICATES DATA IS MISSING.
T  INDICATES TRACE AMOUNT.

..............................................................

THE CARIBOU 4 INCH SOIL TEMPERATURE:
MAXIMUM SOIL TEMPERATURE (F):  40
MINIMUM SOIL TEMPERATURE (F):  36


$$
