000
CDUS41 KCAR 230529
CLICAR


CLIMATE REPORT
NATIONAL WEATHER SERVICE CARIBOU, ME
1229 AM EST MON FEB 23 2015


...................................

...THE CARIBOU ME CLIMATE SUMMARY FOR FEBRUARY 22 2015...

CLIMATE NORMAL PERIOD 1981 TO 2010
CLIMATE RECORD PERIOD 1939 TO 2015


WEATHER ITEM   OBSERVED TIME   RECORD YEAR NORMAL DEPARTURE LAST
                VALUE   (LST)  VALUE       VALUE  FROM      YEAR
                                                  NORMAL
..................................................................
TEMPERATURE (F)
 YESTERDAY
  MAXIMUM         28    339 PM  52    1990  26      2       41
                                      1981
  MINIMUM         11    746 AM -20    1972   6      5       29
  AVERAGE         20                        16      4       35

PRECIPITATION (IN)
  YESTERDAY        0.06          0.51 1951   0.08  -0.02     0.04
  MONTH TO DATE    1.18                      1.71  -0.53     2.20
  SINCE DEC 1      9.96                      7.69   2.27     9.77
  SINCE JAN 1      4.08                      4.42  -0.34     6.19

SNOWFALL (IN)
  YESTERDAY        1.0           5.5  1973   0.8    0.2      0.3
  MONTH TO DATE   18.2                      17.6    0.6     26.2
  SINCE DEC 1     79.0                      65.7   13.3     88.2
  SINCE JUL 1    107.8                      77.9   29.9     98.3
  SNOW DEPTH      21

DEGREE DAYS
 HEATING
  YESTERDAY       45                        49     -4       30
  MONTH TO DATE 1373                      1141    232     1130
  SINCE DEC 1   4429                      4290    139     4371
  SINCE JUL 1   6381                      6435    -54     6327

 COOLING
  YESTERDAY        0                         0      0        0
  MONTH TO DATE    0                         0      0        0
  SINCE DEC 1      0                         0      0        0
  SINCE JAN 1      0                         0      0        0
..................................................................


WIND (MPH)
  HIGHEST WIND SPEED    12   HIGHEST WIND DIRECTION    SW (240)
  HIGHEST GUST SPEED    15   HIGHEST GUST DIRECTION    SW (240)
  AVERAGE WIND SPEED     3.6


SKY COVER
  POSSIBLE SUNSHINE  MM
  AVERAGE SKY COVER 0.5


WEATHER CONDITIONS
 THE FOLLOWING WEATHER WAS RECORDED YESTERDAY.
  LIGHT SNOW
  FOG
  FOG W/VISIBILITY <= 1/4 MILE


RELATIVE HUMIDITY (PERCENT)
 HIGHEST    96           600 AM
 LOWEST     53           300 PM
 AVERAGE    75

..........................................................


THE CARIBOU ME CLIMATE NORMALS FOR TODAY
                         NORMAL    RECORD    YEAR
 MAXIMUM TEMPERATURE (F)   27        52      1981
 MINIMUM TEMPERATURE (F)    7       -25      1972


SUNRISE AND SUNSET
FEBRUARY 23 2015......SUNRISE   623 AM EST   SUNSET   508 PM EST
FEBRUARY 24 2015......SUNRISE   621 AM EST   SUNSET   510 PM EST


-  INDICATES NEGATIVE NUMBERS.
R  INDICATES RECORD WAS SET OR TIED.
MM INDICATES DATA IS MISSING.
T  INDICATES TRACE AMOUNT.




$$
