879
CDUS41 KCAR 200531
CLICAR


CLIMATE REPORT
NATIONAL WEATHER SERVICE CARIBOU, ME
128 AM EDT TUE JUN 20 2017


...................................

...THE CARIBOU ME CLIMATE SUMMARY FOR JUNE 19 2017...

CLIMATE NORMAL PERIOD 1981 TO 2010
CLIMATE RECORD PERIOD 1939 TO 2017


WEATHER ITEM   OBSERVED TIME   RECORD YEAR NORMAL DEPARTURE LAST
                VALUE   (LST)  VALUE       VALUE  FROM      YEAR
                                                  NORMAL
..................................................................
TEMPERATURE (F)
 YESTERDAY
  MAXIMUM         83   1235 PM  91    1995  73     10       89
  MINIMUM         69   1159 PM  35    1946  51     18       55
                                      1944
                                      1939
  AVERAGE         76                        62     14       72

PRECIPITATION (IN)
  YESTERDAY        0.74          1.53 1990   0.11   0.63     0.00
  MONTH TO DATE    1.62                      2.10  -0.48     2.18
  SINCE JUN 1      1.62                      2.10  -0.48     2.18
  SINCE JAN 1     18.19                     15.52   2.67    18.11

SNOWFALL (IN)
  YESTERDAY        0.0           0.0  2002   0.0    0.0      0.0
                                      2001
  MONTH TO DATE    0.0                       0.0    0.0      0.0
  SINCE JUN 1      0.0                       0.0    0.0      0.0
  SINCE JUL 1    129.6                     108.7   20.9     94.8
  SNOW DEPTH       0

DEGREE DAYS
 HEATING
  YESTERDAY        0                         5     -5        0
  MONTH TO DATE  101                       126    -25      128
  SINCE JUN 1    101                       126    -25      128
  SINCE JUL 1   8549                      9315   -766     8345

 COOLING
  YESTERDAY       11                         1     10        7
  MONTH TO DATE   37                        16     21        7
  SINCE JUN 1     37                        16     21        7
  SINCE JAN 1     43                        21     22       15
..................................................................


WIND (MPH)
  HIGHEST WIND SPEED    24   HIGHEST WIND DIRECTION     W (250)
  HIGHEST GUST SPEED    30   HIGHEST GUST DIRECTION     W (250)
  AVERAGE WIND SPEED     8.5


SKY COVER
  POSSIBLE SUNSHINE  MM
  AVERAGE SKY COVER 0.8


WEATHER CONDITIONS
 THE FOLLOWING WEATHER WAS RECORDED YESTERDAY.
  THUNDERSTORM
  HEAVY RAIN
  RAIN
  LIGHT RAIN
  FOG


RELATIVE HUMIDITY (PERCENT)
 HIGHEST    97           800 PM
 LOWEST     65          1200 PM
 AVERAGE    81

..........................................................


THE CARIBOU ME CLIMATE NORMALS FOR TODAY
                         NORMAL    RECORD    YEAR
 MAXIMUM TEMPERATURE (F)   73        91      1988
 MINIMUM TEMPERATURE (F)   51        35      1986


SUNRISE AND SUNSET
JUNE 20 2017..........SUNRISE   437 AM EDT   SUNSET   830 PM EDT
JUNE 21 2017..........SUNRISE   438 AM EDT   SUNSET   830 PM EDT


-  INDICATES NEGATIVE NUMBERS.
R  INDICATES RECORD WAS SET OR TIED.
MM INDICATES DATA IS MISSING.
T  INDICATES TRACE AMOUNT.

.....................................................................................
THE CARIBOU ME 4 INCH UNDER SOD SOIL TEMPERATURE FOR JUNE 19 2017

MAXIMUM 70F
MINIMUM 65F


$$
