693
CDUS41 KCAR 032127
CLICAR


CLIMATE REPORT
NATIONAL WEATHER SERVICE CARIBOU, ME
427 PM EST SUN DEC 3 2017


...................................

...THE CARIBOU ME CLIMATE SUMMARY FOR DECEMBER 3 2017...
VALID TODAY AS OF 0400 PM LOCAL TIME.

CLIMATE NORMAL PERIOD 1981 TO 2010
CLIMATE RECORD PERIOD 1939 TO 2017


WEATHER ITEM   OBSERVED TIME   RECORD YEAR NORMAL DEPARTURE LAST
                VALUE   (LST)  VALUE       VALUE  FROM      YEAR
                                                  NORMAL
..................................................................
TEMPERATURE (F)
 TODAY
  MAXIMUM         31    350 PM  52    1939  31      0       32
  MINIMUM         28    845 AM -20    1940  17     11       24
  AVERAGE         30                        24      6       28

PRECIPITATION (IN)
  TODAY            T             1.23 1939   0.12  -0.12     0.04
  MONTH TO DATE    0.03                      0.35  -0.32     1.26
  SINCE DEC 1      0.03                      0.35  -0.32     1.26
  SINCE JAN 1     38.92                     35.57   3.35    41.02

SNOWFALL (IN)
  TODAY            T            19.4  1989   0.7   -0.7      1.2
  MONTH TO DATE    T                         1.9   -1.9     13.3
  SINCE DEC 1      T                         1.9   -1.9     13.3
  SINCE JUL 1      3.9                      14.1  -10.2     33.5
  SNOW DEPTH       0

DEGREE DAYS
 HEATING
  TODAY           35                        41     -6       37
  MONTH TO DATE  102                       122    -20      103
  SINCE DEC 1    102                       122    -20      103
  SINCE JUL 1   1805                      2267   -462     1790

 COOLING
  TODAY            0                         0      0        0
  MONTH TO DATE    0                         0      0        0
  SINCE DEC 1      0                         0      0        0
  SINCE JAN 1    222                       180     42      275
..................................................................


WIND (MPH)
  HIGHEST WIND SPEED     6   HIGHEST WIND DIRECTION     N (360)
  HIGHEST GUST SPEED     8   HIGHEST GUST DIRECTION    NW (330)
  AVERAGE WIND SPEED     0.9


SKY COVER
  POSSIBLE SUNSHINE  MM
  AVERAGE SKY COVER 1.0


WEATHER CONDITIONS
 THE FOLLOWING WEATHER WAS RECORDED TODAY.
  LIGHT SNOW


RELATIVE HUMIDITY (PERCENT)
 HIGHEST    78           200 AM
 LOWEST     69           200 PM
 AVERAGE    74

..........................................................


THE CARIBOU ME CLIMATE NORMALS FOR TOMORROW
                         NORMAL    RECORD    YEAR
 MAXIMUM TEMPERATURE (F)   30        57      1950
 MINIMUM TEMPERATURE (F)   16       -22      1972
                                             1940


SUNRISE AND SUNSET
DECEMBER  3 2017......SUNRISE   659 AM EST   SUNSET   345 PM EST
DECEMBER  4 2017......SUNRISE   700 AM EST   SUNSET   344 PM EST


-  INDICATES NEGATIVE NUMBERS.
R  INDICATES RECORD WAS SET OR TIED.
MM INDICATES DATA IS MISSING.
T  INDICATES TRACE AMOUNT.




$$
