000
CDUS41 KCAR 050526
CLICAR


CLIMATE REPORT
NATIONAL WEATHER SERVICE CARIBOU, ME
125 AM EDT THU OCT 5 2017


...................................

...THE CARIBOU ME CLIMATE SUMMARY FOR OCTOBER 4 2017...

CLIMATE NORMAL PERIOD 1981 TO 2010
CLIMATE RECORD PERIOD 1939 TO 2017


WEATHER ITEM   OBSERVED TIME   RECORD YEAR NORMAL DEPARTURE LAST
                VALUE   (LST)  VALUE       VALUE  FROM      YEAR
                                                  NORMAL
..................................................................
TEMPERATURE (F)
 YESTERDAY
  MAXIMUM         79R   215 PM  79    2005  57     22       63
  MINIMUM         45    552 AM  25    2002  38      7       29
                                      1945
                                      1944
  AVERAGE         62                        48     14       46

PRECIPITATION (IN)
  YESTERDAY        0.43          1.16 2009   0.11   0.32     0.00
  MONTH TO DATE    0.43                      0.45  -0.02     0.00
  SINCE SEP 1      3.56                      3.77  -0.21     2.48
  SINCE JAN 1     29.42                     28.51   0.91    33.59

SNOWFALL (IN)
  YESTERDAY        0.0           0.1  1989   0.0    0.0      0.0
  MONTH TO DATE    0.0                       0.0    0.0      0.0
  SINCE SEP 1      0.0                       0.1   -0.1      0.0
  SINCE JUL 1      0.0                       0.1   -0.1      0.0
  SNOW DEPTH       0

DEGREE DAYS
 HEATING
  YESTERDAY        3                        17    -14       19
  MONTH TO DATE   58                        66     -8       57
  SINCE SEP 1    204                       379   -175      262
  SINCE JUL 1    328                       533   -205      342

 COOLING
  YESTERDAY        0                         0      0        0
  MONTH TO DATE    0                         0      0        0
  SINCE SEP 1     34                        11     23       22
  SINCE JAN 1    221                       180     41      275
..................................................................


WIND (MPH)
  HIGHEST WIND SPEED    15   HIGHEST WIND DIRECTION     S (200)
  HIGHEST GUST SPEED    24   HIGHEST GUST DIRECTION     S (190)
  AVERAGE WIND SPEED     7.8


SKY COVER
  POSSIBLE SUNSHINE  MM
  AVERAGE SKY COVER 0.5


WEATHER CONDITIONS
 THE FOLLOWING WEATHER WAS RECORDED YESTERDAY.
  THUNDERSTORM
  HEAVY RAIN
  RAIN
  LIGHT RAIN
  FOG


RELATIVE HUMIDITY (PERCENT)
 HIGHEST    93           100 AM
 LOWEST     47           100 PM
 AVERAGE    70

..........................................................


THE CARIBOU ME CLIMATE NORMALS FOR TODAY
                         NORMAL    RECORD    YEAR
 MAXIMUM TEMPERATURE (F)   57        77      2005
                                             1946
 MINIMUM TEMPERATURE (F)   38        25      1975


SUNRISE AND SUNSET
OCTOBER  5 2017.......SUNRISE   636 AM EDT   SUNSET   603 PM EDT
OCTOBER  6 2017.......SUNRISE   638 AM EDT   SUNSET   602 PM EDT


-  INDICATES NEGATIVE NUMBERS.
R  INDICATES RECORD WAS SET OR TIED.
MM INDICATES DATA IS MISSING.
T  INDICATES TRACE AMOUNT.




$$
