000
CDUS41 KCAR 140539
CLICAR


CLIMATE REPORT
NATIONAL WEATHER SERVICE CARIBOU, ME
136 AM EDT FRI APR 14 2017


...................................

...THE CARIBOU ME CLIMATE SUMMARY FOR APRIL 13 2017...

CLIMATE NORMAL PERIOD 1981 TO 2010
CLIMATE RECORD PERIOD 1939 TO 2017


WEATHER ITEM   OBSERVED TIME   RECORD YEAR NORMAL DEPARTURE LAST
                VALUE   (LST)  VALUE       VALUE  FROM      YEAR
                                                  NORMAL
..................................................................
TEMPERATURE (F)
 YESTERDAY
  MAXIMUM         43    459 PM  78    1945  46     -3       43
  MINIMUM         37    952 PM  10    1992  29      8       29
  AVERAGE         40                        38      2       36

PRECIPITATION (IN)
  YESTERDAY        T             1.93 1940   0.09  -0.09      T
  MONTH TO DATE    1.60                      1.14   0.46     2.80
  SINCE MAR 1      4.32                      3.65   0.67     7.50
  SINCE JAN 1      9.94                      8.57   1.37    12.97

SNOWFALL (IN)
  YESTERDAY        0.0          10.3  2007   0.3   -0.3       T
  MONTH TO DATE    1.4                       4.5   -3.1      2.8
  SINCE MAR 1     25.0                      22.8    2.2     30.0
  SINCE JUL 1    121.6                     105.3   16.3     90.0
  SNOW DEPTH       5

DEGREE DAYS
 HEATING
  YESTERDAY       25                        28     -3       29
  MONTH TO DATE  334                       400    -66      444
  SINCE MAR 1   1717                      1654     63     1701
  SINCE JUL 1   7698                      8375   -677     7443

 COOLING
  YESTERDAY        0                         0      0        0
  MONTH TO DATE    0                         0      0        0
  SINCE MAR 1      0                         0      0        0
  SINCE JAN 1      0                         0      0        0
..................................................................


WIND (MPH)
  HIGHEST WIND SPEED    18   HIGHEST WIND DIRECTION    NW (330)
  HIGHEST GUST SPEED    24   HIGHEST GUST DIRECTION    NW (330)
  AVERAGE WIND SPEED     8.9


SKY COVER
  POSSIBLE SUNSHINE  MM
  AVERAGE SKY COVER 0.8


WEATHER CONDITIONS
 THE FOLLOWING WEATHER WAS RECORDED YESTERDAY.
  LIGHT RAIN


RELATIVE HUMIDITY (PERCENT)
 HIGHEST    92          1200 AM
 LOWEST     62           200 PM
 AVERAGE    77

..........................................................


THE CARIBOU ME CLIMATE NORMALS FOR TODAY
                         NORMAL    RECORD    YEAR
 MAXIMUM TEMPERATURE (F)   47        67      1968
 MINIMUM TEMPERATURE (F)   29         8      1985


SUNRISE AND SUNSET
APRIL 14 2017.........SUNRISE   546 AM EDT   SUNSET   719 PM EDT
APRIL 15 2017.........SUNRISE   544 AM EDT   SUNSET   721 PM EDT


-  INDICATES NEGATIVE NUMBERS.
R  INDICATES RECORD WAS SET OR TIED.
MM INDICATES DATA IS MISSING.
T  INDICATES TRACE AMOUNT.




$$
