000
CDUS41 KCAR 120526
CLICAR


CLIMATE REPORT
NATIONAL WEATHER SERVICE CARIBOU, ME
126 AM EDT FRI SEP 12 2014


...................................

...THE CARIBOU ME CLIMATE SUMMARY FOR SEPTEMBER 11 2014...

CLIMATE NORMAL PERIOD 1981 TO 2010
CLIMATE RECORD PERIOD 1939 TO 2014


WEATHER ITEM   OBSERVED TIME   RECORD YEAR NORMAL DEPARTURE LAST
                VALUE   (LST)  VALUE       VALUE  FROM      YEAR
                                                  NORMAL
..................................................................
TEMPERATURE (F)
 YESTERDAY
  MAXIMUM         63    850 PM  84    1961  67     -4       83
                                      1947
  MINIMUM         53   1159 PM  28    1949  46      7       59
  AVERAGE         58                        57      1       71

PRECIPITATION (IN)
  YESTERDAY        0.35          6.21 1954   0.11   0.24     0.72
  MONTH TO DATE    2.02                      1.15   0.87     3.31
  SINCE SEP 1      2.02                      1.15   0.87     3.31
  SINCE JAN 1     30.68                     25.89   4.79    36.33

SNOWFALL (IN)
  YESTERDAY        0.0           0.0  2002   0.0    0.0      0.0
                                      2001
  MONTH TO DATE    0.0                       0.0    0.0      0.0
  SINCE SEP 1      0.0                       0.0    0.0      0.0
  SINCE JUL 1      0.0                       0.0    0.0      0.0
  SNOW DEPTH       0

DEGREE DAYS
 HEATING
  YESTERDAY        7                         9     -2        0
  MONTH TO DATE   43                        79    -36       80
  SINCE SEP 1     43                        79    -36       80
  SINCE JUL 1    101                       233   -132      194

 COOLING
  YESTERDAY        0                         0      0        6
  MONTH TO DATE   21                        10     11       12
  SINCE SEP 1     21                        10     11       12
  SINCE JAN 1    262                       179     83      191
..................................................................


WIND (MPH)
  HIGHEST WIND SPEED    22   HIGHEST WIND DIRECTION     S (180)
  HIGHEST GUST SPEED    30   HIGHEST GUST DIRECTION     S (180)
  AVERAGE WIND SPEED    11.3


SKY COVER
  POSSIBLE SUNSHINE  MM
  AVERAGE SKY COVER 0.8


WEATHER CONDITIONS
 THE FOLLOWING WEATHER WAS RECORDED YESTERDAY.
  HEAVY RAIN
  RAIN
  LIGHT RAIN
  FOG


RELATIVE HUMIDITY (PERCENT)
 HIGHEST    97           800 PM
 LOWEST     72          1000 PM
 AVERAGE    85

..........................................................


THE CARIBOU ME CLIMATE NORMALS FOR TODAY
                         NORMAL    RECORD    YEAR
 MAXIMUM TEMPERATURE (F)   67        82      1982
                                             1951
 MINIMUM TEMPERATURE (F)   46        32      2006
                                             1985
                                             1967


SUNRISE AND SUNSET
SEPTEMBER 12 2014.....SUNRISE   606 AM EDT   SUNSET   650 PM EDT
SEPTEMBER 13 2014.....SUNRISE   607 AM EDT   SUNSET   648 PM EDT


-  INDICATES NEGATIVE NUMBERS.
R  INDICATES RECORD WAS SET OR TIED.
MM INDICATES DATA IS MISSING.
T  INDICATES TRACE AMOUNT.




$$
