000
CDUS41 KCAR 020527
CLICAR


CLIMATE REPORT
NATIONAL WEATHER SERVICE CARIBOU, ME
127 AM EDT WED APR 2 2014


...................................

...THE CARIBOU ME CLIMATE SUMMARY FOR APRIL 1 2014...

CLIMATE NORMAL PERIOD 1981 TO 2010
CLIMATE RECORD PERIOD 1939 TO 2014


WEATHER ITEM   OBSERVED TIME   RECORD YEAR NORMAL DEPARTURE LAST
                VALUE   (LST)  VALUE       VALUE  FROM      YEAR
                                                  NORMAL
..................................................................
TEMPERATURE (F)
 YESTERDAY
  MAXIMUM         46    306 PM  66    1986  40      6       37
  MINIMUM         22   1100 PM   2    1964  23     -1       30
  AVERAGE         34                        32      2       34

PRECIPITATION (IN)
  YESTERDAY        0.00          0.76 2002   0.08  -0.08     0.24
  MONTH TO DATE    0.00                      0.08  -0.08     0.24
  SINCE MAR 1      3.44                      2.59   0.85     1.98
  SINCE JAN 1      9.66                      7.51   2.15     7.35

SNOWFALL (IN)
  YESTERDAY        0.0           7.5  2011   0.4   -0.4       T
  MONTH TO DATE    0.0                       0.4   -0.4       T
  SINCE MAR 1     42.1                      18.7   23.4     15.2
  SINCE JUL 1    141.5                     101.2   40.3    102.6
  SNOW DEPTH      32

DEGREE DAYS
 HEATING
  YESTERDAY       31                        34     -3       31
  MONTH TO DATE   31                        34     -3       31
  SINCE MAR 1   1571                      1288    283     1116
  SINCE JUL 1   8225                      8009    216     7264

 COOLING
  YESTERDAY        0                         0      0        0
  MONTH TO DATE    0                         0      0        0
  SINCE MAR 1      0                         0      0        0
  SINCE JAN 1      0                         0      0        0
..................................................................


WIND (MPH)
  HIGHEST WIND SPEED    21   HIGHEST WIND DIRECTION     N (20)
  HIGHEST GUST SPEED    29   HIGHEST GUST DIRECTION     N (20)
  AVERAGE WIND SPEED    11.0


SKY COVER
  POSSIBLE SUNSHINE  MM
  AVERAGE SKY COVER 0.0


WEATHER CONDITIONS
 THE FOLLOWING WEATHER WAS RECORDED YESTERDAY.
  NO SIGNIFICANT WEATHER WAS OBSERVED.


RELATIVE HUMIDITY (PERCENT)
 HIGHEST    63          1200 AM
 LOWEST     20           200 PM
 AVERAGE    42

..........................................................


THE CARIBOU ME CLIMATE NORMALS FOR TODAY
                         NORMAL    RECORD    YEAR
 MAXIMUM TEMPERATURE (F)   41        68      2010
 MINIMUM TEMPERATURE (F)   23        -2      1964


SUNRISE AND SUNSET
APRIL  2 2014.........SUNRISE   609 AM EDT   SUNSET   703 PM EDT
APRIL  3 2014.........SUNRISE   608 AM EDT   SUNSET   704 PM EDT


-  INDICATES NEGATIVE NUMBERS.
R  INDICATES RECORD WAS SET OR TIED.
MM INDICATES DATA IS MISSING.
T  INDICATES TRACE AMOUNT.




$$
