000
CDUS41 KCAR 170529
CLICAR


CLIMATE REPORT
NATIONAL WEATHER SERVICE CARIBOU, ME
1229 AM EST MON NOV 17 2014


...................................

...THE CARIBOU ME CLIMATE SUMMARY FOR NOVEMBER 16 2014...

CLIMATE NORMAL PERIOD 1981 TO 2010
CLIMATE RECORD PERIOD 1939 TO 2014


WEATHER ITEM   OBSERVED TIME   RECORD YEAR NORMAL DEPARTURE LAST
                VALUE   (LST)  VALUE       VALUE  FROM      YEAR
                                                  NORMAL
..................................................................
TEMPERATURE (F)
 YESTERDAY
  MAXIMUM         31   1233 PM  64    2008  38     -7       48
  MINIMUM         17    327 AM  10    1985  25     -8       32
  AVERAGE         24                        31     -7       40

PRECIPITATION (IN)
  YESTERDAY        T             1.22 2007   0.12  -0.12     0.00
  MONTH TO DATE    1.91                      1.93  -0.02     1.26
  SINCE SEP 1     10.29                      8.78   1.51    10.81
  SINCE JAN 1     38.95                     33.52   5.43    43.83

SNOWFALL (IN)
  YESTERDAY        T             5.4  1973   0.4   -0.4      0.0
  MONTH TO DATE   15.9                       4.0   11.9      4.2
  SINCE SEP 1     15.9                       5.7   10.2      5.2
  SINCE JUL 1     15.9                       5.7   10.2      5.2
  SNOW DEPTH       0

DEGREE DAYS
 HEATING
  YESTERDAY       41                        34      7       25
  MONTH TO DATE  516                       489     27      479
  SINCE SEP 1   1351                      1475   -124     1321
  SINCE JUL 1   1409                      1629   -220     1435

 COOLING
  YESTERDAY        0                         0      0        0
  MONTH TO DATE    0                         0      0        0
  SINCE SEP 1     25                        11     14       13
  SINCE JAN 1    266                       180     86      192
..................................................................


WIND (MPH)
  HIGHEST WIND SPEED    13   HIGHEST WIND DIRECTION    SW (240)
  HIGHEST GUST SPEED    18   HIGHEST GUST DIRECTION    SW (230)
  AVERAGE WIND SPEED     5.9


SKY COVER
  POSSIBLE SUNSHINE  MM
  AVERAGE SKY COVER 0.7


WEATHER CONDITIONS
 THE FOLLOWING WEATHER WAS RECORDED YESTERDAY.
  LIGHT SNOW
  FOG
  HAZE


RELATIVE HUMIDITY (PERCENT)
 HIGHEST    85           200 PM
 LOWEST     63          1000 AM
 AVERAGE    74

..........................................................


THE CARIBOU ME CLIMATE NORMALS FOR TODAY
                         NORMAL    RECORD    YEAR
 MAXIMUM TEMPERATURE (F)   38        64      2006
 MINIMUM TEMPERATURE (F)   24         4      1943


SUNRISE AND SUNSET
NOVEMBER 17 2014......SUNRISE   638 AM EST   SUNSET   356 PM EST
NOVEMBER 18 2014......SUNRISE   639 AM EST   SUNSET   355 PM EST


-  INDICATES NEGATIVE NUMBERS.
R  INDICATES RECORD WAS SET OR TIED.
MM INDICATES DATA IS MISSING.
T  INDICATES TRACE AMOUNT.




$$
