000
CDUS41 KCAR 070539
CLICAR


CLIMATE REPORT
NATIONAL WEATHER SERVICE CARIBOU, ME
1238 AM EST SAT JAN 7 2017


...................................

...THE CARIBOU ME CLIMATE SUMMARY FOR JANUARY 6 2017...

CLIMATE NORMAL PERIOD 1981 TO 2010
CLIMATE RECORD PERIOD 1939 TO 2017


WEATHER ITEM   OBSERVED TIME   RECORD YEAR NORMAL DEPARTURE LAST
                VALUE   (LST)  VALUE       VALUE  FROM      YEAR
                                                  NORMAL
..................................................................
TEMPERATURE (F)
 YESTERDAY
  MAXIMUM         19    100 PM  47    2007  20     -1       26
  MINIMUM         -2   1134 PM -20    1999   2     -4        8
                                      1945
  AVERAGE          9                        11     -2       17

PRECIPITATION (IN)
  YESTERDAY        0.00          0.90 2014   0.09  -0.09     0.00
  MONTH TO DATE    0.85                      0.54   0.31     0.10
  SINCE DEC 1      5.05                      3.81   1.24     4.98
  SINCE JAN 1      0.85                      0.54   0.31     0.10

SNOWFALL (IN)
  YESTERDAY        0.0           4.0  1998   0.9   -0.9      0.0
  MONTH TO DATE    7.5                       4.9    2.6      2.0
  SINCE DEC 1     48.7                      27.8   20.9     29.8
  SINCE JUL 1     68.9                      40.0   28.9     33.9
  SNOW DEPTH      29

DEGREE DAYS
 HEATING
  YESTERDAY       56                        54      2       48
  MONTH TO DATE  285                       321    -36      294
  SINCE DEC 1   1778                      1770      8     1416
  SINCE JUL 1   3465                      3915   -450     3234

 COOLING
  YESTERDAY        0                         0      0        0
  MONTH TO DATE    0                         0      0        0
  SINCE DEC 1      0                         0      0        0
  SINCE JAN 1      0                         0      0        0
..................................................................


WIND (MPH)
  HIGHEST WIND SPEED    16   HIGHEST WIND DIRECTION     W (250)
  HIGHEST GUST SPEED    23   HIGHEST GUST DIRECTION     W (250)
  AVERAGE WIND SPEED     4.9


SKY COVER
  POSSIBLE SUNSHINE  MM
  AVERAGE SKY COVER 0.1


WEATHER CONDITIONS
 THE FOLLOWING WEATHER WAS RECORDED YESTERDAY.
  NO SIGNIFICANT WEATHER WAS OBSERVED.


RELATIVE HUMIDITY (PERCENT)
 HIGHEST    88           700 AM
 LOWEST     49           100 PM
 AVERAGE    69

..........................................................


THE CARIBOU ME CLIMATE NORMALS FOR TODAY
                         NORMAL    RECORD    YEAR
 MAXIMUM TEMPERATURE (F)   20        44      1946
 MINIMUM TEMPERATURE (F)    2       -25      1945


SUNRISE AND SUNSET
JANUARY  7 2017.......SUNRISE   716 AM EST   SUNSET   401 PM EST
JANUARY  8 2017.......SUNRISE   716 AM EST   SUNSET   402 PM EST


-  INDICATES NEGATIVE NUMBERS.
R  INDICATES RECORD WAS SET OR TIED.
MM INDICATES DATA IS MISSING.
T  INDICATES TRACE AMOUNT.




$$
