000
CDUS41 KCAR 092036
CLICAR

CLIMATE REPORT
NATIONAL WEATHER SERVICE CARIBOU, ME
435 PM EDT WED AUG 9 2017


...................................

...THE CARIBOU ME CLIMATE SUMMARY FOR AUGUST 9 2017...
VALID TODAY AS OF 0400 PM LOCAL TIME.

CLIMATE NORMAL PERIOD 1981 TO 2010
CLIMATE RECORD PERIOD 1939 TO 2017


WEATHER ITEM   OBSERVED TIME   RECORD YEAR NORMAL DEPARTURE LAST
                VALUE   (LST)  VALUE       VALUE  FROM      YEAR
                                                  NORMAL
..................................................................
TEMPERATURE (F)
 TODAY
  MAXIMUM         76    235 PM  90    2001  76      0       76
                                      1998
  MINIMUM         45    441 AM  43    1954  54     -9       47
  AVERAGE         61                        65     -4       62

PRECIPITATION (IN)
  TODAY            T             2.60 1959   0.12  -0.12     0.00
  MONTH TO DATE    1.09                      1.16  -0.07     0.91
  SINCE JUN 1      8.10                      8.72  -0.62    10.20
  SINCE JAN 1     24.67                     22.14   2.53    26.13

SNOWFALL (IN)
  TODAY            0.0           0.0  2002   0.0    0.0      0.0
                                      2001
  MONTH TO DATE    0.0                       0.0    0.0      0.0
  SINCE JUN 1      0.0                       0.0    0.0      0.0
  SINCE JUL 1      0.0                       0.0    0.0      0.0
  SNOW DEPTH       0

DEGREE DAYS
 HEATING
  TODAY            4                         2      2        3
  MONTH TO DATE   16                        18     -2        7
  SINCE JUN 1    187                       241    -54      199
  SINCE JUL 1     55                        76    -21       55

 COOLING
  TODAY            0                         2     -2        0
  MONTH TO DATE   30                        19     11       34
  SINCE JUN 1    153                       130     23      188
  SINCE JAN 1    159                       135     24      196
..................................................................


WIND (MPH)
  HIGHEST WIND SPEED    18   HIGHEST WIND DIRECTION     W (250)
  HIGHEST GUST SPEED    24   HIGHEST GUST DIRECTION     W (250)
  AVERAGE WIND SPEED     6.4


SKY COVER
  POSSIBLE SUNSHINE  MM
  AVERAGE SKY COVER 0.5


WEATHER CONDITIONS
 THE FOLLOWING WEATHER WAS RECORDED TODAY.
  NO SIGNIFICANT WEATHER WAS OBSERVED.


RELATIVE HUMIDITY (PERCENT)
 HIGHEST    93           300 AM
 LOWEST     54           300 PM
 AVERAGE    74

..........................................................


THE CARIBOU ME CLIMATE NORMALS FOR TOMORROW
                         NORMAL    RECORD    YEAR
 MAXIMUM TEMPERATURE (F)   75        93      1995
 MINIMUM TEMPERATURE (F)   54        41      1979


SUNRISE AND SUNSET
AUGUST  9 2017........SUNRISE   522 AM EDT   SUNSET   752 PM EDT
AUGUST 10 2017........SUNRISE   523 AM EDT   SUNSET   750 PM EDT


-  INDICATES NEGATIVE NUMBERS.
R  INDICATES RECORD WAS SET OR TIED.
MM INDICATES DATA IS MISSING.
T  INDICATES TRACE AMOUNT.
...................................................................

THE CARIBOU ME 4 INCH UNDER SOD SOIL TEMPERATURE FOR AUGUST 9, 2017

MAXIMUM 71F
MINIMUM 65F




$$
