000
CDUS41 KCAR 052126
CLICAR


CLIMATE REPORT
NATIONAL WEATHER SERVICE CARIBOU, ME
426 PM EST TUE DEC 5 2017


...................................

...THE CARIBOU ME CLIMATE SUMMARY FOR DECEMBER 5 2017...
VALID TODAY AS OF 0400 PM LOCAL TIME.

CLIMATE NORMAL PERIOD 1981 TO 2010
CLIMATE RECORD PERIOD 1939 TO 2017


WEATHER ITEM   OBSERVED TIME   RECORD YEAR NORMAL DEPARTURE LAST
                VALUE   (LST)  VALUE       VALUE  FROM      YEAR
                                                  NORMAL
..................................................................
TEMPERATURE (F)
 TODAY
  MAXIMUM         34    357 PM  58    1950  30      4       17
  MINIMUM         23    152 AM -13    2014  16      7       -1
                                      1972
  AVERAGE         29                        23      6        8

PRECIPITATION (IN)
  TODAY            T             1.12 1961   0.12  -0.12      T
  MONTH TO DATE    0.04                      0.59  -0.55     1.26
  SINCE DEC 1      0.04                      0.59  -0.55     1.26
  SINCE JAN 1     38.93                     35.81   3.12    41.02

SNOWFALL (IN)
  TODAY            0.0           5.7  1949   0.6   -0.6       T
  MONTH TO DATE    0.3                       3.2   -2.9     13.3
  SINCE DEC 1      0.3                       3.2   -2.9     13.3
  SINCE JUL 1      4.2                      15.4  -11.2     33.5
  SNOW DEPTH       0

DEGREE DAYS
 HEATING
  TODAY           36                        42     -6       57
  MONTH TO DATE  174                       206    -32      208
  SINCE DEC 1    174                       206    -32      208
  SINCE JUL 1   1877                      2351   -474     1895

 COOLING
  TODAY            0                         0      0        0
  MONTH TO DATE    0                         0      0        0
  SINCE DEC 1      0                         0      0        0
  SINCE JAN 1    222                       180     42      275
..................................................................


WIND (MPH)
  HIGHEST WIND SPEED    26   HIGHEST WIND DIRECTION    SE (150)
  HIGHEST GUST SPEED    33   HIGHEST GUST DIRECTION    SE (140)
  AVERAGE WIND SPEED     9.4


SKY COVER
  POSSIBLE SUNSHINE  MM
  AVERAGE SKY COVER 0.7


WEATHER CONDITIONS
 THE FOLLOWING WEATHER WAS RECORDED TODAY.
  LIGHT SNOW
  FOG


RELATIVE HUMIDITY (PERCENT)
 HIGHEST    88          1200 AM
 LOWEST     78          1000 AM
 AVERAGE    83

..........................................................


THE CARIBOU ME CLIMATE NORMALS FOR TOMORROW
                         NORMAL    RECORD    YEAR
 MAXIMUM TEMPERATURE (F)   30        56      2001
 MINIMUM TEMPERATURE (F)   15       -11      1976
                                             1971


SUNRISE AND SUNSET
DECEMBER  5 2017......SUNRISE   701 AM EST   SUNSET   344 PM EST
DECEMBER  6 2017......SUNRISE   702 AM EST   SUNSET   344 PM EST


-  INDICATES NEGATIVE NUMBERS.
R  INDICATES RECORD WAS SET OR TIED.
MM INDICATES DATA IS MISSING.
T  INDICATES TRACE AMOUNT.




$$
