000
CDUS41 KCAR 012135
CLICAR


CLIMATE REPORT
NATIONAL WEATHER SERVICE CARIBOU, ME
434 PM EST THU FEB 1 2018


...................................

...THE CARIBOU ME CLIMATE SUMMARY FOR FEBRUARY 1 2018...
VALID TODAY AS OF 0400 PM LOCAL TIME.

CLIMATE NORMAL PERIOD 1981 TO 2010
CLIMATE RECORD PERIOD 1939 TO 2018


WEATHER ITEM   OBSERVED TIME   RECORD YEAR NORMAL DEPARTURE LAST
                VALUE   (LST)  VALUE       VALUE  FROM      YEAR
                                                  NORMAL
..................................................................
TEMPERATURE (F)
 TODAY
  MAXIMUM         28    353 PM  49    1988  20      8       17
  MINIMUM         10   1229 AM -41    1955   1      9      -13
  AVERAGE         19                        10      9        2

PRECIPITATION (IN)
  TODAY            0.04          0.85 2008   0.08  -0.04     0.07
  MONTH TO DATE    0.04                      0.08  -0.04     0.07
  SINCE DEC 1      9.46                      6.06   3.40     7.72
  SINCE JAN 1      5.34                      2.79   2.55     3.52

SNOWFALL (IN)
  TODAY            0.9          10.4  1942   0.8    0.1      1.5
  MONTH TO DATE    0.9                       0.8    0.1      1.5
  SINCE DEC 1     74.0                      48.9   25.1     62.1
  SINCE JUL 1     77.9                      61.1   16.8     82.3
  SNOW DEPTH      27

DEGREE DAYS
 HEATING
  TODAY           46                        55     -9       63
  MONTH TO DATE   46                        55     -9       63
  SINCE DEC 1   3271                      3204     67     3004
  SINCE JUL 1   4975                      5349   -374     4691

 COOLING
  TODAY            0                         0      0        0
  MONTH TO DATE    0                         0      0        0
  SINCE DEC 1      0                         0      0        0
  SINCE JAN 1      0                         0      0        0
..................................................................


WIND (MPH)
  HIGHEST WIND SPEED    14   HIGHEST WIND DIRECTION     S (160)
  HIGHEST GUST SPEED    18   HIGHEST GUST DIRECTION     S (160)
  AVERAGE WIND SPEED     6.6


SKY COVER
  POSSIBLE SUNSHINE  MM
  AVERAGE SKY COVER 0.8


WEATHER CONDITIONS
 THE FOLLOWING WEATHER WAS RECORDED TODAY.
  LIGHT SNOW
  FOG
  HAZE


RELATIVE HUMIDITY (PERCENT)
 HIGHEST    88           600 AM
 LOWEST     69           300 PM
 AVERAGE    79

..........................................................


THE CARIBOU ME CLIMATE NORMALS FOR TOMORROW
                         NORMAL    RECORD    YEAR
 MAXIMUM TEMPERATURE (F)   20        49      1976
 MINIMUM TEMPERATURE (F)    1       -32      1962


SUNRISE AND SUNSET
FEBRUARY  1 2018......SUNRISE   657 AM EST   SUNSET   435 PM EST
FEBRUARY  2 2018......SUNRISE   655 AM EST   SUNSET   437 PM EST


-  INDICATES NEGATIVE NUMBERS.
R  INDICATES RECORD WAS SET OR TIED.
MM INDICATES DATA IS MISSING.
T  INDICATES TRACE AMOUNT.




$$
