454
CDUS41 KCAR 280537
CLICAR


CLIMATE REPORT
NATIONAL WEATHER SERVICE CARIBOU, ME
1233 AM EST THU JAN 28 2016


...................................

...THE CARIBOU ME CLIMATE SUMMARY FOR JANUARY 27 2016...

CLIMATE NORMAL PERIOD 1981 TO 2010
CLIMATE RECORD PERIOD 1939 TO 2016


WEATHER ITEM   OBSERVED TIME   RECORD YEAR NORMAL DEPARTURE LAST
                VALUE   (LST)  VALUE       VALUE  FROM      YEAR
                                                  NORMAL
..................................................................
TEMPERATURE (F)
 YESTERDAY
  MAXIMUM         40   1245 AM  52    1986  19     21       10
  MINIMUM         11   1122 PM -27    2009   0     11       -1
  AVERAGE         26                        10     16        5

PRECIPITATION (IN)
  YESTERDAY        0.02          1.04 1996   0.09  -0.07     0.46
  MONTH TO DATE    1.36                      2.38  -1.02     2.14
  SINCE DEC 1      6.24                      5.65   0.59     8.02
  SINCE JAN 1      1.36                      2.38  -1.02     2.14

SNOWFALL (IN)
  YESTERDAY        0.4           9.9  1963   0.9   -0.5      7.2
  MONTH TO DATE   10.6                      22.0  -11.4     21.1
  SINCE DEC 1     38.4                      44.9   -6.5     48.2
  SINCE JUL 1     42.5                      57.1  -14.6     77.0
  SNOW DEPTH       7

DEGREE DAYS
 HEATING
  YESTERDAY       39                        55    -16       60
  MONTH TO DATE 1300                      1481   -181     1528
  SINCE DEC 1   2422                      2930   -508     2843
  SINCE JUL 1   4240                      5075   -835     4795

 COOLING
  YESTERDAY        0                         0      0        0
  MONTH TO DATE    0                         0      0        0
  SINCE DEC 1      0                         0      0        0
  SINCE JAN 1      0                         0      0        0
..................................................................


WIND (MPH)
  HIGHEST WIND SPEED    24   HIGHEST WIND DIRECTION    SW (240)
  HIGHEST GUST SPEED    32   HIGHEST GUST DIRECTION     W (260)
  AVERAGE WIND SPEED     9.6


SKY COVER
  POSSIBLE SUNSHINE  MM
  AVERAGE SKY COVER 0.6


WEATHER CONDITIONS
 THE FOLLOWING WEATHER WAS RECORDED YESTERDAY.
  LIGHT RAIN
  SNOW
  LIGHT SNOW
  FOG


RELATIVE HUMIDITY (PERCENT)
 HIGHEST    75           900 AM
 LOWEST     42           200 PM
 AVERAGE    59

..........................................................


THE CARIBOU ME CLIMATE NORMALS FOR TODAY
                         NORMAL    RECORD    YEAR
 MAXIMUM TEMPERATURE (F)   19        45      1994
 MINIMUM TEMPERATURE (F)    0       -27      1972


SUNRISE AND SUNSET
JANUARY 28 2016.......SUNRISE   702 AM EST   SUNSET   428 PM EST
JANUARY 29 2016.......SUNRISE   701 AM EST   SUNSET   430 PM EST


-  INDICATES NEGATIVE NUMBERS.
R  INDICATES RECORD WAS SET OR TIED.
MM INDICATES DATA IS MISSING.
T  INDICATES TRACE AMOUNT.




$$
