000
CDUS41 KCAR 052131
CLICAR


CLIMATE REPORT
NATIONAL WEATHER SERVICE CARIBOU, ME
431 PM EST SUN FEB 5 2017


...................................

...THE CARIBOU ME CLIMATE SUMMARY FOR FEBRUARY 5 2017...
VALID TODAY AS OF 0400 PM LOCAL TIME.

CLIMATE NORMAL PERIOD 1981 TO 2010
CLIMATE RECORD PERIOD 1939 TO 2017


WEATHER ITEM   OBSERVED TIME   RECORD YEAR NORMAL DEPARTURE LAST
                VALUE   (LST)  VALUE       VALUE  FROM      YEAR
                                                  NORMAL
..................................................................
TEMPERATURE (F)
 TODAY
  MAXIMUM         22    359 PM  42    1947  21      1       31
  MINIMUM         -4    141 AM -31    1948   2     -6       11
  AVERAGE          9                        11     -2       21

PRECIPITATION (IN)
  TODAY            0.06          1.03 1954   0.08  -0.02      T
  MONTH TO DATE    0.14                      0.40  -0.26     0.61
  SINCE DEC 1      7.79                      6.38   1.41     6.91
  SINCE JAN 1      3.59                      3.11   0.48     2.03

SNOWFALL (IN)
  TODAY            0.7          13.2  1954   0.8   -0.1       T
  MONTH TO DATE    2.4                       4.1   -1.7      3.2
  SINCE DEC 1     63.0                      52.2   10.8     42.2
  SINCE JUL 1     83.2                      64.4   18.8     46.3
  SNOW DEPTH      25

DEGREE DAYS
 HEATING
  TODAY           56                        54      2       44
  MONTH TO DATE  299                       271     28      201
  SINCE DEC 1   3240                      3420   -180     2780
  SINCE JUL 1   4927                      5565   -638     4598

 COOLING
  TODAY            0                         0      0        0
  MONTH TO DATE    0                         0      0        0
  SINCE DEC 1      0                         0      0        0
  SINCE JAN 1      0                         0      0        0
..................................................................


WIND (MPH)
  HIGHEST WIND SPEED    15   HIGHEST WIND DIRECTION     S (170)
  HIGHEST GUST SPEED    19   HIGHEST GUST DIRECTION     S (160)
  AVERAGE WIND SPEED     4.2


SKY COVER
  POSSIBLE SUNSHINE  MM
  AVERAGE SKY COVER 0.9


WEATHER CONDITIONS
 THE FOLLOWING WEATHER WAS RECORDED TODAY.
  LIGHT SNOW
  FOG
  HAZE


RELATIVE HUMIDITY (PERCENT)
 HIGHEST    87           600 AM
 LOWEST     77           300 PM
 AVERAGE    82

..........................................................


THE CARIBOU ME CLIMATE NORMALS FOR TOMORROW
                         NORMAL    RECORD    YEAR
 MAXIMUM TEMPERATURE (F)   21        38      1991
 MINIMUM TEMPERATURE (F)    2       -20      1993
                                             1969


SUNRISE AND SUNSET
FEBRUARY  5 2017......SUNRISE   651 AM EST   SUNSET   442 PM EST
FEBRUARY  6 2017......SUNRISE   650 AM EST   SUNSET   443 PM EST


-  INDICATES NEGATIVE NUMBERS.
R  INDICATES RECORD WAS SET OR TIED.
MM INDICATES DATA IS MISSING.
T  INDICATES TRACE AMOUNT.




$$
