000
CDUS41 KCAR 040526
CLICAR


CLIMATE REPORT
NATIONAL WEATHER SERVICE CARIBOU, ME
125 AM EDT WED OCT 4 2017


...................................

...THE CARIBOU ME CLIMATE SUMMARY FOR OCTOBER 3 2017...

CLIMATE NORMAL PERIOD 1981 TO 2010
CLIMATE RECORD PERIOD 1939 TO 2017


WEATHER ITEM   OBSERVED TIME   RECORD YEAR NORMAL DEPARTURE LAST
                VALUE   (LST)  VALUE       VALUE  FROM      YEAR
                                                  NORMAL
..................................................................
TEMPERATURE (F)
 YESTERDAY
  MAXIMUM         63    353 PM  77    2005  58      5       59
                                      1968
                                      1950
  MINIMUM         28    554 AM  27    1975  39    -11       36
  AVERAGE         46                        48     -2       48

PRECIPITATION (IN)
  YESTERDAY        0.00          4.05 1970   0.12  -0.12     0.00
  MONTH TO DATE    0.00                      0.34  -0.34     0.00
  SINCE SEP 1      3.13                      3.66  -0.53     2.48
  SINCE JAN 1     28.99                     28.40   0.59    33.59

SNOWFALL (IN)
  YESTERDAY        0.0           0.0  2002   0.0    0.0      0.0
                                      2001
  MONTH TO DATE    0.0                       0.0    0.0      0.0
  SINCE SEP 1      0.0                       0.1   -0.1      0.0
  SINCE JUL 1      0.0                       0.1   -0.1      0.0
  SNOW DEPTH       0

DEGREE DAYS
 HEATING
  YESTERDAY       19                        17      2       17
  MONTH TO DATE   55                        49      6       38
  SINCE SEP 1    201                       362   -161      243
  SINCE JUL 1    325                       516   -191      323

 COOLING
  YESTERDAY        0                         0      0        0
  MONTH TO DATE    0                         0      0        0
  SINCE SEP 1     34                        11     23       22
  SINCE JAN 1    221                       180     41      275
..................................................................


WIND (MPH)
  HIGHEST WIND SPEED    13   HIGHEST WIND DIRECTION     S (160)
  HIGHEST GUST SPEED    18   HIGHEST GUST DIRECTION     S (170)
  AVERAGE WIND SPEED     4.4


SKY COVER
  POSSIBLE SUNSHINE  MM
  AVERAGE SKY COVER 0.0


WEATHER CONDITIONS
 THE FOLLOWING WEATHER WAS RECORDED YESTERDAY.
  NO SIGNIFICANT WEATHER WAS OBSERVED.


RELATIVE HUMIDITY (PERCENT)
 HIGHEST    92           500 AM
 LOWEST     42           200 PM
 AVERAGE    67

..........................................................


THE CARIBOU ME CLIMATE NORMALS FOR TODAY
                         NORMAL    RECORD    YEAR
 MAXIMUM TEMPERATURE (F)   57        79      2005
 MINIMUM TEMPERATURE (F)   38        25      2002
                                             1945
                                             1944


SUNRISE AND SUNSET
OCTOBER  4 2017.......SUNRISE   635 AM EDT   SUNSET   605 PM EDT
OCTOBER  5 2017.......SUNRISE   636 AM EDT   SUNSET   603 PM EDT


-  INDICATES NEGATIVE NUMBERS.
R  INDICATES RECORD WAS SET OR TIED.
MM INDICATES DATA IS MISSING.
T  INDICATES TRACE AMOUNT.




$$
