000
CDUS41 KCAR 132130
CLICAR


CLIMATE REPORT
NATIONAL WEATHER SERVICE CARIBOU, ME
430 PM EST SAT DEC 13 2014


...................................

...THE CARIBOU ME CLIMATE SUMMARY FOR DECEMBER 13 2014...
VALID TODAY AS OF 0400 PM LOCAL TIME.

CLIMATE NORMAL PERIOD 1981 TO 2010
CLIMATE RECORD PERIOD 1939 TO 2014


WEATHER ITEM   OBSERVED TIME   RECORD YEAR NORMAL DEPARTURE LAST
                VALUE   (LST)  VALUE       VALUE  FROM      YEAR
                                                  NORMAL
..................................................................
TEMPERATURE (F)
 TODAY
  MAXIMUM         38    118 PM  57    2010  27     11        9
  MINIMUM         33    505 AM -20    1977  12     21       -8
  AVERAGE         36                        19     17        1

PRECIPITATION (IN)
  TODAY            0.03          2.25 2010   0.11  -0.08     0.02
  MONTH TO DATE    3.13                      1.50   1.63     0.61
  SINCE DEC 1      3.13                      1.50   1.63     0.61
  SINCE JAN 1     43.54                     36.72   6.82    47.19

SNOWFALL (IN)
  TODAY            0.0          11.2  1972   0.7   -0.7      0.2
  MONTH TO DATE   13.7                       8.8    4.9      4.5
  SINCE DEC 1     13.7                       8.8    4.9      4.5
  SINCE JUL 1     42.5                      21.0   21.5     14.6
  SNOW DEPTH       7

DEGREE DAYS
 HEATING
  TODAY           29                        46    -17       64
  MONTH TO DATE  580                       559     21      576
  SINCE DEC 1    580                       559     21      576
  SINCE JUL 1   2532                      2704   -172     2532

 COOLING
  TODAY            0                         0      0        0
  MONTH TO DATE    0                         0      0        0
  SINCE DEC 1      0                         0      0        0
  SINCE JAN 1    266                       180     86      192
..................................................................


WIND (MPH)
  HIGHEST WIND SPEED    10   HIGHEST WIND DIRECTION     N (340)
  HIGHEST GUST SPEED    14   HIGHEST GUST DIRECTION    NW (330)
  AVERAGE WIND SPEED     4.4


SKY COVER
  POSSIBLE SUNSHINE  MM
  AVERAGE SKY COVER 1.0


WEATHER CONDITIONS
 THE FOLLOWING WEATHER WAS RECORDED TODAY.
  LIGHT RAIN
  FOG


RELATIVE HUMIDITY (PERCENT)
 HIGHEST   100           800 AM
 LOWEST     85           200 PM
 AVERAGE    93

..........................................................


THE CARIBOU ME CLIMATE NORMALS FOR TOMORROW
                         NORMAL    RECORD    YEAR
 MAXIMUM TEMPERATURE (F)   27        57      2010
 MINIMUM TEMPERATURE (F)   11       -18      1976


SUNRISE AND SUNSET
DECEMBER 13 2014......SUNRISE   709 AM EST   SUNSET   344 PM EST
DECEMBER 14 2014......SUNRISE   710 AM EST   SUNSET   344 PM EST


-  INDICATES NEGATIVE NUMBERS.
R  INDICATES RECORD WAS SET OR TIED.
MM INDICATES DATA IS MISSING.
T  INDICATES TRACE AMOUNT.




$$
