000
CDUS41 KCAR 202026
CLICAR


CLIMATE REPORT
NATIONAL WEATHER SERVICE CARIBOU, ME
426 PM EDT WED APR 20 2016


...................................

...THE CARIBOU ME CLIMATE SUMMARY FOR APRIL 20 2016...
VALID TODAY AS OF 0400 PM LOCAL TIME.

CLIMATE NORMAL PERIOD 1981 TO 2010
CLIMATE RECORD PERIOD 1939 TO 2016


WEATHER ITEM   OBSERVED TIME   RECORD YEAR NORMAL DEPARTURE LAST
                VALUE   (LST)  VALUE       VALUE  FROM      YEAR
                                                  NORMAL
..................................................................
TEMPERATURE (F)
 TODAY
  MAXIMUM         50    259 PM  76    1987  50      0       52
  MINIMUM         33    505 AM  15    1947  32      1       25
  AVERAGE         42                        41      1       39

PRECIPITATION (IN)
  TODAY            0.00          0.83 1978   0.09  -0.09      T
  MONTH TO DATE    2.80                      1.78   1.02     1.24
  SINCE MAR 1      7.50                      4.29   3.21     2.89
  SINCE JAN 1     12.97                      9.21   3.76     6.99

SNOWFALL (IN)
  TODAY            0.0           4.8  2011   0.2   -0.2       T
  MONTH TO DATE    2.8                       6.3   -3.5      8.5
  SINCE MAR 1     30.0                      24.6    5.4     33.4
  SINCE JUL 1     90.0                     107.1  -17.1    141.7
  SNOW DEPTH       0

DEGREE DAYS
 HEATING
  TODAY           23                        24     -1       26
  MONTH TO DATE  607                       580     27      619
  SINCE MAR 1   1864                      1834     30     2021
  SINCE JUL 1   7606                      8555   -949     8762

 COOLING
  TODAY            0                         0      0        0
  MONTH TO DATE    0                         0      0        0
  SINCE MAR 1      0                         0      0        0
  SINCE JAN 1      0                         0      0        0
..................................................................


WIND (MPH)
  HIGHEST WIND SPEED    20   HIGHEST WIND DIRECTION     N (340)
  HIGHEST GUST SPEED    26   HIGHEST GUST DIRECTION    NW (330)
  AVERAGE WIND SPEED    12.9


SKY COVER
  POSSIBLE SUNSHINE  MM
  AVERAGE SKY COVER 0.5


WEATHER CONDITIONS
 THE FOLLOWING WEATHER WAS RECORDED TODAY.
  NO SIGNIFICANT WEATHER WAS OBSERVED.


RELATIVE HUMIDITY (PERCENT)
 HIGHEST    82           100 AM
 LOWEST     32           200 PM
 AVERAGE    57

..........................................................


THE CARIBOU ME CLIMATE NORMALS FOR TOMORROW
                         NORMAL    RECORD    YEAR
 MAXIMUM TEMPERATURE (F)   51        82      1987
 MINIMUM TEMPERATURE (F)   32         8      1947


SUNRISE AND SUNSET
APRIL 20 2016.........SUNRISE   535 AM EDT   SUNSET   728 PM EDT
APRIL 21 2016.........SUNRISE   533 AM EDT   SUNSET   729 PM EDT


-  INDICATES NEGATIVE NUMBERS.
R  INDICATES RECORD WAS SET OR TIED.
MM INDICATES DATA IS MISSING.
T  INDICATES TRACE AMOUNT.




$$
