000
CDUS41 KCAR 180529
CLICAR


CLIMATE REPORT
NATIONAL WEATHER SERVICE CARIBOU, ME
128 AM EDT WED MAR 18 2015


...................................

...THE CARIBOU ME CLIMATE SUMMARY FOR MARCH 17 2015...

CLIMATE NORMAL PERIOD 1981 TO 2010
CLIMATE RECORD PERIOD 1939 TO 2015


WEATHER ITEM   OBSERVED TIME   RECORD YEAR NORMAL DEPARTURE LAST
                VALUE   (LST)  VALUE       VALUE  FROM      YEAR
                                                  NORMAL
..................................................................
TEMPERATURE (F)
 YESTERDAY
  MAXIMUM         30    625 PM  54    2010  34     -4       16
  MINIMUM          9    119 AM -12    1967  16     -7       -8
  AVERAGE         20                        25     -5        4

PRECIPITATION (IN)
  YESTERDAY        0.38          2.29 2007   0.07   0.31     0.00
  MONTH TO DATE    1.39                      1.37   0.02     1.47
  SINCE MAR 1      1.39                      1.37   0.02     1.47
  SINCE JAN 1      5.49                      6.29  -0.80     7.69

SNOWFALL (IN)
  YESTERDAY        5.5          11.2  1981   0.6    4.9      0.0
  MONTH TO DATE   21.1                      11.6    9.5     22.3
  SINCE MAR 1     21.1                      11.6    9.5     22.3
  SINCE JUL 1    129.4                      94.1   35.3    121.7
  SNOW DEPTH      15

DEGREE DAYS
 HEATING
  YESTERDAY       45                        40      5       61
  MONTH TO DATE  822                       736     86      913
  SINCE MAR 1    822                       736     86      913
  SINCE JUL 1   7563                      7457    106     7567

 COOLING
  YESTERDAY        0                         0      0        0
  MONTH TO DATE    0                         0      0        0
  SINCE MAR 1      0                         0      0        0
  SINCE JAN 1      0                         0      0        0
..................................................................


WIND (MPH)
  HIGHEST WIND SPEED    30   HIGHEST WIND DIRECTION    NW (330)
  HIGHEST GUST SPEED    37   HIGHEST GUST DIRECTION    NW (320)
  AVERAGE WIND SPEED     9.1


SKY COVER
  POSSIBLE SUNSHINE  MM
  AVERAGE SKY COVER 0.8


WEATHER CONDITIONS
 THE FOLLOWING WEATHER WAS RECORDED YESTERDAY.
  SNOW
  LIGHT SNOW
  FOG


RELATIVE HUMIDITY (PERCENT)
 HIGHEST    92           300 PM
 LOWEST     59          1200 AM
 AVERAGE    76

..........................................................


THE CARIBOU ME CLIMATE NORMALS FOR TODAY
                         NORMAL    RECORD    YEAR
 MAXIMUM TEMPERATURE (F)   34        64      2012
 MINIMUM TEMPERATURE (F)   16        -7      1967


SUNRISE AND SUNSET
MARCH 18 2015.........SUNRISE   640 AM EDT   SUNSET   642 PM EDT
MARCH 19 2015.........SUNRISE   638 AM EDT   SUNSET   643 PM EDT


-  INDICATES NEGATIVE NUMBERS.
R  INDICATES RECORD WAS SET OR TIED.
MM INDICATES DATA IS MISSING.
T  INDICATES TRACE AMOUNT.




$$
