000
CDUS41 KCAR 182031
CLICAR

CLIMATE REPORT
NATIONAL WEATHER SERVICE CARIBOU, ME
428 PM EDT MON MAY 18 2015


...................................

...THE CARIBOU ME CLIMATE SUMMARY FOR MAY 18 2015...
VALID TODAY AS OF 0400 PM LOCAL TIME.

CLIMATE NORMAL PERIOD 1981 TO 2010
CLIMATE RECORD PERIOD 1939 TO 2015


WEATHER ITEM   OBSERVED TIME   RECORD YEAR NORMAL DEPARTURE LAST
                VALUE   (LST)  VALUE       VALUE  FROM      YEAR
                                                  NORMAL
..................................................................
TEMPERATURE (F)
 TODAY
  MAXIMUM         67    259 PM  85    1986  64      3       59
  MINIMUM         47    520 AM  27    1961  41      6       50
  AVERAGE         57                        52      5       55

PRECIPITATION (IN)
  TODAY            0.00          2.15 1948   0.11  -0.11     0.49
  MONTH TO DATE    0.91                      1.82  -0.91     1.80
  SINCE MAR 1      4.91                      6.99  -2.08     9.61
  SINCE JAN 1      9.01                     11.91  -2.90    15.83

SNOWFALL (IN)
  TODAY            0.0           1.8  1941   0.0    0.0      0.0
  MONTH TO DATE    T                         0.4   -0.4      0.0
  SINCE MAR 1     33.5                      26.1    7.4     51.3
  SINCE JUL 1    141.8                     108.6   33.2    150.7
  SNOW DEPTH       0

DEGREE DAYS
 HEATING
  TODAY            8                        13     -5       10
  MONTH TO DATE  210                       283    -73      259
  SINCE MAR 1   2457                      2328    129     2627
  SINCE JUL 1   9198                      9049    149     9281

 COOLING
  TODAY            0                         0      0        0
  MONTH TO DATE    0                         0      0        3
  SINCE MAR 1      0                         0      0        3
  SINCE JAN 1      0                         0      0        3
..................................................................


WIND (MPH)
  HIGHEST WIND SPEED    16   HIGHEST WIND DIRECTION     S (160)
  HIGHEST GUST SPEED    22   HIGHEST GUST DIRECTION     S (160)
  AVERAGE WIND SPEED     8.1


SKY COVER
  POSSIBLE SUNSHINE  MM
  AVERAGE SKY COVER 0.9


WEATHER CONDITIONS
 THE FOLLOWING WEATHER WAS RECORDED TODAY.
  FOG


RELATIVE HUMIDITY (PERCENT)
 HIGHEST    93           300 AM
 LOWEST     48           200 PM
 AVERAGE    71

..........................................................


THE CARIBOU ME CLIMATE NORMALS FOR TOMORROW
                         NORMAL    RECORD    YEAR
 MAXIMUM TEMPERATURE (F)   64        87      1962
 MINIMUM TEMPERATURE (F)   41        27      1967
                                             1939


SUNRISE AND SUNSET
MAY 18 2015...........SUNRISE   454 AM EDT   SUNSET   804 PM EDT
MAY 19 2015...........SUNRISE   453 AM EDT   SUNSET   805 PM EDT


-  INDICATES NEGATIVE NUMBERS.
R  INDICATES RECORD WAS SET OR TIED.
MM INDICATES DATA IS MISSING.
T  INDICATES TRACE AMOUNT.

........................................................
THE CARIBOU ME 4 INCH SOIL TEMPERATURE FOR MAY 17 2015

MAXIMUM SOIL TEMPERATURE (F): 57
MINIMUM SOIL TEMPERATURE (F): 53

$$
