000
CDUS41 KCAR 220552
CLICAR


CLIMATE REPORT
NATIONAL WEATHER SERVICE CARIBOU, ME
1252 AM EST TUE NOV 22 2016


...................................

...THE CARIBOU ME CLIMATE SUMMARY FOR NOVEMBER 21 2016...

CLIMATE NORMAL PERIOD 1981 TO 2010
CLIMATE RECORD PERIOD 1939 TO 2016


WEATHER ITEM   OBSERVED TIME   RECORD YEAR NORMAL DEPARTURE LAST
                VALUE   (LST)  VALUE       VALUE  FROM      YEAR
                                                  NORMAL
..................................................................
TEMPERATURE (F)
 YESTERDAY
  MAXIMUM         41    103 AM  58    1954  36      5       42
  MINIMUM         30   1159 PM  -1    1959  23      7       27
  AVERAGE         36                        29      7       35

PRECIPITATION (IN)
  YESTERDAY        0.12          2.01 1986   0.12   0.00     0.00
  MONTH TO DATE    1.56                      2.55  -0.99     1.71
  SINCE SEP 1      6.58                      9.40  -2.82     8.37
  SINCE JAN 1     37.69                     34.14   3.55    30.84

SNOWFALL (IN)
  YESTERDAY        0.4          20.9  1986   0.4    0.0      0.0
  MONTH TO DATE    0.4                       5.9   -5.5       T
  SINCE SEP 1      0.4                       7.6   -7.2      0.3
  SINCE JUL 1      0.4                       7.6   -7.2      0.3
  SNOW DEPTH       0

DEGREE DAYS
 HEATING
  YESTERDAY       29                        36     -7       30
  MONTH TO DATE  534                       663   -129      540
  SINCE SEP 1   1305                      1649   -344     1400
  SINCE JUL 1   1385                      1803   -418     1477

 COOLING
  YESTERDAY        0                         0      0        0
  MONTH TO DATE    0                         0      0        0
  SINCE SEP 1     22                        11     11       50
  SINCE JAN 1    275                       180     95      253
..................................................................


WIND (MPH)
  HIGHEST WIND SPEED    20   HIGHEST WIND DIRECTION     S (180)
  HIGHEST GUST SPEED    25   HIGHEST GUST DIRECTION    SE (140)
  AVERAGE WIND SPEED     8.6


SKY COVER
  POSSIBLE SUNSHINE  MM
  AVERAGE SKY COVER 0.9


WEATHER CONDITIONS
 THE FOLLOWING WEATHER WAS RECORDED YESTERDAY.
  RAIN
  LIGHT RAIN
  LIGHT SNOW
  FOG


RELATIVE HUMIDITY (PERCENT)
 HIGHEST    92          1100 PM
 LOWEST     79          1200 AM
 AVERAGE    86

..........................................................


THE CARIBOU ME CLIMATE NORMALS FOR TODAY
                         NORMAL    RECORD    YEAR
 MAXIMUM TEMPERATURE (F)   35        52      1999
                                             1992
 MINIMUM TEMPERATURE (F)   22         0      1978


SUNRISE AND SUNSET
NOVEMBER 22 2016......SUNRISE   646 AM EST   SUNSET   351 PM EST
NOVEMBER 23 2016......SUNRISE   647 AM EST   SUNSET   350 PM EST


-  INDICATES NEGATIVE NUMBERS.
R  INDICATES RECORD WAS SET OR TIED.
MM INDICATES DATA IS MISSING.
T  INDICATES TRACE AMOUNT.




$$
