000
CDUS41 KCAR 132101
CLICAR

CLIMATE REPORT
NATIONAL WEATHER SERVICE CARIBOU, ME
500 PM EDT SAT SEP 13 2014


...................................

...THE CARIBOU ME CLIMATE SUMMARY FOR SEPTEMBER 13 2014...
VALID TODAY AS OF 0400 PM LOCAL TIME.

CLIMATE NORMAL PERIOD 1981 TO 2010
CLIMATE RECORD PERIOD 1939 TO 2014


WEATHER ITEM   OBSERVED TIME   RECORD YEAR NORMAL DEPARTURE LAST
                VALUE   (LST)  VALUE       VALUE  FROM      YEAR
                                                  NORMAL
..................................................................
TEMPERATURE (F)
 TODAY
  MAXIMUM         55    212 PM  87    1951  67    -12       66
  MINIMUM         33    532 AM  31    1964  45    -12       55
                                      1963
  AVERAGE         44                        56    -12       61

PRECIPITATION (IN)
  TODAY            0.00          0.96 2011   0.11  -0.11     0.75
  MONTH TO DATE    2.02                      1.36   0.66     5.29
  SINCE SEP 1      2.02                      1.36   0.66     5.29
  SINCE JAN 1     30.68                     26.10   4.58    38.31

SNOWFALL (IN)
  TODAY            0.0           0.0  2002   0.0    0.0      0.0
                                      2001
  MONTH TO DATE    0.0                       0.0    0.0      0.0
  SINCE SEP 1      0.0                       0.0    0.0      0.0
  SINCE JUL 1      0.0                       0.0    0.0      0.0
  SNOW DEPTH       0

DEGREE DAYS
 HEATING
  TODAY           21                         9     12        4
  MONTH TO DATE   79                        97    -18       84
  SINCE SEP 1     79                        97    -18       84
  SINCE JUL 1    137                       251   -114      198

 COOLING
  TODAY            0                         0      0        0
  MONTH TO DATE   21                        10     11       13
  SINCE SEP 1     21                        10     11       13
  SINCE JAN 1    262                       179     83      192
..................................................................


WIND (MPH)
  HIGHEST WIND SPEED     9   HIGHEST WIND DIRECTION    SE (150)
  HIGHEST GUST SPEED    11   HIGHEST GUST DIRECTION    SE (150)
  AVERAGE WIND SPEED     3.5


SKY COVER
  POSSIBLE SUNSHINE  MM
  AVERAGE SKY COVER 0.1


WEATHER CONDITIONS
 THE FOLLOWING WEATHER WAS RECORDED TODAY.
  FOG


RELATIVE HUMIDITY (PERCENT)
 HIGHEST    96           500 AM
 LOWEST     50          1100 AM
 AVERAGE    73

..........................................................


THE CARIBOU ME CLIMATE NORMALS FOR TOMORROW
                         NORMAL    RECORD    YEAR
 MAXIMUM TEMPERATURE (F)   66        82      2003
                                             1976
 MINIMUM TEMPERATURE (F)   45        28      1963


SUNRISE AND SUNSET
SEPTEMBER 13 2014.....SUNRISE   607 AM EDT   SUNSET   648 PM EDT
SEPTEMBER 14 2014.....SUNRISE   608 AM EDT   SUNSET   646 PM EDT


-  INDICATES NEGATIVE NUMBERS.
R  INDICATES RECORD WAS SET OR TIED.
MM INDICATES DATA IS MISSING.
T  INDICATES TRACE AMOUNT.

--------------------------

THE CARIBOU ME 4 INCH SOIL TEMPERATURE FOR SEPTEMBER 13 2014

MAXIMUM SOIL TEMPERATURE (F)...64
MINIMUM SOIL TEMPERATURE (F)...60

THIS WILL BE THE LAST SOIL TEMPERATURE MEASUREMENTS THAT WILL BE
ATTACHED TO THE CLIMATE REPORT SINCE THE GROWING SEASON HAS COME TO
A END. ANY QUESTIONS OR CONCERNS PLEASE FEEL FREE TO CONTACT US AT
CARWEBMASTER@NOAA.GOV.


$$
