000
CDUS41 KCAR 152129
CLICAR


CLIMATE REPORT
NATIONAL WEATHER SERVICE CARIBOU, ME
429 PM EST MON DEC 15 2014


...................................

...THE CARIBOU ME CLIMATE SUMMARY FOR DECEMBER 15 2014...
VALID TODAY AS OF 0400 PM LOCAL TIME.

CLIMATE NORMAL PERIOD 1981 TO 2010
CLIMATE RECORD PERIOD 1939 TO 2014


WEATHER ITEM   OBSERVED TIME   RECORD YEAR NORMAL DEPARTURE LAST
                VALUE   (LST)  VALUE       VALUE  FROM      YEAR
                                                  NORMAL
..................................................................
TEMPERATURE (F)
 TODAY
  MAXIMUM         32   1231 AM  47    2008  26      6       14
  MINIMUM         27    359 PM -21    1943  11     16       -1
  AVERAGE         30                        18     12        7

PRECIPITATION (IN)
  TODAY            0.00          2.77 2003   0.11  -0.11     0.81
  MONTH TO DATE    3.13                      1.72   1.41     1.42
  SINCE DEC 1      3.13                      1.72   1.41     1.42
  SINCE JAN 1     43.54                     36.94   6.60    48.00

SNOWFALL (IN)
  TODAY            0.0          27.1  2003   0.7   -0.7     15.5
  MONTH TO DATE   13.7                      10.3    3.4     20.0
  SINCE DEC 1     13.7                      10.3    3.4     20.0
  SINCE JUL 1     42.5                      22.5   20.0     30.1
  SNOW DEPTH       6

DEGREE DAYS
 HEATING
  TODAY           35                        47    -12       58
  MONTH TO DATE  646                       652     -6      705
  SINCE DEC 1    646                       652     -6      705
  SINCE JUL 1   2598                      2797   -199     2661

 COOLING
  TODAY            0                         0      0        0
  MONTH TO DATE    0                         0      0        0
  SINCE DEC 1      0                         0      0        0
  SINCE JAN 1    266                       180     86      192
..................................................................


WIND (MPH)
  HIGHEST WIND SPEED    25   HIGHEST WIND DIRECTION    NW (330)
  HIGHEST GUST SPEED    32   HIGHEST GUST DIRECTION    NW (320)
  AVERAGE WIND SPEED    12.6


SKY COVER
  POSSIBLE SUNSHINE  MM
  AVERAGE SKY COVER 1.0


WEATHER CONDITIONS
 THE FOLLOWING WEATHER WAS RECORDED TODAY.
  NO SIGNIFICANT WEATHER WAS OBSERVED.


RELATIVE HUMIDITY (PERCENT)
 HIGHEST    85          1200 AM
 LOWEST     75          1000 AM
 AVERAGE    80

..........................................................


THE CARIBOU ME CLIMATE NORMALS FOR TOMORROW
                         NORMAL    RECORD    YEAR
 MAXIMUM TEMPERATURE (F)   26        49      1982
 MINIMUM TEMPERATURE (F)   10       -21      1943


SUNRISE AND SUNSET
DECEMBER 15 2014......SUNRISE   710 AM EST   SUNSET   344 PM EST
DECEMBER 16 2014......SUNRISE   711 AM EST   SUNSET   344 PM EST


-  INDICATES NEGATIVE NUMBERS.
R  INDICATES RECORD WAS SET OR TIED.
MM INDICATES DATA IS MISSING.
T  INDICATES TRACE AMOUNT.




$$
