000
CDUS41 KCAR 092134
CLICAR


CLIMATE REPORT
NATIONAL WEATHER SERVICE CARIBOU, ME
433 PM EST THU FEB 9 2017


...................................

...THE CARIBOU ME CLIMATE SUMMARY FOR FEBRUARY 9 2017...
VALID TODAY AS OF 0400 PM LOCAL TIME.

CLIMATE NORMAL PERIOD 1981 TO 2010
CLIMATE RECORD PERIOD 1939 TO 2017


WEATHER ITEM   OBSERVED TIME   RECORD YEAR NORMAL DEPARTURE LAST
                VALUE   (LST)  VALUE       VALUE  FROM      YEAR
                                                  NORMAL
..................................................................
TEMPERATURE (F)
 TODAY
  MAXIMUM         15   1216 AM  43    1990  22     -7       19
  MINIMUM         -2    653 AM -25    1944   3     -5       12
  AVERAGE          7                        12     -5       16

PRECIPITATION (IN)
  TODAY            0.04          0.68 1996   0.08  -0.04     0.23
  MONTH TO DATE    0.74                      0.71   0.03     0.85
  SINCE DEC 1      8.39                      6.69   1.70     7.15
  SINCE JAN 1      4.19                      3.42   0.77     2.27

SNOWFALL (IN)
  TODAY            0.4           6.8  1996   0.8   -0.4      4.1
  MONTH TO DATE    7.0                       7.2   -0.2      7.4
  SINCE DEC 1     67.6                      55.3   12.3     46.4
  SINCE JUL 1     87.8                      67.5   20.3     50.5
  SNOW DEPTH      27

DEGREE DAYS
 HEATING
  TODAY           58                        53      5       49
  MONTH TO DATE  520                       483     37      402
  SINCE DEC 1   3461                      3632   -171     2981
  SINCE JUL 1   5148                      5777   -629     4799

 COOLING
  TODAY            0                         0      0        0
  MONTH TO DATE    0                         0      0        0
  SINCE DEC 1      0                         0      0        0
  SINCE JAN 1      0                         0      0        0
..................................................................


WIND (MPH)
  HIGHEST WIND SPEED    16   HIGHEST WIND DIRECTION     N (360)
  HIGHEST GUST SPEED    20   HIGHEST GUST DIRECTION     N (350)
  AVERAGE WIND SPEED     9.5


SKY COVER
  POSSIBLE SUNSHINE  MM
  AVERAGE SKY COVER 0.5


WEATHER CONDITIONS
 THE FOLLOWING WEATHER WAS RECORDED TODAY.
  LIGHT SNOW
  HAZE


RELATIVE HUMIDITY (PERCENT)
 HIGHEST    83           300 PM
 LOWEST     65           700 AM
 AVERAGE    74

..........................................................


THE CARIBOU ME CLIMATE NORMALS FOR TOMORROW
                         NORMAL    RECORD    YEAR
 MAXIMUM TEMPERATURE (F)   22        40      2012
                                             2001
 MINIMUM TEMPERATURE (F)    3       -29      1948


SUNRISE AND SUNSET
FEBRUARY  9 2017......SUNRISE   645 AM EST   SUNSET   448 PM EST
FEBRUARY 10 2017......SUNRISE   644 AM EST   SUNSET   449 PM EST


-  INDICATES NEGATIVE NUMBERS.
R  INDICATES RECORD WAS SET OR TIED.
MM INDICATES DATA IS MISSING.
T  INDICATES TRACE AMOUNT.




$$
