000
CDUS41 KCAR 180540
CLICAR

CLIMATE REPORT
NATIONAL WEATHER SERVICE CARIBOU, ME
132 AM EDT MON MAY 18 2015


...................................

...THE CARIBOU ME CLIMATE SUMMARY FOR MAY 17 2015...

CLIMATE NORMAL PERIOD 1981 TO 2010
CLIMATE RECORD PERIOD 1939 TO 2015


WEATHER ITEM   OBSERVED TIME   RECORD YEAR NORMAL DEPARTURE LAST
                VALUE   (LST)  VALUE       VALUE  FROM      YEAR
                                                  NORMAL
..................................................................
TEMPERATURE (F)
 YESTERDAY
  MAXIMUM         57   1205 AM  83    1977  63     -6       65
  MINIMUM         49   1159 PM  26    1957  41      8       55
  AVERAGE         53                        52      1       60

PRECIPITATION (IN)
  YESTERDAY        0.06          1.43 2006   0.11  -0.05     0.27
  MONTH TO DATE    0.91                      1.71  -0.80     1.31
  SINCE MAR 1      4.91                      6.88  -1.97     9.12
  SINCE JAN 1      9.01                     11.80  -2.79    15.34

SNOWFALL (IN)
  YESTERDAY        0.0           0.8  2007   0.0    0.0      0.0
  MONTH TO DATE    T                         0.4   -0.4      0.0
  SINCE MAR 1     33.5                      26.1    7.4     51.3
  SINCE JUL 1    141.8                     108.6   33.2    150.7
  SNOW DEPTH       0

DEGREE DAYS
 HEATING
  YESTERDAY       12                        13     -1        5
  MONTH TO DATE  202                       270    -68      249
  SINCE MAR 1   2449                      2315    134     2617
  SINCE JUL 1   9190                      9036    154     9271

 COOLING
  YESTERDAY        0                         0      0        0
  MONTH TO DATE    0                         0      0        3
  SINCE MAR 1      0                         0      0        3
  SINCE JAN 1      0                         0      0        3
..................................................................


WIND (MPH)                                                        HIGHEST    96           200 PM
 LOWEST     83           300 AM
 AVERAGE    90

..........................................................


THE CARIBOU ME CLIMATE NORMALS FOR TODAY
                         NORMAL    RECORD    YEAR
 MAXIMUM TEMPERATURE (F)   64        85      1986
 MINIMUM TEMPERATURE (F)   41        27      1961


SUNRISE AND SUNSET
MAY 18 2015...........SUNRISE   454 AM EDT   SUNSET   804 PM EDT
MAY 19 2015...........SUNRISE   453 AM EDT   SUNSET   805 PM EDT


-  INDICATES NEGATIVE NUMBERS.
  HIGHEST WIND SPEED    14   HIGHEST WIND DIRECTION     S (170)
  HIGHEST GUST SPEED    20   HIGHEST GUST DIRECTION     S (170)
  AVERAGE WIND SPEED     7.3


SKY COVER
  POSSIBLE SUNSHINE  MM
  AVERAGE SKY COVER 0.9


WEATHER CONDITIONS
 THE FOLLOWING WEATHER WAS RECORDED YESTERDAY.
  LIGHT RAIN
  FOG


RELATIVE HUMIDITY (PERCENT)

R  INDICATES RECORD WAS SET OR TIED.
MM INDICATES DATA IS MISSING.
T  INDICATES TRACE AMOUNT.

........................................................
THE CARIBOU ME 4 INCH SOIL TEMPERATURE FOR MAY 17 2015

MAXIMUM SOIL TEMPERATURE (F): 58
MINIMUM SOIL TEMPERATURE (F): 54


$$

HEWITT
