000
CDUS41 KCAR 110536
CLICAR


CLIMATE REPORT
NATIONAL WEATHER SERVICE CARIBOU, ME
133 AM EDT TUE APR 11 2017


...................................

...THE CARIBOU ME CLIMATE SUMMARY FOR APRIL 10 2017...

CLIMATE NORMAL PERIOD 1981 TO 2010
CLIMATE RECORD PERIOD 1939 TO 2017


WEATHER ITEM   OBSERVED TIME   RECORD YEAR NORMAL DEPARTURE LAST
                VALUE   (LST)  VALUE       VALUE  FROM      YEAR
                                                  NORMAL
..................................................................
TEMPERATURE (F)
 YESTERDAY
  MAXIMUM         65    409 PM  74    1945  45     20       34
  MINIMUM         38    510 AM   4    1977  27     11       17
  AVERAGE         52                        36     16       26

PRECIPITATION (IN)
  YESTERDAY        T             0.77 1979   0.09  -0.09     0.00
  MONTH TO DATE    1.01                      0.86   0.15     1.79
  SINCE MAR 1      3.73                      3.37   0.36     6.49
  SINCE JAN 1      9.35                      8.29   1.06    11.96

SNOWFALL (IN)
  YESTERDAY        0.0           7.6  1973   0.3   -0.3      0.0
  MONTH TO DATE    1.4                       3.6   -2.2      2.8
  SINCE MAR 1     25.0                      21.9    3.1     30.0
  SINCE JUL 1    121.6                     104.4   17.2     90.0
  SNOW DEPTH      13

DEGREE DAYS
 HEATING
  YESTERDAY       13                        29    -16       39
  MONTH TO DATE  266                       315    -49      355
  SINCE MAR 1   1649                      1569     80     1612
  SINCE JUL 1   7630                      8290   -660     7354

 COOLING
  YESTERDAY        0                         0      0        0
  MONTH TO DATE    0                         0      0        0
  SINCE MAR 1      0                         0      0        0
  SINCE JAN 1      0                         0      0        0
..................................................................


WIND (MPH)
  HIGHEST WIND SPEED    16   HIGHEST WIND DIRECTION     S (170)
  HIGHEST GUST SPEED    22   HIGHEST GUST DIRECTION     S (180)
  AVERAGE WIND SPEED     8.1


SKY COVER
  POSSIBLE SUNSHINE  MM
  AVERAGE SKY COVER 0.5


WEATHER CONDITIONS
 THE FOLLOWING WEATHER WAS RECORDED YESTERDAY.
  LIGHT RAIN


RELATIVE HUMIDITY (PERCENT)
 HIGHEST    79           700 AM
 LOWEST     32           100 PM
 AVERAGE    56

..........................................................


THE CARIBOU ME CLIMATE NORMALS FOR TODAY
                         NORMAL    RECORD    YEAR
 MAXIMUM TEMPERATURE (F)   45        78      1945
 MINIMUM TEMPERATURE (F)   28         8      1977


SUNRISE AND SUNSET
APRIL 11 2017.........SUNRISE   552 AM EDT   SUNSET   715 PM EDT
APRIL 12 2017.........SUNRISE   550 AM EDT   SUNSET   717 PM EDT


-  INDICATES NEGATIVE NUMBERS.
R  INDICATES RECORD WAS SET OR TIED.
MM INDICATES DATA IS MISSING.
T  INDICATES TRACE AMOUNT.




$$
