000
CDUS41 KCAR 120527
CLICAR


CLIMATE REPORT
NATIONAL WEATHER SERVICE CARIBOU, ME
126 AM EDT SUN OCT 12 2014


...................................

...THE CARIBOU ME CLIMATE SUMMARY FOR OCTOBER 11 2014...

CLIMATE NORMAL PERIOD 1981 TO 2010
CLIMATE RECORD PERIOD 1939 TO 2014


WEATHER ITEM   OBSERVED TIME   RECORD YEAR NORMAL DEPARTURE LAST
                VALUE   (LST)  VALUE       VALUE  FROM      YEAR
                                                  NORMAL
..................................................................
TEMPERATURE (F)
 YESTERDAY
  MAXIMUM         51    307 PM  76    2003  54     -3       72
  MINIMUM         34    514 AM  21    1993  36     -2       41
                                      1986
  AVERAGE         43                        45     -2       57

PRECIPITATION (IN)
  YESTERDAY        0.00          1.47 1954   0.12  -0.12     0.00
  MONTH TO DATE    1.86                      1.25   0.61     0.90
  SINCE SEP 1      4.45                      4.57  -0.12     7.91
  SINCE JAN 1     33.11                     29.31   3.80    40.93

SNOWFALL (IN)
  YESTERDAY        0.0           0.7  1956   0.0    0.0      0.0
  MONTH TO DATE    0.0                       0.1   -0.1      0.0
  SINCE SEP 1      0.0                       0.2   -0.2      0.0
  SINCE JUL 1      0.0                       0.2   -0.2      0.0
  SNOW DEPTH       0

DEGREE DAYS
 HEATING
  YESTERDAY       22                        20      2        8
  MONTH TO DATE  176                       198    -22      138
  SINCE SEP 1    470                       511    -41      395
  SINCE JUL 1    528                       665   -137      509

 COOLING
  YESTERDAY        0                         0      0        0
  MONTH TO DATE    0                         0      0        0
  SINCE SEP 1     24                        11     13       13
  SINCE JAN 1    265                       180     85      192
..................................................................


WIND (MPH)
  HIGHEST WIND SPEED     9   HIGHEST WIND DIRECTION    SW (220)
  HIGHEST GUST SPEED    13   HIGHEST GUST DIRECTION     W (250)
  AVERAGE WIND SPEED     3.7


SKY COVER
  POSSIBLE SUNSHINE  MM
  AVERAGE SKY COVER 0.5


WEATHER CONDITIONS
 THE FOLLOWING WEATHER WAS RECORDED YESTERDAY.
  NO SIGNIFICANT WEATHER WAS OBSERVED.


RELATIVE HUMIDITY (PERCENT)
 HIGHEST    92           200 AM
 LOWEST     59           300 PM
 AVERAGE    76

..........................................................


THE CARIBOU ME CLIMATE NORMALS FOR TODAY
                         NORMAL    RECORD    YEAR
 MAXIMUM TEMPERATURE (F)   54        76      1949
 MINIMUM TEMPERATURE (F)   36        21      1987


SUNRISE AND SUNSET
OCTOBER 12 2014.......SUNRISE   646 AM EDT   SUNSET   551 PM EDT
OCTOBER 13 2014.......SUNRISE   647 AM EDT   SUNSET   549 PM EDT


-  INDICATES NEGATIVE NUMBERS.
R  INDICATES RECORD WAS SET OR TIED.
MM INDICATES DATA IS MISSING.
T  INDICATES TRACE AMOUNT.




$$
