000
CDUS41 KCAR 202034
CLICAR


CLIMATE REPORT
NATIONAL WEATHER SERVICE CARIBOU, ME
429 PM EDT TUE SEP 20 2016


...................................

...THE CARIBOU ME CLIMATE SUMMARY FOR SEPTEMBER 20 2016...
VALID TODAY AS OF 0400 PM LOCAL TIME.

CLIMATE NORMAL PERIOD 1981 TO 2010
CLIMATE RECORD PERIOD 1939 TO 2016


WEATHER ITEM   OBSERVED TIME   RECORD YEAR NORMAL DEPARTURE LAST
                VALUE   (LST)  VALUE       VALUE  FROM      YEAR
                                                  NORMAL
..................................................................
TEMPERATURE (F)
 TODAY
  MAXIMUM         71    220 PM  87    1985  64      7       67
  MINIMUM         56    653 AM  27    1950  43     13       42
  AVERAGE         64                        53     11       55

PRECIPITATION (IN)
  TODAY            T             1.09 1955   0.12  -0.12     0.13
  MONTH TO DATE    1.72                      2.17  -0.45     2.12
  SINCE SEP 1      1.72                      2.17  -0.45     2.12
  SINCE JAN 1     32.83                     26.91   5.92    24.59

SNOWFALL (IN)
  TODAY            0.0           0.0  2002   0.0    0.0      0.0
                                      2001
  MONTH TO DATE    0.0                       0.0    0.0      0.0
  SINCE SEP 1      0.0                       0.0    0.0      0.0
  SINCE JUL 1      0.0                       0.0    0.0      0.0
  SNOW DEPTH       0

DEGREE DAYS
 HEATING
  TODAY            1                        12    -11       10
  MONTH TO DATE   61                       172   -111       41
  SINCE SEP 1     61                       172   -111       41
  SINCE JUL 1    141                       326   -185      118

 COOLING
  TODAY            0                         0      0        0
  MONTH TO DATE   22                        10     12       50
  SINCE SEP 1     22                        10     12       50
  SINCE JAN 1    275                       179     96      253
..................................................................


WIND (MPH)
  HIGHEST WIND SPEED    17   HIGHEST WIND DIRECTION     S (170)
  HIGHEST GUST SPEED    21   HIGHEST GUST DIRECTION     S (180)
  AVERAGE WIND SPEED     7.2


SKY COVER
  POSSIBLE SUNSHINE  MM
  AVERAGE SKY COVER 0.9


WEATHER CONDITIONS
 THE FOLLOWING WEATHER WAS RECORDED TODAY.
  LIGHT RAIN
  FOG
  FOG W/VISIBILITY <= 1/4 MILE


RELATIVE HUMIDITY (PERCENT)
 HIGHEST   100           200 AM
 LOWEST     78           200 PM
 AVERAGE    89

..........................................................


THE CARIBOU ME CLIMATE NORMALS FOR TOMORROW
                         NORMAL    RECORD    YEAR
 MAXIMUM TEMPERATURE (F)   63        84      1968
 MINIMUM TEMPERATURE (F)   43        28      1962
                                             1950


SUNRISE AND SUNSET
SEPTEMBER 20 2016.....SUNRISE   617 AM EDT   SUNSET   633 PM EDT
SEPTEMBER 21 2016.....SUNRISE   618 AM EDT   SUNSET   631 PM EDT


-  INDICATES NEGATIVE NUMBERS.
R  INDICATES RECORD WAS SET OR TIED.
MM INDICATES DATA IS MISSING.
T  INDICATES TRACE AMOUNT.




$$
