000
CDUS41 KCAR 270536
CLICAR


CLIMATE REPORT
NATIONAL WEATHER SERVICE CARIBOU, ME
1234 AM EST MON NOV 27 2017


...................................

...THE CARIBOU ME CLIMATE SUMMARY FOR NOVEMBER 26 2017...

CLIMATE NORMAL PERIOD 1981 TO 2010
CLIMATE RECORD PERIOD 1939 TO 2017


WEATHER ITEM   OBSERVED TIME   RECORD YEAR NORMAL DEPARTURE LAST
                VALUE   (LST)  VALUE       VALUE  FROM      YEAR
                                                  NORMAL
..................................................................
TEMPERATURE (F)
 YESTERDAY
  MAXIMUM         39    142 AM  61    1953  34      5       34
  MINIMUM         18   1159 PM   0    1940  20     -2       33
  AVERAGE         29                        27      2       34

PRECIPITATION (IN)
  YESTERDAY        0.14          1.04 1946   0.12   0.02     0.66
  MONTH TO DATE    3.62                      3.16   0.46     2.68
  SINCE SEP 1     12.98                     10.01   2.97     7.70
  SINCE JAN 1     38.84                     34.75   4.09    38.81

SNOWFALL (IN)
  YESTERDAY        1.7          14.8  1974   0.5    1.2      5.1
  MONTH TO DATE    3.4                       8.4   -5.0     10.0
  SINCE SEP 1      3.4                      10.1   -6.7     10.0
  SINCE JUL 1      3.4                      10.1   -6.7     10.0
  SNOW DEPTH       T

DEGREE DAYS
 HEATING
  YESTERDAY       36                        38     -2       31
  MONTH TO DATE  859                       849     10      699
  SINCE SEP 1   1419                      1835   -416     1470
  SINCE JUL 1   1543                      1989   -446     1550

 COOLING
  YESTERDAY        0                         0      0        0
  MONTH TO DATE    0                         0      0        0
  SINCE SEP 1     35                        11     24       22
  SINCE JAN 1    222                       180     42      275
..................................................................


WIND (MPH)
  HIGHEST WIND SPEED    22   HIGHEST WIND DIRECTION    NW (330)
  HIGHEST GUST SPEED    29   HIGHEST GUST DIRECTION    NW (330)
  AVERAGE WIND SPEED     9.0


SKY COVER
  POSSIBLE SUNSHINE  MM
  AVERAGE SKY COVER 0.8


WEATHER CONDITIONS
 THE FOLLOWING WEATHER WAS RECORDED YESTERDAY.
  LIGHT RAIN
  SNOW
  LIGHT SNOW
  FOG


RELATIVE HUMIDITY (PERCENT)
 HIGHEST    89           800 AM
 LOWEST     67          1100 PM
 AVERAGE    78

..........................................................


THE CARIBOU ME CLIMATE NORMALS FOR TODAY
                         NORMAL    RECORD    YEAR
 MAXIMUM TEMPERATURE (F)   33        59      1999
 MINIMUM TEMPERATURE (F)   20        -3      1978


SUNRISE AND SUNSET
NOVEMBER 27 2017......SUNRISE   652 AM EST   SUNSET   347 PM EST
NOVEMBER 28 2017......SUNRISE   653 AM EST   SUNSET   347 PM EST


-  INDICATES NEGATIVE NUMBERS.
R  INDICATES RECORD WAS SET OR TIED.
MM INDICATES DATA IS MISSING.
T  INDICATES TRACE AMOUNT.


$$
