000
CDUS41 KCAR 150527
CLICAR


CLIMATE REPORT
NATIONAL WEATHER SERVICE CARIBOU, ME
126 AM EDT THU JUN 15 2017


...................................

...THE CARIBOU ME CLIMATE SUMMARY FOR JUNE 14 2017...

CLIMATE NORMAL PERIOD 1981 TO 2010
CLIMATE RECORD PERIOD 1939 TO 2017


WEATHER ITEM   OBSERVED TIME   RECORD YEAR NORMAL DEPARTURE LAST
                VALUE   (LST)  VALUE       VALUE  FROM      YEAR
                                                  NORMAL
..................................................................
TEMPERATURE (F)
 YESTERDAY
  MAXIMUM         65    301 PM  91    1956  71     -6       63
  MINIMUM         45   1159 PM  34    1946  50     -5       48
  AVERAGE         55                        60     -5       56

PRECIPITATION (IN)
  YESTERDAY        0.00          0.89 1994   0.12  -0.12     0.01
  MONTH TO DATE    0.24                      1.54  -1.30     2.18
  SINCE JUN 1      0.24                      1.54  -1.30     2.18
  SINCE JAN 1     16.81                     14.96   1.85    18.11

SNOWFALL (IN)
  YESTERDAY        0.0           0.0  2002   0.0    0.0      0.0
                                      2001
  MONTH TO DATE    0.0                       0.0    0.0      0.0
  SINCE JUN 1      0.0                       0.0    0.0      0.0
  SINCE JUL 1    129.6                     108.7   20.9     94.8
  SNOW DEPTH       0

DEGREE DAYS
 HEATING
  YESTERDAY       10                         6      4        9
  MONTH TO DATE   74                       101    -27      100
  SINCE JUN 1     74                       101    -27      100
  SINCE JUL 1   8522                      9290   -768     8317

 COOLING
  YESTERDAY        0                         1     -1        0
  MONTH TO DATE   21                        11     10        0
  SINCE JUN 1     21                        11     10        0
  SINCE JAN 1     27                        16     11        8
..................................................................


WIND (MPH)
  HIGHEST WIND SPEED    22   HIGHEST WIND DIRECTION     N (340)
  HIGHEST GUST SPEED    29   HIGHEST GUST DIRECTION     N (340)
  AVERAGE WIND SPEED    11.0


SKY COVER
  POSSIBLE SUNSHINE  MM
  AVERAGE SKY COVER 0.4


WEATHER CONDITIONS
 THE FOLLOWING WEATHER WAS RECORDED YESTERDAY.
  NO SIGNIFICANT WEATHER WAS OBSERVED.


RELATIVE HUMIDITY (PERCENT)
 HIGHEST    71          1100 PM
 LOWEST     40           300 PM
 AVERAGE    56

..........................................................


THE CARIBOU ME CLIMATE NORMALS FOR TODAY
                         NORMAL    RECORD    YEAR
 MAXIMUM TEMPERATURE (F)   72        93      1988
 MINIMUM TEMPERATURE (F)   50        38      1997
                                             1971
                                             1961


SUNRISE AND SUNSET
JUNE 15 2017..........SUNRISE   437 AM EDT   SUNSET   828 PM EDT
JUNE 16 2017..........SUNRISE   437 AM EDT   SUNSET   829 PM EDT


-  INDICATES NEGATIVE NUMBERS.
R  INDICATES RECORD WAS SET OR TIED.
MM INDICATES DATA IS MISSING.
T  INDICATES TRACE AMOUNT.

-------------------------------------------------------------------
THE CARIBOU ME 4 INCH UNDER SOD SOIL TEMPERATURES FOR JUNE 14 2017

MAXIMUM 72F
MINIMUM 62F


$$
