000
CDUS41 KCAR 242102
CLICAR

CLIMATE REPORT
NATIONAL WEATHER SERVICE CARIBOU, ME
428 PM EDT SUN AUG 24 2014


...................................

...THE CARIBOU ME CLIMATE SUMMARY FOR AUGUST 24 2014...
VALID TODAY AS OF 0400 PM LOCAL TIME.

CLIMATE NORMAL PERIOD 1981 TO 2010
CLIMATE RECORD PERIOD 1939 TO 2014


WEATHER ITEM   OBSERVED TIME   RECORD YEAR NORMAL DEPARTURE LAST
                VALUE   (LST)  VALUE       VALUE  FROM      YEAR
                                                  NORMAL
..................................................................
TEMPERATURE (F)
 TODAY
  MAXIMUM         88R   120 PM  86    1980  73     15       75
                                      1948
  MINIMUM         57    156 AM  37    1975  52      5       43
  AVERAGE         73                        62     11       59

PRECIPITATION (IN)
  TODAY            T             1.61 1986   0.12  -0.12     0.00
  MONTH TO DATE    1.68                      2.96  -1.28     5.42
  SINCE JUN 1     11.35                     10.52   0.83    18.75
  SINCE JAN 1     28.55                     23.94   4.61    32.77

SNOWFALL (IN)
  TODAY            0.0           0.0  2002   0.0    0.0      0.0
                                      2001
  MONTH TO DATE    0.0                       0.0    0.0      0.0
  SINCE JUN 1      0.0                       0.0    0.0      0.0
  SINCE JUL 1      0.0                       0.0    0.0      0.0
  SNOW DEPTH       0

DEGREE DAYS
 HEATING
  TODAY            0                         4     -4        6
  MONTH TO DATE   21                        62    -41       65
  SINCE JUN 1    134                       285   -151      271
  SINCE JUL 1     45                       120    -75       93

 COOLING
  TODAY            8                         1      7        0
  MONTH TO DATE   51                        44      7       24
  SINCE JUN 1    217                       155     62      166
  SINCE JAN 1    220                       160     60      174
..................................................................


WIND (MPH)
  HIGHEST WIND SPEED    15   HIGHEST WIND DIRECTION     N (10)
  HIGHEST GUST SPEED    20   HIGHEST GUST DIRECTION     N (10)
  AVERAGE WIND SPEED     4.7


SKY COVER
  POSSIBLE SUNSHINE  MM
  AVERAGE SKY COVER 0.5


WEATHER CONDITIONS
 THE FOLLOWING WEATHER WAS RECORDED TODAY.
  NO SIGNIFICANT WEATHER WAS OBSERVED.


RELATIVE HUMIDITY (PERCENT)
 HIGHEST   100           400 AM
 LOWEST     31           200 PM
 AVERAGE    66

..........................................................


THE CARIBOU ME CLIMATE NORMALS FOR TOMORROW
                         NORMAL    RECORD    YEAR
 MAXIMUM TEMPERATURE (F)   73        86      1999
                                             1992
 MINIMUM TEMPERATURE (F)   51        34      2003


SUNRISE AND SUNSET
AUGUST 24 2014........SUNRISE   541 AM EDT   SUNSET   727 PM EDT
AUGUST 25 2014........SUNRISE   542 AM EDT   SUNSET   725 PM EDT


-  INDICATES NEGATIVE NUMBERS.
R  INDICATES RECORD WAS SET OR TIED.
MM INDICATES DATA IS MISSING.
T  INDICATES TRACE AMOUNT.

...........................................................
THE CARIBOU ME 4 INCH SOIL TEMPERATURE FOR AUGUST 23 2014

MAXIMUM SOIL TEMPERATURE (F)...72
MINIMUM SOIL TEMPERATURE (F)...67



$$
