000
CDUS41 KCAR 190539
CLICAR


CLIMATE REPORT
NATIONAL WEATHER SERVICE CARIBOU, ME
137 AM EDT THU MAY 19 2016


...................................

...THE CARIBOU ME CLIMATE SUMMARY FOR MAY 18 2016...

CLIMATE NORMAL PERIOD 1981 TO 2010
CLIMATE RECORD PERIOD 1939 TO 2016


WEATHER ITEM   OBSERVED TIME   RECORD YEAR NORMAL DEPARTURE LAST
                VALUE   (LST)  VALUE       VALUE  FROM      YEAR
                                                  NORMAL
..................................................................
TEMPERATURE (F)
 YESTERDAY
  MAXIMUM         66    236 PM  85    1986  64      2       68
  MINIMUM         35    437 AM  27    1961  41     -6       47
  AVERAGE         51                        52     -1       58

PRECIPITATION (IN)
  YESTERDAY        T             2.15 1948   0.11  -0.11     0.00
  MONTH TO DATE    2.16                      1.82   0.34     0.91
  SINCE MAR 1      9.66                      6.99   2.67     4.91
  SINCE JAN 1     15.13                     11.91   3.22     9.01

SNOWFALL (IN)
  YESTERDAY        0.0            1.8  1941   0.0   MM        0.0
  MONTH TO DATE    4.8                       0.4    4.4       T
  SINCE MAR 1     34.8                      26.1    8.7     33.5
  SINCE JUL 1     94.8                     108.6  -13.8    141.8
  SNOW DEPTH       0

DEGREE DAYS
 HEATING
  YESTERDAY       14                        13      1        7
  MONTH TO DATE  295                       283     12      209
  SINCE MAR 1   2425                      2328     97     2456
  SINCE JUL 1   8167                      9049   -882     9197

 COOLING
  YESTERDAY        0                         0      0        0
  MONTH TO DATE    0                         0      0        0
  SINCE MAR 1      0                         0      0        0
  SINCE JAN 1      0                         0      0        0
..................................................................


WIND (MPH)
  HIGHEST WIND SPEED    15   HIGHEST WIND DIRECTION    NW (330)
  HIGHEST GUST SPEED    20   HIGHEST GUST DIRECTION    NW (330)
  AVERAGE WIND SPEED     4.6


SKY COVER
  POSSIBLE SUNSHINE  MM
  AVERAGE SKY COVER 0.6


WEATHER CONDITIONS
 THE FOLLOWING WEATHER WAS RECORDED YESTERDAY.
  FOG


RELATIVE HUMIDITY (PERCENT)
 HIGHEST    92          1200 AM
 LOWEST     34           300 PM
 AVERAGE    63

..........................................................


THE CARIBOU ME CLIMATE NORMALS FOR TODAY
                         NORMAL    RECORD    YEAR
 MAXIMUM TEMPERATURE (F)   64        87      1962
 MINIMUM TEMPERATURE (F)   41        27      1967
                                             1939


SUNRISE AND SUNSET
MAY 19 2016...........SUNRISE   452 AM EDT   SUNSET   806 PM EDT
MAY 20 2016...........SUNRISE   451 AM EDT   SUNSET   807 PM EDT


-  INDICATES NEGATIVE NUMBERS.
R  INDICATES RECORD WAS SET OR TIED.
MM INDICATES DATA IS MISSING.
T  INDICATES TRACE AMOUNT.

----------------------------------------------------------------------------

THE CARIBOU ME 4-INCH UNDER SOD SOIL TEMP:
MAXIMUM SOIL TEMPERATURE: 53F
MINIMUM SOIL TEMPERATURE: 46F


$$
