000
CDUS41 KCAR 152030
CLICAR


CLIMATE REPORT
NATIONAL WEATHER SERVICE CARIBOU, ME
430 PM EDT THU SEP 15 2016


...................................

...THE CARIBOU ME CLIMATE SUMMARY FOR SEPTEMBER 15 2016...
VALID TODAY AS OF 0400 PM LOCAL TIME.

CLIMATE NORMAL PERIOD 1981 TO 2010
CLIMATE RECORD PERIOD 1939 TO 2016


WEATHER ITEM   OBSERVED TIME   RECORD YEAR NORMAL DEPARTURE LAST
                VALUE   (LST)  VALUE       VALUE  FROM      YEAR
                                                  NORMAL
..................................................................
TEMPERATURE (F)
 TODAY
  MAXIMUM         64    244 PM  84    2003  66     -2       76
  MINIMUM         41    446 AM  28    1959  45     -4       55
                                      1952
  AVERAGE         53                        55     -2       66

PRECIPITATION (IN)
  TODAY            0.00          0.96 1961   0.11  -0.11     0.00
  MONTH TO DATE    1.17                      1.59  -0.42     1.99
  SINCE SEP 1      1.17                      1.59  -0.42     1.99
  SINCE JAN 1     32.28                     26.33   5.95    24.46

SNOWFALL (IN)
  TODAY            0.0           0.0  2002   0.0    0.0      0.0
                                      2001
  MONTH TO DATE    0.0                       0.0    0.0      0.0
  SINCE SEP 1      0.0                       0.0    0.0      0.0
  SINCE JUL 1      0.0                       0.0    0.0      0.0
  SNOW DEPTH       0

DEGREE DAYS
 HEATING
  TODAY           12                        10      2        0
  MONTH TO DATE   41                       117    -76       31
  SINCE SEP 1     41                       117    -76       31
  SINCE JUL 1    121                       271   -150      108

 COOLING
  TODAY            0                         0      0        1
  MONTH TO DATE   19                        10      9       28
  SINCE SEP 1     19                        10      9       28
  SINCE JAN 1    272                       179     93      231
..................................................................


WIND (MPH)
  HIGHEST WIND SPEED    12   HIGHEST WIND DIRECTION     N (10)
  HIGHEST GUST SPEED    19   HIGHEST GUST DIRECTION    NW (320)
  AVERAGE WIND SPEED     5.6


SKY COVER
  POSSIBLE SUNSHINE  MM
  AVERAGE SKY COVER 0.3


WEATHER CONDITIONS
 THE FOLLOWING WEATHER WAS RECORDED TODAY.
  FOG


RELATIVE HUMIDITY (PERCENT)
 HIGHEST    96           300 AM
 LOWEST     43          1200 PM
 AVERAGE    70

..........................................................


THE CARIBOU ME CLIMATE NORMALS FOR TOMORROW
                         NORMAL    RECORD    YEAR
 MAXIMUM TEMPERATURE (F)   65        88      1939
 MINIMUM TEMPERATURE (F)   44        29      1959


SUNRISE AND SUNSET
SEPTEMBER 15 2016.....SUNRISE   610 AM EDT   SUNSET   643 PM EDT
SEPTEMBER 16 2016.....SUNRISE   612 AM EDT   SUNSET   641 PM EDT


-  INDICATES NEGATIVE NUMBERS.
R  INDICATES RECORD WAS SET OR TIED.
MM INDICATES DATA IS MISSING.
T  INDICATES TRACE AMOUNT.




$$
