000
CDUS41 KCAR 170526
CLICAR


CLIMATE REPORT
NATIONAL WEATHER SERVICE CARIBOU, ME
125 AM EDT WED MAY 17 2017


...................................

...THE CARIBOU ME CLIMATE SUMMARY FOR MAY 16 2017...

CLIMATE NORMAL PERIOD 1981 TO 2010
CLIMATE RECORD PERIOD 1939 TO 2017


WEATHER ITEM   OBSERVED TIME   RECORD YEAR NORMAL DEPARTURE LAST
                VALUE   (LST)  VALUE       VALUE  FROM      YEAR
                                                  NORMAL
..................................................................
TEMPERATURE (F)
 YESTERDAY
  MAXIMUM         71    305 PM  81    1986  63      8       40
  MINIMUM         43    434 AM  30    1957  41      2       32
                                      1949
  AVERAGE         57                        52      5       36

PRECIPITATION (IN)
  YESTERDAY        0.00          1.67 1997   0.11  -0.11     0.54
  MONTH TO DATE    3.42                      1.60   1.82     2.16
  SINCE MAR 1     10.00                      6.77   3.23     9.66
  SINCE JAN 1     15.62                     11.69   3.93    15.13

SNOWFALL (IN)
  YESTERDAY        0.0           4.5  2016   0.0    0.0      4.5
  MONTH TO DATE    T                         0.4   -0.4      4.8
  SINCE MAR 1     33.0                      26.1    6.9     34.8
  SINCE JUL 1    129.6                     108.6   21.0     94.8
  SNOW DEPTH       0

DEGREE DAYS
 HEATING
  YESTERDAY        8                        13     -5       29
  MONTH TO DATE  238                       257    -19      263
  SINCE MAR 1   2325                      2302     23     2393
  SINCE JUL 1   8306                      9023   -717     8135

 COOLING
  YESTERDAY        0                         0      0        0
  MONTH TO DATE    0                         0      0        0
  SINCE MAR 1      0                         0      0        0
  SINCE JAN 1      0                         0      0        0
..................................................................


WIND (MPH)
  HIGHEST WIND SPEED    26   HIGHEST WIND DIRECTION    NW (330)
  HIGHEST GUST SPEED    42   HIGHEST GUST DIRECTION    NW (310)
  AVERAGE WIND SPEED    11.5


SKY COVER
  POSSIBLE SUNSHINE  MM
  AVERAGE SKY COVER 0.3


WEATHER CONDITIONS
 THE FOLLOWING WEATHER WAS RECORDED YESTERDAY.
  NO SIGNIFICANT WEATHER WAS OBSERVED.


RELATIVE HUMIDITY (PERCENT)
 HIGHEST    76          1200 AM
 LOWEST     26           400 PM
 AVERAGE    51

..........................................................


THE CARIBOU ME CLIMATE NORMALS FOR TODAY
                         NORMAL    RECORD    YEAR
 MAXIMUM TEMPERATURE (F)   63        83      1977
 MINIMUM TEMPERATURE (F)   41        26      1957


SUNRISE AND SUNSET
MAY 17 2017...........SUNRISE   455 AM EDT   SUNSET   803 PM EDT
MAY 18 2017...........SUNRISE   453 AM EDT   SUNSET   804 PM EDT


-  INDICATES NEGATIVE NUMBERS.
R  INDICATES RECORD WAS SET OR TIED.
MM INDICATES DATA IS MISSING.
T  INDICATES TRACE AMOUNT.
***************************************************************

THE CARIBOU ME 4 INCH UNDER SOD SOIL TEMPERATURE FOR MAY 16 2017

MAXIMUM 57F
MINIMUM 50F



$$
