000
CDUS41 KCAR 110532
CLICAR


CLIMATE REPORT
NATIONAL WEATHER SERVICE CARIBOU, ME
130 AM EDT TUE JUL 11 2017


...................................

...THE CARIBOU ME CLIMATE SUMMARY FOR JULY 10 2017...

CLIMATE NORMAL PERIOD 1981 TO 2010
CLIMATE RECORD PERIOD 1939 TO 2017


WEATHER ITEM   OBSERVED TIME   RECORD YEAR NORMAL DEPARTURE LAST
                VALUE   (LST)  VALUE       VALUE  FROM      YEAR
                                                  NORMAL
..................................................................
TEMPERATURE (F)
 YESTERDAY
  MAXIMUM         74    607 PM  95    1955  76     -2       60
  MINIMUM         55    337 AM  41    1942  55      0       50
  AVERAGE         65                        66     -1       55

PRECIPITATION (IN)
  YESTERDAY        0.06          2.20 1998   0.14  -0.08     0.53
  MONTH TO DATE    1.84                      1.37   0.47     2.93
  SINCE JUN 1      6.23                      4.85   1.38     6.58
  SINCE JAN 1     22.80                     18.27   4.53    22.51

SNOWFALL (IN)
  YESTERDAY        0.0           0.0  2002   0.0    0.0      0.0
                                      2001
  MONTH TO DATE    0.0                       0.0    0.0      0.0
  SINCE JUN 1      0.0                       0.0    0.0      0.0
  SINCE JUL 1      0.0                       0.0    0.0      0.0
  SNOW DEPTH       0

DEGREE DAYS
 HEATING
  YESTERDAY        0                         2     -2       10
  MONTH TO DATE    1                        24    -23       42
  SINCE JUN 1    133                       189    -56      186
  SINCE JUL 1      1                        24    -23       42

 COOLING
  YESTERDAY        0                         2     -2        0
  MONTH TO DATE   28                        20      8       10
  SINCE JUN 1     73                        54     19       55
  SINCE JAN 1     79                        59     20       63
..................................................................


WIND (MPH)
  HIGHEST WIND SPEED    15   HIGHEST WIND DIRECTION    SW (240)
  HIGHEST GUST SPEED    21   HIGHEST GUST DIRECTION     W (250)
  AVERAGE WIND SPEED     5.9


SKY COVER
  POSSIBLE SUNSHINE  MM
  AVERAGE SKY COVER 0.5


WEATHER CONDITIONS
 THE FOLLOWING WEATHER WAS RECORDED YESTERDAY.
  HEAVY RAIN
  LIGHT RAIN


RELATIVE HUMIDITY (PERCENT)
 HIGHEST    93           100 AM
 LOWEST     57           500 PM
 AVERAGE    75

..........................................................


THE CARIBOU ME CLIMATE NORMALS FOR TODAY
                         NORMAL    RECORD    YEAR
 MAXIMUM TEMPERATURE (F)   76        88      1943
 MINIMUM TEMPERATURE (F)   55        42      1968


SUNRISE AND SUNSET
JULY 11 2017..........SUNRISE   449 AM EDT   SUNSET   826 PM EDT
JULY 12 2017..........SUNRISE   450 AM EDT   SUNSET   825 PM EDT


-  INDICATES NEGATIVE NUMBERS.
R  INDICATES RECORD WAS SET OR TIED.
MM INDICATES DATA IS MISSING.
T  INDICATES TRACE AMOUNT.




$$
