000
CDUS41 KCAR 170530
CLICAR

CLIMATE REPORT
NATIONAL WEATHER SERVICE CARIBOU, ME
128 AM EDT SUN AUG 17 2014


...................................

...THE CARIBOU ME CLIMATE SUMMARY FOR AUGUST 16 2014...

CLIMATE NORMAL PERIOD 1981 TO 2010
CLIMATE RECORD PERIOD 1939 TO 2014


WEATHER ITEM   OBSERVED TIME   RECORD YEAR NORMAL DEPARTURE LAST
                VALUE   (LST)  VALUE       VALUE  FROM      YEAR
                                                  NORMAL
..................................................................
TEMPERATURE (F)
 YESTERDAY
  MAXIMUM         67    427 PM  95    1944  75     -8       71
  MINIMUM         58   1159 PM  39    1956  53      5       50
  AVERAGE         63                        64     -1       61

PRECIPITATION (IN)
  YESTERDAY        0.67          0.97 1981   0.13   0.54     0.57
  MONTH TO DATE    1.64                      2.02  -0.38     4.52
  SINCE JUN 1     11.31                      9.58   1.73    17.85
  SINCE JAN 1     28.51                     23.00   5.51    31.87

SNOWFALL (IN)
  YESTERDAY        0.0           0.0  2002   0.0    0.0      0.0
                                      2001
  MONTH TO DATE    0.0                       0.0    0.0      0.0
  SINCE JUN 1      0.0                       0.0    0.0      0.0
  SINCE JUL 1      0.0                       0.0    0.0      0.0
  SNOW DEPTH       0

DEGREE DAYS
 HEATING
  YESTERDAY        2                         3     -1        4
  MONTH TO DATE   11                        35    -24       48
  SINCE JUN 1    124                       258   -134      254
  SINCE JUL 1     35                        93    -58       76

 COOLING
  YESTERDAY        0                         2     -2        0
  MONTH TO DATE   38                        33      5        4
  SINCE JUN 1    204                       144     60      146
  SINCE JAN 1    207                       149     58      154
..................................................................


WIND (MPH)
  HIGHEST WIND SPEED    15   HIGHEST WIND DIRECTION     W (260)
  HIGHEST GUST SPEED    20   HIGHEST GUST DIRECTION     W (250)
  AVERAGE WIND SPEED     4.9


SKY COVER
  POSSIBLE SUNSHINE  MM
  AVERAGE SKY COVER 1.0


WEATHER CONDITIONS
 THE FOLLOWING WEATHER WAS RECORDED YESTERDAY.
  HEAVY RAIN
  LIGHT RAIN
  FOG


RELATIVE HUMIDITY (PERCENT)
 HIGHEST   100          1100 PM
 LOWEST     68          1200 PM
 AVERAGE    84

..........................................................


THE CARIBOU ME CLIMATE NORMALS FOR TODAY
                         NORMAL    RECORD    YEAR
 MAXIMUM TEMPERATURE (F)   75        89      1987
                                             1978
 MINIMUM TEMPERATURE (F)   53        39      1972


SUNRISE AND SUNSET
AUGUST 17 2014........SUNRISE   532 AM EDT   SUNSET   739 PM EDT
AUGUST 18 2014........SUNRISE   533 AM EDT   SUNSET   737 PM EDT


-  INDICATES NEGATIVE NUMBERS.
R  INDICATES RECORD WAS SET OR TIED.
MM INDICATES DATA IS MISSING.
T  INDICATES TRACE AMOUNT.

THE CARIBOU ME 4 INCH SOIL TEMPERATURE FOR AUGUST 16 2014

MAXIMUM SOIL TEMPERATURE (F)...73
MINIMUM SOIL TEMPERATURE (F)...69


$$
