653
CDUS41 KCAR 200530
CLICAR


CLIMATE REPORT
NATIONAL WEATHER SERVICE CARIBOU, ME
128 AM EDT WED SEP 20 2017


...................................

...THE CARIBOU ME CLIMATE SUMMARY FOR SEPTEMBER 19 2017...

CLIMATE NORMAL PERIOD 1981 TO 2010
CLIMATE RECORD PERIOD 1939 TO 2017


WEATHER ITEM   OBSERVED TIME   RECORD YEAR NORMAL DEPARTURE LAST
                VALUE   (LST)  VALUE       VALUE  FROM      YEAR
                                                  NORMAL
..................................................................
TEMPERATURE (F)
 YESTERDAY
  MAXIMUM         72    330 PM  84    1968  64      8       72
  MINIMUM         57   1142 PM  27    2008  43     14       57
  AVERAGE         65                        54     11       65

PRECIPITATION (IN)
  YESTERDAY        0.00          2.46 1945   0.11  -0.11     0.43
  MONTH TO DATE    2.84                      2.05   0.79     1.72
  SINCE SEP 1      2.84                      2.05   0.79     1.72
  SINCE JAN 1     28.70                     26.79   1.91    32.83

SNOWFALL (IN)
  YESTERDAY        0.0           0.0  2002   0.0    0.0      0.0
                                      2001
  MONTH TO DATE    0.0                       0.0    0.0      0.0
  SINCE SEP 1      0.0                       0.0    0.0      0.0
  SINCE JUL 1      0.0                       0.0    0.0      0.0
  SNOW DEPTH       0

DEGREE DAYS
 HEATING
  YESTERDAY        0                        11    -11        0
  MONTH TO DATE   81                       160    -79       60
  SINCE SEP 1     81                       160    -79       60
  SINCE JUL 1    205                       314   -109      140

 COOLING
  YESTERDAY        0                         0      0        0
  MONTH TO DATE   11                        10      1       22
  SINCE SEP 1     11                        10      1       22
  SINCE JAN 1    198                       179     19      275
..................................................................


WIND (MPH)
  HIGHEST WIND SPEED    14   HIGHEST WIND DIRECTION     S (180)
  HIGHEST GUST SPEED    19   HIGHEST GUST DIRECTION     S (180)
  AVERAGE WIND SPEED     6.5


SKY COVER
  POSSIBLE SUNSHINE  MM
  AVERAGE SKY COVER 0.7


WEATHER CONDITIONS
 THE FOLLOWING WEATHER WAS RECORDED YESTERDAY.
  FOG
  FOG W/VISIBILITY <= 1/4 MILE


RELATIVE HUMIDITY (PERCENT)
 HIGHEST    97           700 AM
 LOWEST     68           300 PM
 AVERAGE    83

..........................................................


THE CARIBOU ME CLIMATE NORMALS FOR TODAY
                         NORMAL    RECORD    YEAR
 MAXIMUM TEMPERATURE (F)   64        87      1985
 MINIMUM TEMPERATURE (F)   43        27      1950


SUNRISE AND SUNSET
SEPTEMBER 20 2017.....SUNRISE   617 AM EDT   SUNSET   633 PM EDT
SEPTEMBER 21 2017.....SUNRISE   618 AM EDT   SUNSET   631 PM EDT


-  INDICATES NEGATIVE NUMBERS.
R  INDICATES RECORD WAS SET OR TIED.
MM INDICATES DATA IS MISSING.
T  INDICATES TRACE AMOUNT.

....................................................................................
THE CARIBOU ME 4 INCH UNDER SOD SOIL TEMPERATURE FOR SEPT 19, 2017

MAXIMUM 66F
MINIMUM 65F


$$
