000
CDUS41 KCAR 052038
CLICAR


CLIMATE REPORT
NATIONAL WEATHER SERVICE CARIBOU, ME
438 PM EDT SAT APR 5 2014


...................................

...THE CARIBOU ME CLIMATE SUMMARY FOR APRIL 5 2014...
VALID TODAY AS OF 0400 PM LOCAL TIME.

CLIMATE NORMAL PERIOD 1981 TO 2010
CLIMATE RECORD PERIOD 1939 TO 2014


WEATHER ITEM   OBSERVED TIME   RECORD YEAR NORMAL DEPARTURE LAST
                VALUE   (LST)  VALUE       VALUE  FROM      YEAR
                                                  NORMAL
..................................................................
TEMPERATURE (F)
 TODAY
  MAXIMUM         36   1226 AM  66    2010  42     -6       44
  MINIMUM         32    515 AM   1    1995  25      7       28
  AVERAGE         34                        33      1       36

PRECIPITATION (IN)
  TODAY            0.45          1.05 2007   0.08   0.37     0.02
  MONTH TO DATE    0.46                      0.42   0.04     0.27
  SINCE MAR 1      3.90                      2.93   0.97     2.01
  SINCE JAN 1     10.12                      7.85   2.27     7.38

SNOWFALL (IN)
  TODAY            2.5           9.9  2007   0.4    2.1       T
  MONTH TO DATE    2.5                       2.0    0.5       T
  SINCE MAR 1     44.6                      20.3   24.3     15.2
  SINCE JUL 1    144.0                     102.8   41.2    102.6
  SNOW DEPTH      31

DEGREE DAYS
 HEATING
  TODAY           31                        32     -1       29
  MONTH TO DATE  167                       164      3      177
  SINCE MAR 1   1707                      1418    289     1262
  SINCE JUL 1   8361                      8139    222     7410

 COOLING
  TODAY            0                         0      0        0
  MONTH TO DATE    0                         0      0        0
  SINCE MAR 1      0                         0      0        0
  SINCE JAN 1      0                         0      0        0
..................................................................


WIND (MPH)
  HIGHEST WIND SPEED    17   HIGHEST WIND DIRECTION    SE (150)
  HIGHEST GUST SPEED    24   HIGHEST GUST DIRECTION     S (170)
  AVERAGE WIND SPEED     8.5


SKY COVER
  POSSIBLE SUNSHINE  MM
  AVERAGE SKY COVER 1.0


WEATHER CONDITIONS
 THE FOLLOWING WEATHER WAS RECORDED TODAY.
  LIGHT RAIN
  LIGHT SNOW
  FOG


RELATIVE HUMIDITY (PERCENT)
 HIGHEST   100          1200 PM
 LOWEST     70          1200 AM
 AVERAGE    85

..........................................................


THE CARIBOU ME CLIMATE NORMALS FOR TOMORROW
                         NORMAL    RECORD    YEAR
 MAXIMUM TEMPERATURE (F)   43        62      2010
 MINIMUM TEMPERATURE (F)   25         4      1964


SUNRISE AND SUNSET
APRIL  5 2014.........SUNRISE   604 AM EDT   SUNSET   707 PM EDT
APRIL  6 2014.........SUNRISE   602 AM EDT   SUNSET   708 PM EDT


-  INDICATES NEGATIVE NUMBERS.
R  INDICATES RECORD WAS SET OR TIED.
MM INDICATES DATA IS MISSING.
T  INDICATES TRACE AMOUNT.




$$
