000
CDUS41 KCAR 030536
CLICAR


CLIMATE REPORT
NATIONAL WEATHER SERVICE CARIBOU, ME
1232 AM EST FRI FEB 3 2017


...................................

...THE CARIBOU ME CLIMATE SUMMARY FOR FEBRUARY 2 2017...

CLIMATE NORMAL PERIOD 1981 TO 2010
CLIMATE RECORD PERIOD 1939 TO 2017


WEATHER ITEM   OBSERVED TIME   RECORD YEAR NORMAL DEPARTURE LAST
                VALUE   (LST)  VALUE       VALUE  FROM      YEAR
                                                  NORMAL
..................................................................
TEMPERATURE (F)
 YESTERDAY
  MAXIMUM         23    333 PM  49    1976  20      3       22
  MINIMUM         -2    756 AM -32    1962   1     -3        5
  AVERAGE         11                        11      0       14

PRECIPITATION (IN)
  YESTERDAY        0.01          2.10 2003   0.08  -0.07     0.00
  MONTH TO DATE    0.08                      0.16  -0.08     0.06
  SINCE DEC 1      7.73                      6.14   1.59     6.36
  SINCE JAN 1      3.53                      2.87   0.66     1.48

SNOWFALL (IN)
  YESTERDAY        0.2          20.8  2003   0.9   -0.7      0.0
  MONTH TO DATE    1.7                       1.7    0.0      0.0
  SINCE DEC 1     62.3                      49.8   12.5     39.0
  SINCE JUL 1     82.5                      62.0   20.5     43.1
  SNOW DEPTH      26

DEGREE DAYS
 HEATING
  YESTERDAY       54                        54      0       51
  MONTH TO DATE  117                       109      8       83
  SINCE DEC 1   3058                      3258   -200     2662
  SINCE JUL 1   4745                      5403   -658     4480

 COOLING
  YESTERDAY        0                         0      0        0
  MONTH TO DATE    0                         0      0        0
  SINCE DEC 1      0                         0      0        0
  SINCE JAN 1      0                         0      0        0
..................................................................


WIND (MPH)
  HIGHEST WIND SPEED    17   HIGHEST WIND DIRECTION     W (250)
  HIGHEST GUST SPEED    25   HIGHEST GUST DIRECTION    SW (240)
  AVERAGE WIND SPEED     5.6


SKY COVER
  POSSIBLE SUNSHINE  MM
  AVERAGE SKY COVER 0.4


WEATHER CONDITIONS
 THE FOLLOWING WEATHER WAS RECORDED YESTERDAY.
  LIGHT SNOW
  FOG


RELATIVE HUMIDITY (PERCENT)
 HIGHEST   100           900 AM
 LOWEST     59           600 PM
 AVERAGE    80

..........................................................


THE CARIBOU ME CLIMATE NORMALS FOR TODAY
                         NORMAL    RECORD    YEAR
 MAXIMUM TEMPERATURE (F)   21        48      1970
 MINIMUM TEMPERATURE (F)    1       -24      1971


SUNRISE AND SUNSET
FEBRUARY  3 2017......SUNRISE   654 AM EST   SUNSET   439 PM EST
FEBRUARY  4 2017......SUNRISE   652 AM EST   SUNSET   440 PM EST


-  INDICATES NEGATIVE NUMBERS.
R  INDICATES RECORD WAS SET OR TIED.
MM INDICATES DATA IS MISSING.
T  INDICATES TRACE AMOUNT.




$$
