000
CDUS41 KCAR 190527
CLICAR


CLIMATE REPORT
NATIONAL WEATHER SERVICE CARIBOU, ME
1226 AM EST SUN FEB 19 2017


...................................

...THE CARIBOU ME CLIMATE SUMMARY FOR FEBRUARY 18 2017...

CLIMATE NORMAL PERIOD 1981 TO 2010
CLIMATE RECORD PERIOD 1939 TO 2017


WEATHER ITEM   OBSERVED TIME   RECORD YEAR NORMAL DEPARTURE LAST
                VALUE   (LST)  VALUE       VALUE  FROM      YEAR
                                                  NORMAL
..................................................................
TEMPERATURE (F)
 YESTERDAY
  MAXIMUM         30   1159 PM  52    1981  25      5       24
  MINIMUM         11    521 AM -27    1967   5      6        8
  AVERAGE         21                        15      6       16

PRECIPITATION (IN)
  YESTERDAY        T             0.57 1999   0.07  -0.07      T
  MONTH TO DATE    1.46                      1.40   0.06     1.80
  SINCE DEC 1      9.11                      7.38   1.73     8.10
  SINCE JAN 1      4.91                      4.11   0.80     3.22

SNOWFALL (IN)
  YESTERDAY        T             9.9  1999   0.7   -0.7       T
  MONTH TO DATE   15.5                      14.4    1.1     10.3
  SINCE DEC 1     76.1                      62.5   13.6     49.3
  SINCE JUL 1     96.3                      74.7   21.6     53.4
  SNOW DEPTH      31

DEGREE DAYS
 HEATING
  YESTERDAY       44                        50     -6       49
  MONTH TO DATE 1003                       944     59      883
  SINCE DEC 1   3944                      4093   -149     3462
  SINCE JUL 1   5631                      6238   -607     5280

 COOLING
  YESTERDAY        0                         0      0        0
  MONTH TO DATE    0                         0      0        0
  SINCE DEC 1      0                         0      0        0
  SINCE JAN 1      0                         0      0        0
..................................................................


WIND (MPH)
  HIGHEST WIND SPEED    13   HIGHEST WIND DIRECTION     S (180)
  HIGHEST GUST SPEED    17   HIGHEST GUST DIRECTION     S (170)
  AVERAGE WIND SPEED     5.3


SKY COVER
  POSSIBLE SUNSHINE  MM
  AVERAGE SKY COVER 0.7


WEATHER CONDITIONS
 THE FOLLOWING WEATHER WAS RECORDED YESTERDAY.
  LIGHT SNOW


RELATIVE HUMIDITY (PERCENT)
 HIGHEST    76           200 AM
 LOWEST     57          1000 AM
 AVERAGE    67

..........................................................


THE CARIBOU ME CLIMATE NORMALS FOR TODAY
                         NORMAL    RECORD    YEAR
 MAXIMUM TEMPERATURE (F)   25        52      1981
 MINIMUM TEMPERATURE (F)    5       -26      1967
                                             1966


SUNRISE AND SUNSET
FEBRUARY 19 2017......SUNRISE   629 AM EST   SUNSET   503 PM EST
FEBRUARY 20 2017......SUNRISE   627 AM EST   SUNSET   505 PM EST


-  INDICATES NEGATIVE NUMBERS.
R  INDICATES RECORD WAS SET OR TIED.
MM INDICATES DATA IS MISSING.
T  INDICATES TRACE AMOUNT.




$$
