000
CDUS41 KCAR 012038
CLICAR


CLIMATE REPORT
NATIONAL WEATHER SERVICE CARIBOU, ME
437 PM EDT SAT AUG 1 2015


...................................

...THE CARIBOU ME CLIMATE SUMMARY FOR AUGUST 1 2015...
VALID TODAY AS OF 0400 PM LOCAL TIME.

CLIMATE NORMAL PERIOD 1981 TO 2010
CLIMATE RECORD PERIOD 1939 TO 2015


WEATHER ITEM   OBSERVED TIME   RECORD YEAR NORMAL DEPARTURE LAST
                VALUE   (LST)  VALUE       VALUE  FROM      YEAR
                                                  NORMAL
..................................................................
TEMPERATURE (F)
 TODAY
  MAXIMUM         75   1123 AM  93    1995  76     -1       78
  MINIMUM         58    459 AM  41    1961  55      3       54
  AVERAGE         67                        66      1       66

PRECIPITATION (IN)
  TODAY            0.34          1.41 2011   0.13   0.21     0.13
  MONTH TO DATE    0.34                      0.13   0.21     0.13
  SINCE JUN 1      7.78                      7.69   0.09     9.80
  SINCE JAN 1     18.63                     21.11  -2.48    27.00

SNOWFALL (IN)
  TODAY            0.0           0.0  2002   0.0    0.0      0.0
                                      2001
  MONTH TO DATE    0.0                       0.0    0.0      0.0
  SINCE JUN 1      0.0                       0.0    0.0      0.0
  SINCE JUL 1      0.0                       0.0    0.0      0.0
  SNOW DEPTH       0

DEGREE DAYS
 HEATING
  TODAY            0                         2     -2        0
  MONTH TO DATE    0                         2     -2        0
  SINCE JUN 1    277                       225     52      113
  SINCE JUL 1     65                        60      5       24

 COOLING
  TODAY            2                         3     -1        1
  MONTH TO DATE    2                         3     -1        1
  SINCE JUN 1     64                       114    -50      167
  SINCE JAN 1     85                       119    -34      170
..................................................................


WIND (MPH)
  HIGHEST WIND SPEED    15   HIGHEST WIND DIRECTION    SW (230)
  HIGHEST GUST SPEED    21   HIGHEST GUST DIRECTION    SW (230)
  AVERAGE WIND SPEED     4.8


SKY COVER
  POSSIBLE SUNSHINE  MM
  AVERAGE SKY COVER 0.5


WEATHER CONDITIONS
 THE FOLLOWING WEATHER WAS RECORDED TODAY.
  THUNDERSTORM
  HEAVY RAIN
  RAIN
  LIGHT RAIN
  FOG


RELATIVE HUMIDITY (PERCENT)
 HIGHEST    93           300 AM
 LOWEST     61          1100 AM
 AVERAGE    77

..........................................................


THE CARIBOU ME CLIMATE NORMALS FOR TOMORROW
                         NORMAL    RECORD    YEAR
 MAXIMUM TEMPERATURE (F)   76        95      1975
 MINIMUM TEMPERATURE (F)   55        40      1961


SUNRISE AND SUNSET
AUGUST  1 2015........SUNRISE   512 AM EDT   SUNSET   805 PM EDT
AUGUST  2 2015........SUNRISE   513 AM EDT   SUNSET   803 PM EDT


-  INDICATES NEGATIVE NUMBERS.
R  INDICATES RECORD WAS SET OR TIED.
MM INDICATES DATA IS MISSING.
T  INDICATES TRACE AMOUNT.

THE CARIBOU ME 4 INCH SOIL TEMPERATURES FOR AUG 1 2015

MAXIMUM SOIL TEMPERATURE (F): 75
MINIMUM SOIL TEMPERATURE (F): 68


$$
