000
CDUS41 KCAR 192030
CLICAR


CLIMATE REPORT
NATIONAL WEATHER SERVICE CARIBOU, ME
428 PM EDT THU OCT 19 2017


...................................

...THE CARIBOU ME CLIMATE SUMMARY FOR OCTOBER 19 2017...
VALID TODAY AS OF 0400 PM LOCAL TIME.

CLIMATE NORMAL PERIOD 1981 TO 2010
CLIMATE RECORD PERIOD 1939 TO 2017


WEATHER ITEM   OBSERVED TIME   RECORD YEAR NORMAL DEPARTURE LAST
                VALUE   (LST)  VALUE       VALUE  FROM      YEAR
                                                  NORMAL
..................................................................
TEMPERATURE (F)
 TODAY
  MAXIMUM         70    118 PM  75    1963  51     19       61
  MINIMUM         35    337 AM  14    1972  34      1       40
  AVERAGE         53                        42     11       51

PRECIPITATION (IN)
  TODAY            0.00          1.08 1957   0.11  -0.11     0.01
  MONTH TO DATE    1.66                      2.15  -0.49     1.06
  SINCE SEP 1      4.79                      5.47  -0.68     3.54
  SINCE JAN 1     30.65                     30.21   0.44    34.65

SNOWFALL (IN)
  TODAY            0.0           3.0  1952   0.1   -0.1      0.0
  MONTH TO DATE    0.0                       0.5   -0.5      0.0
  SINCE SEP 1      0.0                       0.6   -0.6      0.0
  SINCE JUL 1      0.0                       0.6   -0.6      0.0
  SNOW DEPTH       0

DEGREE DAYS
 HEATING
  TODAY           12                        23    -11       14
  MONTH TO DATE  257                       370   -113      293
  SINCE SEP 1    403                       683   -280      498
  SINCE JUL 1    527                       837   -310      578

 COOLING
  TODAY            0                         0      0        0
  MONTH TO DATE    0                         0      0        0
  SINCE SEP 1     34                        11     23       22
  SINCE JAN 1    221                       180     41      275
..................................................................


WIND (MPH)
  HIGHEST WIND SPEED    24   HIGHEST WIND DIRECTION     S (180)
  HIGHEST GUST SPEED    37   HIGHEST GUST DIRECTION     S (180)
  AVERAGE WIND SPEED     7.3


SKY COVER
  POSSIBLE SUNSHINE  MM
  AVERAGE SKY COVER 0.0


WEATHER CONDITIONS
 THE FOLLOWING WEATHER WAS RECORDED TODAY.
  NO SIGNIFICANT WEATHER WAS OBSERVED.


RELATIVE HUMIDITY (PERCENT)
 HIGHEST    76           300 AM
 LOWEST     37          1200 PM
 AVERAGE    57

..........................................................


THE CARIBOU ME CLIMATE NORMALS FOR TOMORROW
                         NORMAL    RECORD    YEAR
 MAXIMUM TEMPERATURE (F)   50        74      1963
 MINIMUM TEMPERATURE (F)   33        18      1972


SUNRISE AND SUNSET
OCTOBER 19 2017.......SUNRISE   656 AM EDT   SUNSET   537 PM EDT
OCTOBER 20 2017.......SUNRISE   657 AM EDT   SUNSET   536 PM EDT


-  INDICATES NEGATIVE NUMBERS.
R  INDICATES RECORD WAS SET OR TIED.
MM INDICATES DATA IS MISSING.
T  INDICATES TRACE AMOUNT.




$$
