326
CDUS41 KCAR 190526
CLICAR


CLIMATE REPORT
NATIONAL WEATHER SERVICE CARIBOU, ME
126 AM EDT TUE JUL 19 2016


...................................

...THE CARIBOU ME CLIMATE SUMMARY FOR JULY 18 2016...

CLIMATE NORMAL PERIOD 1981 TO 2010
CLIMATE RECORD PERIOD 1939 TO 2016


WEATHER ITEM   OBSERVED TIME   RECORD YEAR NORMAL DEPARTURE LAST
                VALUE   (LST)  VALUE       VALUE  FROM      YEAR
                                                  NORMAL
..................................................................
TEMPERATURE (F)
 YESTERDAY
  MAXIMUM         79   1257 PM  93    1982  76      3       66
                                      1964
  MINIMUM         58   1215 AM  44    1951  56      2       57
  AVERAGE         69                        66      3       62

PRECIPITATION (IN)
  YESTERDAY        T             1.51 1968   0.13  -0.13     0.43
  MONTH TO DATE    4.24                      2.44   1.80     1.69
  SINCE JUN 1      7.89                      5.92   1.97     5.94
  SINCE JAN 1     23.82                     19.34   4.48    16.79

SNOWFALL (IN)
  YESTERDAY        0.0           0.0  2002   0.0    0.0      0.0
                                      2001
  MONTH TO DATE    0.0                       0.0    0.0      0.0
  SINCE JUN 1      0.0                       0.0    0.0      0.0
  SINCE JUL 1      0.0                       0.0    0.0      0.0
  SNOW DEPTH       0

DEGREE DAYS
 HEATING
  YESTERDAY        0                         1     -1        3
  MONTH TO DATE   42                        39      3       36
  SINCE JUN 1    186                       204    -18      248
  SINCE JUL 1     42                        39      3       36

 COOLING
  YESTERDAY        4                         2      2        0
  MONTH TO DATE   50                        41      9       31
  SINCE JUN 1     95                        75     20       37
  SINCE JAN 1    103                        80     23       58
..................................................................


WIND (MPH)
  HIGHEST WIND SPEED    17   HIGHEST WIND DIRECTION     S (200)
  HIGHEST GUST SPEED    24   HIGHEST GUST DIRECTION    NW (310)
  AVERAGE WIND SPEED     7.7


SKY COVER
  POSSIBLE SUNSHINE  MM
  AVERAGE SKY COVER 0.5


WEATHER CONDITIONS
 THE FOLLOWING WEATHER WAS RECORDED YESTERDAY.
  THUNDERSTORM
  FOG
  FOG W/VISIBILITY <= 1/4 MILE


RELATIVE HUMIDITY (PERCENT)
 HIGHEST   100           600 AM
 LOWEST     67           100 PM
 AVERAGE    84

..........................................................


THE CARIBOU ME CLIMATE NORMALS FOR TODAY
                         NORMAL    RECORD    YEAR
 MAXIMUM TEMPERATURE (F)   76        95      1991
 MINIMUM TEMPERATURE (F)   56        42      1944
                                             1943


SUNRISE AND SUNSET
JULY 19 2016..........SUNRISE   457 AM EDT   SUNSET   819 PM EDT
JULY 20 2016..........SUNRISE   458 AM EDT   SUNSET   818 PM EDT


-  INDICATES NEGATIVE NUMBERS.
R  INDICATES RECORD WAS SET OR TIED.
MM INDICATES DATA IS MISSING.
T  INDICATES TRACE AMOUNT.

--------------------------------------------------------------------------------------
THE CARIBOU ME 4-INCH UNDER SOD SOIL TEMP FOR JULY 18 2016:

MAXIMUM SOIL TEMPERATURE: 74 F
MINIMUM SOIL TEMPERATURE: 70 F

$$

CB
