000
CDUS41 KCAR 070542
CLICAR


CLIMATE REPORT
NATIONAL WEATHER SERVICE CARIBOU, ME
138 AM EDT MON AUG 7 2017


...................................

...THE CARIBOU ME CLIMATE SUMMARY FOR AUGUST 6 2017...

CLIMATE NORMAL PERIOD 1981 TO 2010
CLIMATE RECORD PERIOD 1939 TO 2017


WEATHER ITEM   OBSERVED TIME   RECORD YEAR NORMAL DEPARTURE LAST
                VALUE   (LST)  VALUE       VALUE  FROM      YEAR
                                                  NORMAL
..................................................................
TEMPERATURE (F)
 YESTERDAY
  MAXIMUM         71    136 PM  91    2001  76     -5       82
  MINIMUM         55   1159 PM  42    1951  55      0       61
  AVERAGE         63                        65     -2       72

PRECIPITATION (IN)
  YESTERDAY        0.13          1.76 1983   0.13   0.00     0.22
  MONTH TO DATE    1.09                      0.79   0.30     0.87
  SINCE JUN 1      8.10                      8.35  -0.25    10.16
  SINCE JAN 1     24.67                     21.77   2.90    26.09

SNOWFALL (IN)
  YESTERDAY        0.0           0.0  2002   0.0    0.0      0.0
                                      2001
  MONTH TO DATE    0.0                       0.0    0.0      0.0
  SINCE JUN 1      0.0                       0.0    0.0      0.0
  SINCE JUL 1      0.0                       0.0    0.0      0.0
  SNOW DEPTH       0

DEGREE DAYS
 HEATING
  YESTERDAY        2                         2      0        0
  MONTH TO DATE    2                        12    -10        0
  SINCE JUN 1    173                       235    -62      192
  SINCE JUL 1     41                        70    -29       48

 COOLING
  YESTERDAY        0                         2     -2        7
  MONTH TO DATE   30                        13     17       33
  SINCE JUN 1    153                       124     29      187
  SINCE JAN 1    159                       129     30      195
..................................................................


WIND (MPH)
  HIGHEST WIND SPEED    21   HIGHEST WIND DIRECTION     W (250)
  HIGHEST GUST SPEED    27   HIGHEST GUST DIRECTION     W (270)
  AVERAGE WIND SPEED     7.6


SKY COVER
  POSSIBLE SUNSHINE  MM
  AVERAGE SKY COVER 0.9


WEATHER CONDITIONS
 THE FOLLOWING WEATHER WAS RECORDED YESTERDAY.
  RAIN
  LIGHT RAIN
  FOG
  FOG W/VISIBILITY <= 1/4 MILE


RELATIVE HUMIDITY (PERCENT)
 HIGHEST   100           500 AM
 LOWEST     55           100 PM
 AVERAGE    78

..........................................................


THE CARIBOU ME CLIMATE NORMALS FOR TODAY
                         NORMAL    RECORD    YEAR
 MAXIMUM TEMPERATURE (F)   76        89      2001
                                             1947
 MINIMUM TEMPERATURE (F)   55        40      1976


SUNRISE AND SUNSET
AUGUST  7 2017........SUNRISE   520 AM EDT   SUNSET   755 PM EDT
AUGUST  8 2017........SUNRISE   521 AM EDT   SUNSET   754 PM EDT


-  INDICATES NEGATIVE NUMBERS.
R  INDICATES RECORD WAS SET OR TIED.
MM INDICATES DATA IS MISSING.
T  INDICATES TRACE AMOUNT.




$$
