000
CDUS41 KCAR 292026
CLICAR


CLIMATE REPORT
NATIONAL WEATHER SERVICE CARIBOU, ME
426 PM EDT SAT MAR 29 2014


...................................

...THE CARIBOU ME CLIMATE SUMMARY FOR MARCH 29 2014...
VALID TODAY AS OF 0400 PM LOCAL TIME.

CLIMATE NORMAL PERIOD 1981 TO 2010
CLIMATE RECORD PERIOD 1939 TO 2014


WEATHER ITEM   OBSERVED TIME   RECORD YEAR NORMAL DEPARTURE LAST
                VALUE   (LST)  VALUE       VALUE  FROM      YEAR
                                                  NORMAL
..................................................................
TEMPERATURE (F)
 TODAY
  MAXIMUM         38    258 PM  58    1986  39     -1       47
                                      1945
  MINIMUM         31    610 AM  -3    1974  21     10       27
  AVERAGE         35                        30      5       37

PRECIPITATION (IN)
  TODAY            T             1.46 2010   0.08  -0.08     0.00
  MONTH TO DATE    2.86                      2.35   0.51     1.74
  SINCE MAR 1      2.86                      2.35   0.51     1.74
  SINCE JAN 1      9.08                      7.27   1.81     7.11

SNOWFALL (IN)
  TODAY            T             6.1  1964   0.5   -0.5      0.0
  MONTH TO DATE   37.6                      17.5   20.1     15.2
  SINCE MAR 1     37.6                      17.5   20.1     15.2
  SINCE JUL 1    137.0                     100.0   37.0    102.6
  SNOW DEPTH      32

DEGREE DAYS
 HEATING
  TODAY           30                        35     -5       28
  MONTH TO DATE 1467                      1185    282     1025
  SINCE MAR 1   1467                      1185    282     1025
  SINCE JUL 1   8121                      7906    215     7173

 COOLING
  TODAY            0                         0      0        0
  MONTH TO DATE    0                         0      0        0
  SINCE MAR 1      0                         0      0        0
  SINCE JAN 1      0                         0      0        0
..................................................................


WIND (MPH)
  HIGHEST WIND SPEED    18   HIGHEST WIND DIRECTION    NW (320)
  HIGHEST GUST SPEED    24   HIGHEST GUST DIRECTION    NW (320)
  AVERAGE WIND SPEED    10.5


SKY COVER
  POSSIBLE SUNSHINE  MM
  AVERAGE SKY COVER 0.6


WEATHER CONDITIONS
 THE FOLLOWING WEATHER WAS RECORDED TODAY.
  FOG


RELATIVE HUMIDITY (PERCENT)
 HIGHEST   100          1200 AM
 LOWEST     52           100 PM
 AVERAGE    76

..........................................................


THE CARIBOU ME CLIMATE NORMALS FOR TOMORROW
                         NORMAL    RECORD    YEAR
 MAXIMUM TEMPERATURE (F)   39        73      1962
 MINIMUM TEMPERATURE (F)   22        -1      1943


SUNRISE AND SUNSET
MARCH 29 2014.........SUNRISE   617 AM EDT   SUNSET   657 PM EDT
MARCH 30 2014.........SUNRISE   615 AM EDT   SUNSET   659 PM EDT


-  INDICATES NEGATIVE NUMBERS.
R  INDICATES RECORD WAS SET OR TIED.
MM INDICATES DATA IS MISSING.
T  INDICATES TRACE AMOUNT.




$$
