000
CDUS41 KCAR 300812
CLICAR


CLIMATE REPORT
NATIONAL WEATHER SERVICE CARIBOU, ME
311 AM EST SAT JAN 30 2016


...................................

...THE CARIBOU ME CLIMATE SUMMARY FOR JANUARY 29 2016...

CLIMATE NORMAL PERIOD 1981 TO 2010
CLIMATE RECORD PERIOD 1939 TO 2016


WEATHER ITEM   OBSERVED TIME   RECORD YEAR NORMAL DEPARTURE LAST
                VALUE   (LST)  VALUE       VALUE  FROM      YEAR
                                                  NORMAL
..................................................................
TEMPERATURE (F)
 YESTERDAY
  MAXIMUM         33    121 PM  43    1994  20     13       21
  MINIMUM         23    907 AM -24    1971   1     22       -6
  AVERAGE         28                        10     18        8

PRECIPITATION (IN)
  YESTERDAY        T             1.02 1977   0.08  -0.08     0.00
  MONTH TO DATE    1.36                      2.54  -1.18     2.24
  SINCE DEC 1      6.24                      5.81   0.43     8.12
  SINCE JAN 1      1.36                      2.54  -1.18     2.24

SNOWFALL (IN)
  YESTERDAY        T            13.9  1977   0.8   -0.8      0.0
  MONTH TO DATE   10.6                      23.6  -13.0     23.3
  SINCE DEC 1     38.4                      46.5   -8.1     50.4
  SINCE JUL 1     42.5                      58.7  -16.2     79.2
  SNOW DEPTH       7

DEGREE DAYS
 HEATING
  YESTERDAY       37                        55    -18       57
  MONTH TO DATE 1383                      1591   -208     1640
  SINCE DEC 1   2505                      3040   -535     2955
  SINCE JUL 1   4323                      5185   -862     4907

 COOLING
  YESTERDAY        0                         0      0        0
  MONTH TO DATE    0                         0      0        0
  SINCE DEC 1      0                         0      0        0
  SINCE JAN 1      0                         0      0        0
..................................................................


WIND (MPH)
  HIGHEST WIND SPEED    20   HIGHEST WIND DIRECTION    NW (330)
  HIGHEST GUST SPEED    24   HIGHEST GUST DIRECTION    NW (330)
  AVERAGE WIND SPEED     7.2


SKY COVER
  POSSIBLE SUNSHINE  MM
  AVERAGE SKY COVER 0.9


WEATHER CONDITIONS
 THE FOLLOWING WEATHER WAS RECORDED YESTERDAY.
  LIGHT SNOW


RELATIVE HUMIDITY (PERCENT)
 HIGHEST    88           600 AM
 LOWEST     69           400 PM
 AVERAGE    79

..........................................................


THE CARIBOU ME CLIMATE NORMALS FOR TODAY
                         NORMAL    RECORD    YEAR
 MAXIMUM TEMPERATURE (F)   20        46      2013
 MINIMUM TEMPERATURE (F)    1       -27      1951


SUNRISE AND SUNSET
JANUARY 30 2016.......SUNRISE   700 AM EST   SUNSET   431 PM EST
JANUARY 31 2016.......SUNRISE   658 AM EST   SUNSET   433 PM EST


-  INDICATES NEGATIVE NUMBERS.
R  INDICATES RECORD WAS SET OR TIED.
MM INDICATES DATA IS MISSING.
T  INDICATES TRACE AMOUNT.




$$
