000
CDUS41 KCAR 110526
CLICAR


CLIMATE REPORT
NATIONAL WEATHER SERVICE CARIBOU, ME
126 AM EDT THU SEP 11 2014


...................................

...THE CARIBOU ME CLIMATE SUMMARY FOR SEPTEMBER 10 2014...

CLIMATE NORMAL PERIOD 1981 TO 2010
CLIMATE RECORD PERIOD 1939 TO 2014


WEATHER ITEM   OBSERVED TIME   RECORD YEAR NORMAL DEPARTURE LAST
                VALUE   (LST)  VALUE       VALUE  FROM      YEAR
                                                  NORMAL
..................................................................
TEMPERATURE (F)
 YESTERDAY
  MAXIMUM         72    356 PM  89    2002  68      4       66
  MINIMUM         43    446 AM  32    1956  47     -4       53
  AVERAGE         58                        57      1       60

PRECIPITATION (IN)
  YESTERDAY        0.00          0.99 1939   0.10  -0.10      T
  MONTH TO DATE    1.67                      1.04   0.63     2.59
  SINCE SEP 1      1.67                      1.04   0.63     2.59
  SINCE JAN 1     30.33                     25.78   4.55    35.61

SNOWFALL (IN)
  YESTERDAY        0.0           0.0  2002   0.0    0.0      0.0
                                      2001
  MONTH TO DATE    0.0                       0.0    0.0      0.0
  SINCE SEP 1      0.0                       0.0    0.0      0.0
  SINCE JUL 1      0.0                       0.0    0.0      0.0
  SNOW DEPTH       0

DEGREE DAYS
 HEATING
  YESTERDAY        7                         8     -1        5
  MONTH TO DATE   36                        70    -34       80
  SINCE SEP 1     36                        70    -34       80
  SINCE JUL 1     94                       224   -130      194

 COOLING
  YESTERDAY        0                         1     -1        0
  MONTH TO DATE   21                        10     11        6
  SINCE SEP 1     21                        10     11        6
  SINCE JAN 1    262                       179     83      185
..................................................................


WIND (MPH)
  HIGHEST WIND SPEED    13   HIGHEST WIND DIRECTION     S (170)
  HIGHEST GUST SPEED    17   HIGHEST GUST DIRECTION     S (160)
  AVERAGE WIND SPEED     3.5


SKY COVER
  POSSIBLE SUNSHINE  MM
  AVERAGE SKY COVER 0.0


WEATHER CONDITIONS
 THE FOLLOWING WEATHER WAS RECORDED YESTERDAY.
  NO SIGNIFICANT WEATHER WAS OBSERVED.


RELATIVE HUMIDITY (PERCENT)
 HIGHEST    92           600 AM
 LOWEST     44           400 PM
 AVERAGE    68

..........................................................


THE CARIBOU ME CLIMATE NORMALS FOR TODAY
                         NORMAL    RECORD    YEAR
 MAXIMUM TEMPERATURE (F)   67        84      1961
                                             1947
 MINIMUM TEMPERATURE (F)   46        28      1949


SUNRISE AND SUNSET
SEPTEMBER 11 2014.....SUNRISE   604 AM EDT   SUNSET   652 PM EDT
SEPTEMBER 12 2014.....SUNRISE   606 AM EDT   SUNSET   650 PM EDT


-  INDICATES NEGATIVE NUMBERS.
R  INDICATES RECORD WAS SET OR TIED.
MM INDICATES DATA IS MISSING.
T  INDICATES TRACE AMOUNT.




$$
