000
CDUS41 KCAR 252110
CLICAR

CLIMATE REPORT
NATIONAL WEATHER SERVICE CARIBOU, ME
426 PM EDT MON AUG 25 2014


...................................

...THE CARIBOU ME CLIMATE SUMMARY FOR AUGUST 25 2014...
VALID TODAY AS OF 0400 PM LOCAL TIME.

CLIMATE NORMAL PERIOD 1981 TO 2010
CLIMATE RECORD PERIOD 1939 TO 2014


WEATHER ITEM   OBSERVED TIME   RECORD YEAR NORMAL DEPARTURE LAST
                VALUE   (LST)  VALUE       VALUE  FROM      YEAR
                                                  NORMAL
..................................................................
TEMPERATURE (F)
 TODAY
  MAXIMUM         88R   250 PM  86    1999  73     15       77
                                      1992
  MINIMUM         57    514 AM  34    2003  51      6       45
  AVERAGE         73                        62     11       61

PRECIPITATION (IN)
  TODAY            0.00          1.34 1988   0.11  -0.11     0.00
  MONTH TO DATE    1.68                      3.07  -1.39     5.42
  SINCE JUN 1     11.35                     10.63   0.72    18.75
  SINCE JAN 1     28.55                     24.05   4.50    32.77

SNOWFALL (IN)
  TODAY            0.0           0.0  2002   0.0    0.0      0.0
                                      2001
  MONTH TO DATE    0.0                       0.0    0.0      0.0
  SINCE JUN 1      0.0                       0.0    0.0      0.0
  SINCE JUL 1      0.0                       0.0    0.0      0.0
  SNOW DEPTH       0

DEGREE DAYS
 HEATING
  TODAY            0                         4     -4        4
  MONTH TO DATE   21                        66    -45       69
  SINCE JUN 1    134                       289   -155      275
  SINCE JUL 1     45                       124    -79       97

 COOLING
  TODAY            8                         1      7        0
  MONTH TO DATE   59                        45     14       24
  SINCE JUN 1    225                       156     69      166
  SINCE JAN 1    228                       161     67      174
..................................................................


WIND (MPH)
  HIGHEST WIND SPEED     9   HIGHEST WIND DIRECTION    SW (240)
  HIGHEST GUST SPEED    12   HIGHEST GUST DIRECTION    SW (240)
  AVERAGE WIND SPEED     2.7


SKY COVER
  POSSIBLE SUNSHINE  MM
  AVERAGE SKY COVER 0.1


WEATHER CONDITIONS
 THE FOLLOWING WEATHER WAS RECORDED TODAY.
  NO SIGNIFICANT WEATHER WAS OBSERVED.


RELATIVE HUMIDITY (PERCENT)
 HIGHEST    97           600 AM
 LOWEST     34           100 PM
 AVERAGE    66

..........................................................


THE CARIBOU ME CLIMATE NORMALS FOR TOMORROW
                         NORMAL    RECORD    YEAR
 MAXIMUM TEMPERATURE (F)   73        89      2012
 MINIMUM TEMPERATURE (F)   51        34      1942


SUNRISE AND SUNSET
AUGUST 25 2014........SUNRISE   542 AM EDT   SUNSET   725 PM EDT
AUGUST 26 2014........SUNRISE   544 AM EDT   SUNSET   723 PM EDT


-  INDICATES NEGATIVE NUMBERS.
R  INDICATES RECORD WAS SET OR TIED.
MM INDICATES DATA IS MISSING.
T  INDICATES TRACE AMOUNT.

...........................................................
THE CARIBOU ME 4 INCH SOIL TEMPERATURE FOR AUGUST 25 2014

MAXIMUM SOIL TEMPERATURE (F)...73
MINIMUM SOIL TEMPERATURE (F)...68


$$
