000
CDUS41 KCAR 100542
CLICAR


CLIMATE REPORT
NATIONAL WEATHER SERVICE CARIBOU, ME
1242 AM EST WED DEC 10 2014


...................................

...THE CARIBOU ME CLIMATE SUMMARY FOR DECEMBER 9 2014...

CLIMATE NORMAL PERIOD 1981 TO 2010
CLIMATE RECORD PERIOD 1939 TO 2014


WEATHER ITEM   OBSERVED TIME   RECORD YEAR NORMAL DEPARTURE LAST
                VALUE   (LST)  VALUE       VALUE  FROM      YEAR
                                                  NORMAL
..................................................................
TEMPERATURE (F)
 YESTERDAY
  MAXIMUM         30    334 PM  47    1974  29      1       18
  MINIMUM         11    106 AM -16    1986  14     -3        4
  AVERAGE         21                        21      0       11

PRECIPITATION (IN)
  YESTERDAY        0.33          0.84 1969   0.11   0.22     0.08
  MONTH TO DATE    0.95                      1.04  -0.09     0.58
  SINCE DEC 1      0.95                      1.04  -0.09     0.58
  SINCE JAN 1     41.36                     36.26   5.10    47.16

SNOWFALL (IN)
  YESTERDAY        2.4           7.0  2009   0.7    1.7      1.0
  MONTH TO DATE    7.7                       5.9    1.8      4.0
  SINCE DEC 1      7.7                       5.9    1.8      4.0
  SINCE JUL 1     36.5                      18.1   18.4     14.1
  SNOW DEPTH       6

DEGREE DAYS
 HEATING
  YESTERDAY       44                        44      0       54
  MONTH TO DATE  462                       379     83      348
  SINCE DEC 1    462                       379     83      348
  SINCE JUL 1   2414                      2524   -110     2304

 COOLING
  YESTERDAY        0                         0      0        0
  MONTH TO DATE    0                         0      0        0
  SINCE DEC 1      0                         0      0        0
  SINCE JAN 1    266                       180     86      192
..................................................................


WIND (MPH)
  HIGHEST WIND SPEED    14   HIGHEST WIND DIRECTION    NE (40)
  HIGHEST GUST SPEED    20   HIGHEST GUST DIRECTION    NE (40)
  AVERAGE WIND SPEED     4.4


SKY COVER
  POSSIBLE SUNSHINE  MM
  AVERAGE SKY COVER 1.0


WEATHER CONDITIONS
 THE FOLLOWING WEATHER WAS RECORDED YESTERDAY.
  LIGHT SNOW
  FOG


RELATIVE HUMIDITY (PERCENT)
 HIGHEST    92           600 PM
 LOWEST     67           200 AM
 AVERAGE    80

..........................................................


THE CARIBOU ME CLIMATE NORMALS FOR TODAY
                         NORMAL    RECORD    YEAR
 MAXIMUM TEMPERATURE (F)   28        47      1973
 MINIMUM TEMPERATURE (F)   13       -17      1958


SUNRISE AND SUNSET
DECEMBER 10 2014......SUNRISE   706 AM EST   SUNSET   343 PM EST
DECEMBER 11 2014......SUNRISE   707 AM EST   SUNSET   343 PM EST


-  INDICATES NEGATIVE NUMBERS.
R  INDICATES RECORD WAS SET OR TIED.
MM INDICATES DATA IS MISSING.
T  INDICATES TRACE AMOUNT.




$$
