000
CDUS41 KCAR 230558
CLICAR


CLIMATE REPORT
NATIONAL WEATHER SERVICE CARIBOU, ME
1257 AM EST WED NOV 23 2016


...................................

...THE CARIBOU ME CLIMATE SUMMARY FOR NOVEMBER 22 2016...

CLIMATE NORMAL PERIOD 1981 TO 2010
CLIMATE RECORD PERIOD 1939 TO 2016


WEATHER ITEM   OBSERVED TIME   RECORD YEAR NORMAL DEPARTURE LAST
                VALUE   (LST)  VALUE       VALUE  FROM      YEAR
                                                  NORMAL
..................................................................
TEMPERATURE (F)
 YESTERDAY
  MAXIMUM         35    328 PM  52    1999  35      0       43
                                      1992
  MINIMUM         29    701 AM   0    1978  22      7       32
  AVERAGE         32                        29      3       38

PRECIPITATION (IN)
  YESTERDAY        0.28          1.99 2005   0.12   0.16      T
  MONTH TO DATE    1.84                      2.67  -0.83     1.71
  SINCE SEP 1      6.86                      9.52  -2.66     8.37
  SINCE JAN 1     37.97                     34.26   3.71    30.84

SNOWFALL (IN)
  YESTERDAY        2.0           4.6  2007   0.5    1.5       T
  MONTH TO DATE    2.4                       6.4   -4.0       T
  SINCE SEP 1      2.4                       8.1   -5.7      0.3
  SINCE JUL 1      2.4                       8.1   -5.7      0.3
  SNOW DEPTH       2

DEGREE DAYS
 HEATING
  YESTERDAY       33                        36     -3       27
  MONTH TO DATE  567                       699   -132      567
  SINCE SEP 1   1338                      1685   -347     1427
  SINCE JUL 1   1418                      1839   -421     1504

 COOLING
  YESTERDAY        0                         0      0        0
  MONTH TO DATE    0                         0      0        0
  SINCE SEP 1     22                        11     11       50
  SINCE JAN 1    275                       180     95      253
..................................................................


WIND (MPH)
  HIGHEST WIND SPEED    16   HIGHEST WIND DIRECTION     W (290)
  HIGHEST GUST SPEED    26   HIGHEST GUST DIRECTION    NW (310)
  AVERAGE WIND SPEED    10.0


SKY COVER
  POSSIBLE SUNSHINE  MM
  AVERAGE SKY COVER 1.0


WEATHER CONDITIONS
 THE FOLLOWING WEATHER WAS RECORDED YESTERDAY.
  LIGHT SNOW
  FOG


RELATIVE HUMIDITY (PERCENT)
 HIGHEST    96           100 PM
 LOWEST     82           900 PM
 AVERAGE    89

..........................................................


THE CARIBOU ME CLIMATE NORMALS FOR TODAY
                         NORMAL    RECORD    YEAR
 MAXIMUM TEMPERATURE (F)   35        60      1953
 MINIMUM TEMPERATURE (F)   22        -3      1986


SUNRISE AND SUNSET
NOVEMBER 23 2016......SUNRISE   647 AM EST   SUNSET   350 PM EST
NOVEMBER 24 2016......SUNRISE   648 AM EST   SUNSET   349 PM EST


-  INDICATES NEGATIVE NUMBERS.
R  INDICATES RECORD WAS SET OR TIED.
MM INDICATES DATA IS MISSING.
T  INDICATES TRACE AMOUNT.




$$
