000
CDUS41 KCAR 200527
CLICAR


CLIMATE REPORT
NATIONAL WEATHER SERVICE CARIBOU, ME
1227 AM EST FRI FEB 20 2015


...................................

...THE CARIBOU ME CLIMATE SUMMARY FOR FEBRUARY 19 2015...

CLIMATE NORMAL PERIOD 1981 TO 2010
CLIMATE RECORD PERIOD 1939 TO 2015


WEATHER ITEM   OBSERVED TIME   RECORD YEAR NORMAL DEPARTURE LAST
                VALUE   (LST)  VALUE       VALUE  FROM      YEAR
                                                  NORMAL
..................................................................
TEMPERATURE (F)
 YESTERDAY
  MAXIMUM         21    822 PM  52    1981  25     -4       32
  MINIMUM          2    520 AM -26    1967   5     -3       14
                                      1966
  AVERAGE         12                        15     -3       23

PRECIPITATION (IN)
  YESTERDAY        0.37          0.91 1998   0.08   0.29     0.22
  MONTH TO DATE    0.83                      1.48  -0.65     1.67
  SINCE DEC 1      9.61                      7.46   2.15     9.24
  SINCE JAN 1      3.73                      4.19  -0.46     5.66

SNOWFALL (IN)
  YESTERDAY        5.6           7.1  1976   0.8    4.8      3.3
  MONTH TO DATE   12.9                      15.2   -2.3     24.5
  SINCE DEC 1     73.7                      63.3   10.4     86.5
  SINCE JUL 1    102.5                      75.5   27.0     96.6
  SNOW DEPTH      15

DEGREE DAYS
 HEATING
  YESTERDAY       53                        50      3       42
  MONTH TO DATE 1218                       994    224     1017
  SINCE DEC 1   4274                      4143    131     4258
  SINCE JUL 1   6226                      6288    -62     6214

 COOLING
  YESTERDAY        0                         0      0        0
  MONTH TO DATE    0                         0      0        0
  SINCE DEC 1      0                         0      0        0
  SINCE JAN 1      0                         0      0        0
..................................................................


WIND (MPH)
  HIGHEST WIND SPEED    14   HIGHEST WIND DIRECTION    NE (40)
  HIGHEST GUST SPEED    17   HIGHEST GUST DIRECTION     N (10)
  AVERAGE WIND SPEED     8.3


SKY COVER
  POSSIBLE SUNSHINE  MM
  AVERAGE SKY COVER 0.9


WEATHER CONDITIONS
 THE FOLLOWING WEATHER WAS RECORDED YESTERDAY.
  SNOW
  LIGHT SNOW
  FOG
  HAZE


RELATIVE HUMIDITY (PERCENT)
 HIGHEST    84           500 PM
 LOWEST     69          1200 AM
 AVERAGE    77

..........................................................


THE CARIBOU ME CLIMATE NORMALS FOR TODAY
                         NORMAL    RECORD    YEAR
 MAXIMUM TEMPERATURE (F)   26        59      1994
 MINIMUM TEMPERATURE (F)    6       -31      1966


SUNRISE AND SUNSET
FEBRUARY 20 2015......SUNRISE   628 AM EST   SUNSET   504 PM EST
FEBRUARY 21 2015......SUNRISE   627 AM EST   SUNSET   505 PM EST


-  INDICATES NEGATIVE NUMBERS.
R  INDICATES RECORD WAS SET OR TIED.
MM INDICATES DATA IS MISSING.
T  INDICATES TRACE AMOUNT.




$$
