000
CDUS41 KCAR 082135
CLICAR


CLIMATE REPORT
NATIONAL WEATHER SERVICE CARIBOU, ME
433 PM EST THU FEB 8 2018


...................................

...THE CARIBOU ME CLIMATE SUMMARY FOR FEBRUARY 8 2018...
VALID TODAY AS OF 0400 PM LOCAL TIME.

CLIMATE NORMAL PERIOD 1981 TO 2010
CLIMATE RECORD PERIOD 1939 TO 2018


WEATHER ITEM   OBSERVED TIME   RECORD YEAR NORMAL DEPARTURE LAST
                VALUE   (LST)  VALUE       VALUE  FROM      YEAR
                                                  NORMAL
..................................................................
TEMPERATURE (F)
 TODAY
  MAXIMUM         18    302 PM  46    1951  22     -4       32
  MINIMUM          8    800 AM -22    1944   2      6        7
  AVERAGE         13                        12      1       20

PRECIPITATION (IN)
  TODAY            0.02          0.84 1951   0.07  -0.05     0.49
  MONTH TO DATE    1.58                      0.63   0.95     0.70
  SINCE DEC 1     11.00                      6.61   4.39     8.35
  SINCE JAN 1      6.88                      3.34   3.54     4.15

SNOWFALL (IN)
  TODAY            0.9           9.5  1947   0.7    0.2      3.8
  MONTH TO DATE   18.7                       6.4   12.3      6.6
  SINCE DEC 1     91.8                      54.5   37.3     67.2
  SINCE JUL 1     95.7                      66.7   29.0     87.4
  SNOW DEPTH      36

DEGREE DAYS
 HEATING
  TODAY           52                        53     -1       45
  MONTH TO DATE  421                       430     -9      462
  SINCE DEC 1   3646                      3579     67     3403
  SINCE JUL 1   5350                      5724   -374     5090

 COOLING
  TODAY            0                         0      0        0
  MONTH TO DATE    0                         0      0        0
  SINCE DEC 1      0                         0      0        0
  SINCE JAN 1      0                         0      0        0
..................................................................


WIND (MPH)
  HIGHEST WIND SPEED    20   HIGHEST WIND DIRECTION    NW (330)
  HIGHEST GUST SPEED    25   HIGHEST GUST DIRECTION    NW (300)
  AVERAGE WIND SPEED    11.4


SKY COVER
  POSSIBLE SUNSHINE  MM
  AVERAGE SKY COVER 0.6


WEATHER CONDITIONS
 THE FOLLOWING WEATHER WAS RECORDED TODAY.
  LIGHT SNOW
  HAZE


RELATIVE HUMIDITY (PERCENT)
 HIGHEST    84           100 AM
 LOWEST     53          1200 PM
 AVERAGE    69

..........................................................


THE CARIBOU ME CLIMATE NORMALS FOR TOMORROW
                         NORMAL    RECORD    YEAR
 MAXIMUM TEMPERATURE (F)   22        43      1990
 MINIMUM TEMPERATURE (F)    3       -25      1944


SUNRISE AND SUNSET
FEBRUARY  8 2018......SUNRISE   647 AM EST   SUNSET   446 PM EST
FEBRUARY  9 2018......SUNRISE   646 AM EST   SUNSET   448 PM EST


-  INDICATES NEGATIVE NUMBERS.
R  INDICATES RECORD WAS SET OR TIED.
MM INDICATES DATA IS MISSING.
T  INDICATES TRACE AMOUNT.




$$
