000
CDUS41 KCAR 110529
CLICAR


CLIMATE REPORT
NATIONAL WEATHER SERVICE CARIBOU, ME
1228 AM EST THU DEC 11 2014


...................................

...THE CARIBOU ME CLIMATE SUMMARY FOR DECEMBER 10 2014...

CLIMATE NORMAL PERIOD 1981 TO 2010
CLIMATE RECORD PERIOD 1939 TO 2014


WEATHER ITEM   OBSERVED TIME   RECORD YEAR NORMAL DEPARTURE LAST
                VALUE   (LST)  VALUE       VALUE  FROM      YEAR
                                                  NORMAL
..................................................................
TEMPERATURE (F)
 YESTERDAY
  MAXIMUM         36   1159 PM  47    1973  28      8       29
  MINIMUM         29    251 AM -17    1958  13     16       12
  AVERAGE         33                        21     12       21

PRECIPITATION (IN)
  YESTERDAY        1.17R         1.14 1957   0.12   1.05      T
  MONTH TO DATE    2.12                      1.16   0.96     0.58
  SINCE DEC 1      2.12                      1.16   0.96     0.58
  SINCE JAN 1     42.53                     36.38   6.15    47.16

SNOWFALL (IN)
  YESTERDAY        4.7           6.3  1995   0.7    4.0      0.1
  MONTH TO DATE   13.6                       6.6    7.0      4.1
  SINCE DEC 1     13.6                       6.6    7.0      4.1
  SINCE JUL 1     42.4                      18.8   23.6     14.2
  SNOW DEPTH      11

DEGREE DAYS
 HEATING
  YESTERDAY       32                        44    -12       44
  MONTH TO DATE  494                       423     71      392
  SINCE DEC 1    494                       423     71      392
  SINCE JUL 1   2446                      2568   -122     2348

 COOLING
  YESTERDAY        0                         0      0        0
  MONTH TO DATE    0                         0      0        0
  SINCE DEC 1      0                         0      0        0
  SINCE JAN 1    266                       180     86      192
..................................................................


WIND (MPH)
  HIGHEST WIND SPEED    26   HIGHEST WIND DIRECTION     E (70)
  HIGHEST GUST SPEED    41   HIGHEST GUST DIRECTION     E (70)
  AVERAGE WIND SPEED    16.3


SKY COVER
  POSSIBLE SUNSHINE  MM
  AVERAGE SKY COVER 1.0


WEATHER CONDITIONS
 THE FOLLOWING WEATHER WAS RECORDED YESTERDAY.
  RAIN
  LIGHT RAIN
  FREEZING RAIN
  LT FREEZING RAIN
  SNOW
  LIGHT SNOW
  FOG
  HAZE


RELATIVE HUMIDITY (PERCENT)
 HIGHEST    92          1200 AM
 LOWEST     82           100 PM
 AVERAGE    87

..........................................................


THE CARIBOU ME CLIMATE NORMALS FOR TODAY
                         NORMAL    RECORD    YEAR
 MAXIMUM TEMPERATURE (F)   28        56      1969
 MINIMUM TEMPERATURE (F)   13       -16      1988
                                             1958


SUNRISE AND SUNSET
DECEMBER 11 2014......SUNRISE   707 AM EST   SUNSET   343 PM EST
DECEMBER 12 2014......SUNRISE   708 AM EST   SUNSET   343 PM EST


-  INDICATES NEGATIVE NUMBERS.
R  INDICATES RECORD WAS SET OR TIED.
MM INDICATES DATA IS MISSING.
T  INDICATES TRACE AMOUNT.




$$
