000
CDUS41 KCAR 040527
CLICAR


CLIMATE REPORT
NATIONAL WEATHER SERVICE CARIBOU, ME
126 AM EDT SAT NOV 4 2017


...................................

...THE CARIBOU ME CLIMATE SUMMARY FOR NOVEMBER 3 2017...

CLIMATE NORMAL PERIOD 1981 TO 2010
CLIMATE RECORD PERIOD 1939 TO 2017


WEATHER ITEM   OBSERVED TIME   RECORD YEAR NORMAL DEPARTURE LAST
                VALUE   (LST)  VALUE       VALUE  FROM      YEAR
                                                  NORMAL
..................................................................
TEMPERATURE (F)
 YESTERDAY
  MAXIMUM         62    940 AM  63    1951  44     18       50
  MINIMUM         40   1159 PM  15    2002  29     11       40
  AVERAGE         51                        37     14       45

PRECIPITATION (IN)
  YESTERDAY        0.19          1.63 2007   0.13   0.06     0.26
  MONTH TO DATE    0.81                      0.38   0.43     0.34
  SINCE SEP 1     10.17                      7.23   2.94     5.36
  SINCE JAN 1     36.03                     31.97   4.06    36.47

SNOWFALL (IN)
  YESTERDAY        0.0           5.6  1943   0.2   -0.2      0.0
  MONTH TO DATE    0.0                       0.5   -0.5       T
  SINCE SEP 1      0.0                       2.2   -2.2       T
  SINCE JUL 1      0.0                       2.2   -2.2       T
  SNOW DEPTH       0

DEGREE DAYS
 HEATING
  YESTERDAY       14                        28    -14       20
  MONTH TO DATE   57                        84    -27       70
  SINCE SEP 1    617                      1070   -453      841
  SINCE JUL 1    741                      1224   -483      921

 COOLING
  YESTERDAY        0                         0      0        0
  MONTH TO DATE    0                         0      0        0
  SINCE SEP 1     35                        11     24       22
  SINCE JAN 1    222                       180     42      275
..................................................................


WIND (MPH)
  HIGHEST WIND SPEED    21   HIGHEST WIND DIRECTION    SW (230)
  HIGHEST GUST SPEED    29   HIGHEST GUST DIRECTION     W (270)
  AVERAGE WIND SPEED    10.7


SKY COVER
  POSSIBLE SUNSHINE  MM
  AVERAGE SKY COVER 0.8


WEATHER CONDITIONS
 THE FOLLOWING WEATHER WAS RECORDED YESTERDAY.
  HEAVY RAIN
  LIGHT RAIN
  FOG


RELATIVE HUMIDITY (PERCENT)
 HIGHEST    93           400 PM
 LOWEST     70           900 PM
 AVERAGE    82

..........................................................


THE CARIBOU ME CLIMATE NORMALS FOR TODAY
                         NORMAL    RECORD    YEAR
 MAXIMUM TEMPERATURE (F)   44        66      1982
 MINIMUM TEMPERATURE (F)   29         9      2002


SUNRISE AND SUNSET
NOVEMBER  4 2017......SUNRISE   719 AM EDT   SUNSET   511 PM EDT
NOVEMBER  5 2017......SUNRISE   621 AM EST   SUNSET   410 PM EST


-  INDICATES NEGATIVE NUMBERS.
R  INDICATES RECORD WAS SET OR TIED.
MM INDICATES DATA IS MISSING.
T  INDICATES TRACE AMOUNT.




$$
