000
CDUS41 KCAR 222108
CLICAR

CLIMATE REPORT
NATIONAL WEATHER SERVICE CARIBOU, ME
431 PM EDT SAT AUG 22 2015


...................................

...THE CARIBOU ME CLIMATE SUMMARY FOR AUGUST 22 2015...
VALID TODAY AS OF 0400 PM LOCAL TIME.

CLIMATE NORMAL PERIOD 1981 TO 2010
CLIMATE RECORD PERIOD 1939 TO 2015


WEATHER ITEM   OBSERVED TIME   RECORD YEAR NORMAL DEPARTURE LAST
                VALUE   (LST)  VALUE       VALUE  FROM      YEAR
                                                  NORMAL
..................................................................
TEMPERATURE (F)
 TODAY
  MAXIMUM         80    247 PM  91    1976  74      6       73
  MINIMUM         65    603 AM  38    1965  52     13       55
  AVERAGE         73                        63     10       64

PRECIPITATION (IN)
  TODAY            0.02          1.36 2011   0.12  -0.10     0.00
  MONTH TO DATE    3.26                      2.73   0.53     1.68
  SINCE JUN 1     10.70                     10.29   0.41    11.35
  SINCE JAN 1     21.55                     23.71  -2.16    28.55

SNOWFALL (IN)
  TODAY            0.0           0.0  2002   0.0    0.0      0.0
                                      2001
  MONTH TO DATE    0.0                       0.0    0.0      0.0
  SINCE JUN 1      0.0                       0.0    0.0      0.0
  SINCE JUL 1      0.0                       0.0    0.0      0.0
  SNOW DEPTH       0

DEGREE DAYS
 HEATING
  TODAY            0                         4     -4        1
  MONTH TO DATE   10                        54    -44       21
  SINCE JUN 1    287                       277     10      134
  SINCE JUL 1     75                       112    -37       45

 COOLING
  TODAY            8                         1      7        0
  MONTH TO DATE   95                        42     53       42
  SINCE JUN 1    157                       153      4      208
  SINCE JAN 1    178                       158     20      211
..................................................................


WIND (MPH)
  HIGHEST WIND SPEED     9   HIGHEST WIND DIRECTION     N (360)
  HIGHEST GUST SPEED    12   HIGHEST GUST DIRECTION     W (280)
  AVERAGE WIND SPEED     3.5


SKY COVER
  POSSIBLE SUNSHINE  MM
  AVERAGE SKY COVER 0.7


WEATHER CONDITIONS
 THE FOLLOWING WEATHER WAS RECORDED TODAY.
  LIGHT RAIN
  FOG


RELATIVE HUMIDITY (PERCENT)
 HIGHEST    93           100 AM
 LOWEST     48           200 PM
 AVERAGE    71

..........................................................


THE CARIBOU ME CLIMATE NORMALS FOR TOMORROW
                         NORMAL    RECORD    YEAR
 MAXIMUM TEMPERATURE (F)   73        89      1947
 MINIMUM TEMPERATURE (F)   52        38      1988
                                             1957


SUNRISE AND SUNSET
AUGUST 22 2015........SUNRISE   538 AM EDT   SUNSET   731 PM EDT
AUGUST 23 2015........SUNRISE   540 AM EDT   SUNSET   729 PM EDT


-  INDICATES NEGATIVE NUMBERS.
R  INDICATES RECORD WAS SET OR TIED.
MM INDICATES DATA IS MISSING.
T  INDICATES TRACE AMOUNT.

..........................................................
THE CARIBOU ME 4 INCH SOIL TEMPERATURES FOR AUG 22 2015

MAXIMUM SOIL TEMPERATURE (F): 77
MINIMUM SOIL TEMPERATURE (F): 74


$$
