000
CDUS41 KCAR 122028
CLICAR


CLIMATE REPORT
NATIONAL WEATHER SERVICE CARIBOU, ME
427 PM EDT SUN MAR 12 2017


...................................

...THE CARIBOU ME CLIMATE SUMMARY FOR MARCH 12 2017...
VALID TODAY AS OF 0400 PM LOCAL TIME.

CLIMATE NORMAL PERIOD 1981 TO 2010
CLIMATE RECORD PERIOD 1939 TO 2017


WEATHER ITEM   OBSERVED TIME   RECORD YEAR NORMAL DEPARTURE LAST
                VALUE   (LST)  VALUE       VALUE  FROM      YEAR
                                                  NORMAL
..................................................................
TEMPERATURE (F)
 TODAY
  MAXIMUM         17    259 PM  58    1977  32    -15       44
  MINIMUM         -5    121 AM -10    1995  13    -18       20
  AVERAGE          6                        23    -17       32

PRECIPITATION (IN)
  TODAY            0.00          1.23 1983   0.08  -0.08      T
  MONTH TO DATE    1.26                      0.98   0.28     1.37
  SINCE MAR 1      1.26                      0.98   0.28     1.37
  SINCE JAN 1      6.88                      5.90   0.98     6.84

SNOWFALL (IN)
  TODAY            0.0          10.0  2000   0.6   -0.6      0.0
  MONTH TO DATE    1.7                       8.5   -6.8     10.9
  SINCE MAR 1      1.7                       8.5   -6.8     10.9
  SINCE JUL 1     98.3                      91.0    7.3     70.9
  SNOW DEPTH      22

DEGREE DAYS
 HEATING
  TODAY           59                        42     17       33
  MONTH TO DATE  592                       531     61      535
  SINCE MAR 1    592                       531     61      535
  SINCE JUL 1   6573                      7252   -679     6277

 COOLING
  TODAY            0                         0      0        0
  MONTH TO DATE    0                         0      0        0
  SINCE MAR 1      0                         0      0        0
  SINCE JAN 1      0                         0      0        0
..................................................................


WIND (MPH)
  HIGHEST WIND SPEED    20   HIGHEST WIND DIRECTION    NW (300)
  HIGHEST GUST SPEED    27   HIGHEST GUST DIRECTION    NW (310)
  AVERAGE WIND SPEED    10.3


SKY COVER
  POSSIBLE SUNSHINE  MM
  AVERAGE SKY COVER 0.1


WEATHER CONDITIONS
 THE FOLLOWING WEATHER WAS RECORDED TODAY.
  NO SIGNIFICANT WEATHER WAS OBSERVED.


RELATIVE HUMIDITY (PERCENT)
 HIGHEST    65           700 AM
 LOWEST     50          1100 AM
 AVERAGE    58

..........................................................


THE CARIBOU ME CLIMATE NORMALS FOR TOMORROW
                         NORMAL    RECORD    YEAR
 MAXIMUM TEMPERATURE (F)   33        50      1996
 MINIMUM TEMPERATURE (F)   14       -20      1967


SUNRISE AND SUNSET
MARCH 12 2017.........SUNRISE   650 AM EDT   SUNSET   634 PM EDT
MARCH 13 2017.........SUNRISE   648 AM EDT   SUNSET   635 PM EDT


-  INDICATES NEGATIVE NUMBERS.
R  INDICATES RECORD WAS SET OR TIED.
MM INDICATES DATA IS MISSING.
T  INDICATES TRACE AMOUNT.




$$
