274
CDUS41 KCAR 172026
CLICAR


CLIMATE REPORT
NATIONAL WEATHER SERVICE CARIBOU, ME
426 PM EDT SUN SEP 17 2017


...................................

...THE CARIBOU ME CLIMATE SUMMARY FOR SEPTEMBER 17 2017...
VALID TODAY AS OF 0400 PM LOCAL TIME.

CLIMATE NORMAL PERIOD 1981 TO 2010
CLIMATE RECORD PERIOD 1939 TO 2017


WEATHER ITEM   OBSERVED TIME   RECORD YEAR NORMAL DEPARTURE LAST
                VALUE   (LST)  VALUE       VALUE  FROM      YEAR
                                                  NORMAL
..................................................................
TEMPERATURE (F)
 TODAY
  MAXIMUM         82    259 PM  84    2015  65     17       71
  MINIMUM         59    511 AM  29    2009  44     15       45
                                      1960
                                      1959
  AVERAGE         71                        54     17       58

PRECIPITATION (IN)
  TODAY            0.00          2.60 1999   0.12  -0.12     0.07
  MONTH TO DATE    2.84                      1.82   1.02     1.24
  SINCE SEP 1      2.84                      1.82   1.02     1.24
  SINCE JAN 1     28.70                     26.56   2.14    32.35

SNOWFALL (IN)
  TODAY            0.0           0.0  2002   0.0    0.0      0.0
                                      2001
  MONTH TO DATE    0.0                       0.0    0.0      0.0
  SINCE SEP 1      0.0                       0.0    0.0      0.0
  SINCE JUL 1      0.0                       0.0    0.0      0.0
  SNOW DEPTH       0

DEGREE DAYS
 HEATING
  TODAY            0                        11    -11        7
  MONTH TO DATE   78                       138    -60       60
  SINCE SEP 1     78                       138    -60       60
  SINCE JUL 1    202                       292    -90      140

 COOLING
  TODAY            6                         0      6        0
  MONTH TO DATE   13                        10      3       19
  SINCE SEP 1     13                        10      3       19
  SINCE JAN 1    200                       179     21      272
..................................................................


WIND (MPH)
  HIGHEST WIND SPEED    12   HIGHEST WIND DIRECTION    SW (240)
  HIGHEST GUST SPEED    17   HIGHEST GUST DIRECTION     W (250)
  AVERAGE WIND SPEED     5.2


SKY COVER
  POSSIBLE SUNSHINE  MM
  AVERAGE SKY COVER 0.6


WEATHER CONDITIONS
 THE FOLLOWING WEATHER WAS RECORDED TODAY.
  NO SIGNIFICANT WEATHER WAS OBSERVED.


RELATIVE HUMIDITY (PERCENT)
 HIGHEST    84          1200 AM
 LOWEST     54           300 PM
 AVERAGE    69

..........................................................


THE CARIBOU ME CLIMATE NORMALS FOR TOMORROW
                         NORMAL    RECORD    YEAR
 MAXIMUM TEMPERATURE (F)   65        86      1942
 MINIMUM TEMPERATURE (F)   44        28      1945


SUNRISE AND SUNSET
SEPTEMBER 17 2017.....SUNRISE   613 AM EDT   SUNSET   639 PM EDT
SEPTEMBER 18 2017.....SUNRISE   614 AM EDT   SUNSET   637 PM EDT


-  INDICATES NEGATIVE NUMBERS.
R  INDICATES RECORD WAS SET OR TIED.
MM INDICATES DATA IS MISSING.
T  INDICATES TRACE AMOUNT.




$$
