000
CDUS41 KCAR 242030
CLICAR

CLIMATE REPORT
NATIONAL WEATHER SERVICE CARIBOU, ME
429 PM EDT FRI JUL 24 2015


...................................

...THE CARIBOU ME CLIMATE SUMMARY FOR JULY 24 2015...
VALID TODAY AS OF 0400 PM LOCAL TIME.

CLIMATE NORMAL PERIOD 1981 TO 2010
CLIMATE RECORD PERIOD 1939 TO 2015


WEATHER ITEM   OBSERVED TIME   RECORD YEAR NORMAL DEPARTURE LAST
                VALUE   (LST)  VALUE       VALUE  FROM      YEAR
                                                  NORMAL
..................................................................
TEMPERATURE (F)
 TODAY
  MAXIMUM         60    259 PM  92    1941  76    -16       71
  MINIMUM         56    443 AM  45    1997  56      0       53
                                      1964
  AVERAGE         58                        66     -8       62

PRECIPITATION (IN)
  TODAY            0.19          1.71 1976   0.13   0.06     0.00
  MONTH TO DATE    2.90                      3.21  -0.31     5.32
  SINCE JUN 1      7.15                      6.69   0.46     7.93
  SINCE JAN 1     18.00                     20.11  -2.11    25.13

SNOWFALL (IN)
  TODAY            0.0           0.0  2002   0.0    0.0      0.0
                                      2001
  MONTH TO DATE    0.0                       0.0    0.0      0.0
  SINCE JUN 1      0.0                       0.0    0.0      0.0
  SINCE JUL 1      0.0                       0.0    0.0      0.0
  SNOW DEPTH       0

DEGREE DAYS
 HEATING
  TODAY            7                         2      5        3
  MONTH TO DATE   52                        50      2       20
  SINCE JUN 1    264                       215     49      109
  SINCE JUL 1     52                        50      2       20

 COOLING
  TODAY            0                         3     -3        0
  MONTH TO DATE   33                        58    -25      117
  SINCE JUN 1     39                        92    -53      153
  SINCE JAN 1     60                        97    -37      156
..................................................................


WIND (MPH)
  HIGHEST WIND SPEED    13   HIGHEST WIND DIRECTION     E (80)
  HIGHEST GUST SPEED    16   HIGHEST GUST DIRECTION     E (100)
  AVERAGE WIND SPEED     5.1


SKY COVER
  POSSIBLE SUNSHINE  MM
  AVERAGE SKY COVER 0.9


WEATHER CONDITIONS
 THE FOLLOWING WEATHER WAS RECORDED TODAY.
  RAIN
  LIGHT RAIN
  FOG


RELATIVE HUMIDITY (PERCENT)
 HIGHEST    93          1200 AM
 LOWEST     84           300 PM
 AVERAGE    89

..........................................................


THE CARIBOU ME CLIMATE NORMALS FOR TOMORROW
                         NORMAL    RECORD    YEAR
 MAXIMUM TEMPERATURE (F)   76        95      1989
 MINIMUM TEMPERATURE (F)   56        43      1962


SUNRISE AND SUNSET
JULY 24 2015..........SUNRISE   502 AM EDT   SUNSET   814 PM EDT
JULY 25 2015..........SUNRISE   503 AM EDT   SUNSET   813 PM EDT


-  INDICATES NEGATIVE NUMBERS.
R  INDICATES RECORD WAS SET OR TIED.
MM INDICATES DATA IS MISSING.
T  INDICATES TRACE AMOUNT.

..........................................................
THE CARIBOU ME 4 INCH SOIL TEMPERATURES FOR JUL 24 2015

MAXIMUM SOIL TEMPERATURE (F): 70
MINIMUM SOIL TEMPERATURE (F): 65


$$
