000
CDUS41 KCAR 240534
CLICAR


CLIMATE REPORT
NATIONAL WEATHER SERVICE CARIBOU, ME
129 AM EDT FRI JUL 24 2015


...................................

...THE CARIBOU ME CLIMATE SUMMARY FOR JULY 23 2015...

CLIMATE NORMAL PERIOD 1981 TO 2010
CLIMATE RECORD PERIOD 1939 TO 2015


WEATHER ITEM   OBSERVED TIME   RECORD YEAR NORMAL DEPARTURE LAST
                VALUE   (LST)  VALUE       VALUE  FROM      YEAR
                                                  NORMAL
..................................................................
TEMPERATURE (F)
 YESTERDAY
  MAXIMUM         70    443 PM  95    1952  76     -6       83
  MINIMUM         53    432 AM  42    1997  56     -3       62
  AVERAGE         62                        66     -4       73

PRECIPITATION (IN)
  YESTERDAY        0.08          1.28 1990   0.13  -0.05     0.62
  MONTH TO DATE    2.71                      3.08  -0.37     5.32
  SINCE JUN 1      6.96                      6.56   0.40     7.93
  SINCE JAN 1     17.81                     19.98  -2.17    25.13

SNOWFALL (IN)
  YESTERDAY        0.0           0.0  2002   0.0    0.0      0.0
                                      2001
  MONTH TO DATE    0.0                       0.0    0.0      0.0
  SINCE JUN 1      0.0                       0.0    0.0      0.0
  SINCE JUL 1      0.0                       0.0    0.0      0.0
  SNOW DEPTH       0

DEGREE DAYS
 HEATING
  YESTERDAY        3                         2      1        0
  MONTH TO DATE   45                        48     -3       17
  SINCE JUN 1    257                       213     44      106
  SINCE JUL 1     45                        48     -3       17

 COOLING
  YESTERDAY        0                         3     -3        8
  MONTH TO DATE   33                        55    -22      117
  SINCE JUN 1     39                        89    -50      153
  SINCE JAN 1     60                        94    -34      156
..................................................................


WIND (MPH)
  HIGHEST WIND SPEED    15   HIGHEST WIND DIRECTION    NW (330)
  HIGHEST GUST SPEED    19   HIGHEST GUST DIRECTION     N (340)
  AVERAGE WIND SPEED     4.9


SKY COVER
  POSSIBLE SUNSHINE  MM
  AVERAGE SKY COVER 0.7


WEATHER CONDITIONS
 THE FOLLOWING WEATHER WAS RECORDED YESTERDAY.
  HEAVY RAIN
  LIGHT RAIN


RELATIVE HUMIDITY (PERCENT)
 HIGHEST    93           200 AM
 LOWEST     59           400 PM
 AVERAGE    76

..........................................................


THE CARIBOU ME CLIMATE NORMALS FOR TODAY
                         NORMAL    RECORD    YEAR
 MAXIMUM TEMPERATURE (F)   76        92      1941
 MINIMUM TEMPERATURE (F)   56        45      1997
                                             1964


SUNRISE AND SUNSET
JULY 24 2015..........SUNRISE   502 AM EDT   SUNSET   814 PM EDT
JULY 25 2015..........SUNRISE   503 AM EDT   SUNSET   813 PM EDT


-  INDICATES NEGATIVE NUMBERS.
R  INDICATES RECORD WAS SET OR TIED.
MM INDICATES DATA IS MISSING.
T  INDICATES TRACE AMOUNT.




$$
