000
CDUS41 KCAR 110527
CLICAR


CLIMATE REPORT
NATIONAL WEATHER SERVICE CARIBOU, ME
126 AM EDT SUN JUN 11 2017


...................................

...THE CARIBOU ME CLIMATE SUMMARY FOR JUNE 10 2017...

CLIMATE NORMAL PERIOD 1981 TO 2010
CLIMATE RECORD PERIOD 1939 TO 2017


WEATHER ITEM   OBSERVED TIME   RECORD YEAR NORMAL DEPARTURE LAST
                VALUE   (LST)  VALUE       VALUE  FROM      YEAR
                                                  NORMAL
..................................................................
TEMPERATURE (F)
 YESTERDAY
  MAXIMUM         74    450 PM  88    1970  70      4       62
  MINIMUM         47    417 AM  32    1958  48     -1       45
                                      1951
  AVERAGE         61                        59      2       54

PRECIPITATION (IN)
  YESTERDAY        0.00          0.87 2006   0.12  -0.12     0.00
  MONTH TO DATE    0.14                      1.08  -0.94     1.08
  SINCE JUN 1      0.14                      1.08  -0.94     1.08
  SINCE JAN 1     16.71                     14.50   2.21    17.01

SNOWFALL (IN)
  YESTERDAY        0.0           0.0  2002   0.0    0.0      0.0
                                      2001
  MONTH TO DATE    0.0                       0.0    0.0      0.0
  SINCE JUN 1      0.0                       0.0    0.0      0.0
  SINCE JUL 1    129.6                     108.7   20.9     94.8
  SNOW DEPTH       0

DEGREE DAYS
 HEATING
  YESTERDAY        4                         7     -3       11
  MONTH TO DATE   64                        77    -13       63
  SINCE JUN 1     64                        77    -13       63
  SINCE JUL 1   8512                      9266   -754     8280

 COOLING
  YESTERDAY        0                         1     -1        0
  MONTH TO DATE    5                         7     -2        0
  SINCE JUN 1      5                         7     -2        0
  SINCE JAN 1     11                        12     -1        8
..................................................................


WIND (MPH)
  HIGHEST WIND SPEED    16   HIGHEST WIND DIRECTION    SW (240)
  HIGHEST GUST SPEED    22   HIGHEST GUST DIRECTION    SW (240)
  AVERAGE WIND SPEED     8.0


SKY COVER
  POSSIBLE SUNSHINE  MM
  AVERAGE SKY COVER 0.0


WEATHER CONDITIONS
 THE FOLLOWING WEATHER WAS RECORDED YESTERDAY.
  NO SIGNIFICANT WEATHER WAS OBSERVED.


RELATIVE HUMIDITY (PERCENT)
 HIGHEST    66           300 AM
 LOWEST     22           400 PM
 AVERAGE    44

..........................................................


THE CARIBOU ME CLIMATE NORMALS FOR TODAY
                         NORMAL    RECORD    YEAR
 MAXIMUM TEMPERATURE (F)   71        90      1996
 MINIMUM TEMPERATURE (F)   49        36      1950


SUNRISE AND SUNSET
JUNE 11 2017..........SUNRISE   437 AM EDT   SUNSET   826 PM EDT
JUNE 12 2017..........SUNRISE   437 AM EDT   SUNSET   827 PM EDT


-  INDICATES NEGATIVE NUMBERS.
R  INDICATES RECORD WAS SET OR TIED.
MM INDICATES DATA IS MISSING.
T  INDICATES TRACE AMOUNT.
..................................................................
THE CARIBOU ME 4 INCH UNDER SOD SOIL TEMPERATURE FOR JUNE 10 2017

MAXIMUM 68F
MINIMUM 58F



$$
