000
CDUS41 KCAR 200527
CLICAR


CLIMATE REPORT
NATIONAL WEATHER SERVICE CARIBOU, ME
127 AM EDT WED MAY 20 2015


...................................

...THE CARIBOU ME CLIMATE SUMMARY FOR MAY 19 2015...

CLIMATE NORMAL PERIOD 1981 TO 2010
CLIMATE RECORD PERIOD 1939 TO 2015


WEATHER ITEM   OBSERVED TIME   RECORD YEAR NORMAL DEPARTURE LAST
                VALUE   (LST)  VALUE       VALUE  FROM      YEAR
                                                  NORMAL
..................................................................
TEMPERATURE (F)
 YESTERDAY
  MAXIMUM         62    511 PM  87    1962  64     -2       52
  MINIMUM         49    453 AM  27    1967  41      8       48
                                      1939
  AVERAGE         56                        53      3       50

PRECIPITATION (IN)
  YESTERDAY        0.36          0.81 2008   0.12   0.24     0.52
  MONTH TO DATE    1.27                      1.94  -0.67     2.32
  SINCE MAR 1      5.27                      7.11  -1.84    10.13
  SINCE JAN 1      9.37                     12.03  -2.66    16.35

SNOWFALL (IN)
  YESTERDAY        0.0           T    2008   0.0    0.0      0.0
  MONTH TO DATE    T                         0.4   -0.4      0.0
  SINCE MAR 1     33.5                      26.1    7.4     51.3
  SINCE JUL 1    141.8                     108.6   33.2    150.7
  SNOW DEPTH       0

DEGREE DAYS
 HEATING
  YESTERDAY        9                        13     -4       15
  MONTH TO DATE  218                       296    -78      274
  SINCE MAR 1   2465                      2341    124     2642
  SINCE JUL 1   9206                      9062    144     9296

 COOLING
  YESTERDAY        0                         0      0        0
  MONTH TO DATE    0                         0      0        3
  SINCE MAR 1      0                         0      0        3
  SINCE JAN 1      0                         0      0        3
..................................................................


WIND (MPH)
  HIGHEST WIND SPEED    17   HIGHEST WIND DIRECTION     S (160)
  HIGHEST GUST SPEED    25   HIGHEST GUST DIRECTION     S (170)
  AVERAGE WIND SPEED     9.2


SKY COVER
  POSSIBLE SUNSHINE  MM
  AVERAGE SKY COVER 0.9


WEATHER CONDITIONS
 THE FOLLOWING WEATHER WAS RECORDED YESTERDAY.
  THUNDERSTORM
  RAIN
  LIGHT RAIN
  FOG


RELATIVE HUMIDITY (PERCENT)
 HIGHEST    96          1000 AM
 LOWEST     64          1200 AM
 AVERAGE    80

..........................................................


THE CARIBOU ME CLIMATE NORMALS FOR TODAY
                         NORMAL    RECORD    YEAR
 MAXIMUM TEMPERATURE (F)   64        86      2003
                                             1951
 MINIMUM TEMPERATURE (F)   42        28      1944


SUNRISE AND SUNSET
MAY 20 2015...........SUNRISE   452 AM EDT   SUNSET   806 PM EDT
MAY 21 2015...........SUNRISE   451 AM EDT   SUNSET   807 PM EDT


-  INDICATES NEGATIVE NUMBERS.
R  INDICATES RECORD WAS SET OR TIED.
MM INDICATES DATA IS MISSING.
T  INDICATES TRACE AMOUNT.




$$
