000
CDUS41 KCAR 130541
CLICAR


CLIMATE REPORT
NATIONAL WEATHER SERVICE CARIBOU, ME
1239 AM EST FRI JAN 13 2017


...................................

...THE CARIBOU ME CLIMATE SUMMARY FOR JANUARY 12 2017...

CLIMATE NORMAL PERIOD 1981 TO 2010
CLIMATE RECORD PERIOD 1939 TO 2017


WEATHER ITEM   OBSERVED TIME   RECORD YEAR NORMAL DEPARTURE LAST
                VALUE   (LST)  VALUE       VALUE  FROM      YEAR
                                                  NORMAL
..................................................................
TEMPERATURE (F)
 YESTERDAY
  MAXIMUM         42    245 PM  47    1980  19     23       18
  MINIMUM         36    109 AM -28    1976   1     35        3
  AVERAGE         39                        10     29       11

PRECIPITATION (IN)
  YESTERDAY        0.19          0.61 1995   0.09   0.10     0.01
  MONTH TO DATE    1.46                      1.07   0.39     0.75
  SINCE DEC 1      5.66                      4.34   1.32     5.63
  SINCE JAN 1      1.46                      1.07   0.39     0.75

SNOWFALL (IN)
  YESTERDAY        0.0           7.6  1995   0.8   -0.8      0.1
  MONTH TO DATE   10.0                       9.8    0.2      2.4
  SINCE DEC 1     51.2                      32.7   18.5     30.2
  SINCE JUL 1     71.4                      44.9   26.5     34.3
  SNOW DEPTH      25

DEGREE DAYS
 HEATING
  YESTERDAY       26                        55    -29       54
  MONTH TO DATE  589                       649    -60      543
  SINCE DEC 1   2082                      2098    -16     1665
  SINCE JUL 1   3769                      4243   -474     3483

 COOLING
  YESTERDAY        0                         0      0        0
  MONTH TO DATE    0                         0      0        0
  SINCE DEC 1      0                         0      0        0
  SINCE JAN 1      0                         0      0        0
..................................................................


WIND (MPH)
  HIGHEST WIND SPEED    18   HIGHEST WIND DIRECTION     S (160)
  HIGHEST GUST SPEED    28   HIGHEST GUST DIRECTION     S (180)
  AVERAGE WIND SPEED     9.0


SKY COVER
  POSSIBLE SUNSHINE  MM
  AVERAGE SKY COVER 0.7


WEATHER CONDITIONS
 THE FOLLOWING WEATHER WAS RECORDED YESTERDAY.
  RAIN
  LIGHT RAIN
  FOG
  FOG W/VISIBILITY <= 1/4 MILE


RELATIVE HUMIDITY (PERCENT)
 HIGHEST   100           600 PM
 LOWEST     53           300 AM
 AVERAGE    77

..........................................................


THE CARIBOU ME CLIMATE NORMALS FOR TODAY
                         NORMAL    RECORD    YEAR
 MAXIMUM TEMPERATURE (F)   19        45      1972
 MINIMUM TEMPERATURE (F)    0       -32      1976


SUNRISE AND SUNSET
JANUARY 13 2017.......SUNRISE   714 AM EST   SUNSET   408 PM EST
JANUARY 14 2017.......SUNRISE   713 AM EST   SUNSET   409 PM EST


-  INDICATES NEGATIVE NUMBERS.
R  INDICATES RECORD WAS SET OR TIED.
MM INDICATES DATA IS MISSING.
T  INDICATES TRACE AMOUNT.




$$
