808
CDUS41 KCAR 160548
CLICAR


CLIMATE REPORT
NATIONAL WEATHER SERVICE CARIBOU, ME
1247 AM EST THU FEB 16 2017


...................................

...THE CARIBOU ME CLIMATE SUMMARY FOR FEBRUARY 15 2017...

CLIMATE NORMAL PERIOD 1981 TO 2010
CLIMATE RECORD PERIOD 1939 TO 2017


WEATHER ITEM   OBSERVED TIME   RECORD YEAR NORMAL DEPARTURE LAST
                VALUE   (LST)  VALUE       VALUE  FROM      YEAR
                                                  NORMAL
..................................................................
TEMPERATURE (F)
 YESTERDAY
  MAXIMUM         24    241 PM  43    1984  24      0       15
  MINIMUM         -5    553 AM -29    1943   4     -9      -12
  AVERAGE         10                        14     -4        2

PRECIPITATION (IN)
  YESTERDAY        0.07          0.76 1944   0.08  -0.01     0.00
  MONTH TO DATE    1.46                      1.17   0.29     0.87
  SINCE DEC 1      9.11                      7.15   1.96     7.17
  SINCE JAN 1      4.91                      3.88   1.03     2.29

SNOWFALL (IN)
  YESTERDAY        0.7           8.4  1944   0.8   -0.1      0.0
  MONTH TO DATE   15.2                      12.1    3.1      8.3
  SINCE DEC 1     75.8                      60.2   15.6     47.3
  SINCE JUL 1     96.0                      72.4   23.6     51.4
  SNOW DEPTH      31

DEGREE DAYS
 HEATING
  YESTERDAY       55                        51      4       63
  MONTH TO DATE  875                       793     82      771
  SINCE DEC 1   3816                      3942   -126     3350
  SINCE JUL 1   5503                      6087   -584     5168

 COOLING
  YESTERDAY        0                         0      0        0
  MONTH TO DATE    0                         0      0        0
  SINCE DEC 1      0                         0      0        0
  SINCE JAN 1      0                         0      0        0
..................................................................


WIND (MPH)
  HIGHEST WIND SPEED     9   HIGHEST WIND DIRECTION    NE (30)
  HIGHEST GUST SPEED    13   HIGHEST GUST DIRECTION     E (100)
  AVERAGE WIND SPEED     4.4


SKY COVER
  POSSIBLE SUNSHINE  MM
  AVERAGE SKY COVER 0.7


WEATHER CONDITIONS
 THE FOLLOWING WEATHER WAS RECORDED YESTERDAY.
  SNOW
  LIGHT SNOW
  FOG
  HAZE


RELATIVE HUMIDITY (PERCENT)
 HIGHEST    88           500 PM
 LOWEST     65           200 PM
 AVERAGE    77

..........................................................


THE CARIBOU ME CLIMATE NORMALS FOR TODAY
                         NORMAL    RECORD    YEAR
 MAXIMUM TEMPERATURE (F)   24        50      1981
 MINIMUM TEMPERATURE (F)    4       -32      1943


SUNRISE AND SUNSET
FEBRUARY 16 2017......SUNRISE   634 AM EST   SUNSET   459 PM EST
FEBRUARY 17 2017......SUNRISE   633 AM EST   SUNSET   500 PM EST


-  INDICATES NEGATIVE NUMBERS.
R  INDICATES RECORD WAS SET OR TIED.
MM INDICATES DATA IS MISSING.
T  INDICATES TRACE AMOUNT.




$$
