000
CDUS41 KCAR 240529
CLICAR


CLIMATE REPORT
NATIONAL WEATHER SERVICE CARIBOU, ME
128 AM EDT MON AUG 24 2015


...................................

...THE CARIBOU ME CLIMATE SUMMARY FOR AUGUST 23 2015...

CLIMATE NORMAL PERIOD 1981 TO 2010
CLIMATE RECORD PERIOD 1939 TO 2015


WEATHER ITEM   OBSERVED TIME   RECORD YEAR NORMAL DEPARTURE LAST
                VALUE   (LST)  VALUE       VALUE  FROM      YEAR
                                                  NORMAL
..................................................................
TEMPERATURE (F)
 YESTERDAY
  MAXIMUM         82    411 PM  89    1947  73      9       77
  MINIMUM         55    446 AM  38    1988  52      3       54
                                      1957
  AVERAGE         69                        62      7       66

PRECIPITATION (IN)
  YESTERDAY        0.00          1.66 1972   0.11  -0.11     0.00
  MONTH TO DATE    3.26                      2.84   0.42     1.68
  SINCE JUN 1     10.70                     10.40   0.30    11.35
  SINCE JAN 1     21.55                     23.82  -2.27    28.55

SNOWFALL (IN)
  YESTERDAY        0.0           0.0  2002   0.0    0.0      0.0
                                      2001
  MONTH TO DATE    0.0                       0.0    0.0      0.0
  SINCE JUN 1      0.0                       0.0    0.0      0.0
  SINCE JUL 1      0.0                       0.0    0.0      0.0
  SNOW DEPTH       0

DEGREE DAYS
 HEATING
  YESTERDAY        0                         4     -4        0
  MONTH TO DATE   10                        58    -48       21
  SINCE JUN 1    287                       281      6      134
  SINCE JUL 1     75                       116    -41       45

 COOLING
  YESTERDAY        4                         1      3        1
  MONTH TO DATE   96                        43     53       43
  SINCE JUN 1    158                       154      4      209
  SINCE JAN 1    179                       159     20      212
..................................................................


WIND (MPH)
  HIGHEST WIND SPEED     9   HIGHEST WIND DIRECTION     E (90)
  HIGHEST GUST SPEED    14   HIGHEST GUST DIRECTION     E (80)
  AVERAGE WIND SPEED     3.4


SKY COVER
  POSSIBLE SUNSHINE  MM
  AVERAGE SKY COVER 0.3


WEATHER CONDITIONS
 THE FOLLOWING WEATHER WAS RECORDED YESTERDAY.
  NO SIGNIFICANT WEATHER WAS OBSERVED.


RELATIVE HUMIDITY (PERCENT)
 HIGHEST    93           200 AM
 LOWEST     45          1200 PM
 AVERAGE    69

..........................................................


THE CARIBOU ME CLIMATE NORMALS FOR TODAY
                         NORMAL    RECORD    YEAR
 MAXIMUM TEMPERATURE (F)   73        88      2014
 MINIMUM TEMPERATURE (F)   52        37      1975


SUNRISE AND SUNSET
AUGUST 24 2015........SUNRISE   541 AM EDT   SUNSET   727 PM EDT
AUGUST 25 2015........SUNRISE   542 AM EDT   SUNSET   725 PM EDT


-  INDICATES NEGATIVE NUMBERS.
R  INDICATES RECORD WAS SET OR TIED.
MM INDICATES DATA IS MISSING.
T  INDICATES TRACE AMOUNT.
--------------------------------------------------------------------------------------
THE CARIBOU ME 4 INCH SOIL TEMPERATURES FOR AUG 23 2015

MAXIMUM SOIL TEMPERATURE (F): 77
MINIMUM SOIL TEMPERATURE (F): 70


$$

CB
