000
CDUS41 KCAR 282031
CLICAR

CLIMATE REPORT
NATIONAL WEATHER SERVICE CARIBOU, ME
430 PM EDT SUN JUN 28 2015


...................................

...THE CARIBOU ME CLIMATE SUMMARY FOR JUNE 28 2015...
VALID TODAY AS OF 0400 PM LOCAL TIME.

CLIMATE NORMAL PERIOD 1981 TO 2010
CLIMATE RECORD PERIOD 1939 TO 2015


WEATHER ITEM   OBSERVED TIME   RECORD YEAR NORMAL DEPARTURE LAST
                VALUE   (LST)  VALUE       VALUE  FROM      YEAR
                                                  NORMAL
..................................................................
TEMPERATURE (F)
 TODAY
  MAXIMUM         63   1038 AM  91    1944  74    -11       88
  MINIMUM         53    406 AM  42    1984  53      0       51
  AVERAGE         58                        64     -6       70

PRECIPITATION (IN)
  TODAY            0.01          1.69 1941   0.13  -0.12     0.00
  MONTH TO DATE    3.82                      3.21   0.61     2.61
  SINCE JUN 1      3.82                      3.21   0.61     2.61
  SINCE JAN 1     14.67                     16.63  -1.96    19.81

SNOWFALL (IN)
  TODAY            0.0           0.0  2002   0.0    0.0      0.0
                                      2001
  MONTH TO DATE    0.0                       0.0    0.0      0.0
  SINCE JUN 1      0.0                       0.0    0.0      0.0
  SINCE JUL 1    142.1                     108.7   33.4    150.7
  SNOW DEPTH       0

DEGREE DAYS
 HEATING
  TODAY            7                         3      4        0
  MONTH TO DATE  203                       159     44       89
  SINCE JUN 1    203                       159     44       89
  SINCE JUL 1   9493                      9348    145     9501

 COOLING
  TODAY            0                         2     -2        5
  MONTH TO DATE    5                        32    -27       20
  SINCE JUN 1      5                        32    -27       20
  SINCE JAN 1     26                        37    -11       23
..................................................................


WIND (MPH)
  HIGHEST WIND SPEED    13   HIGHEST WIND DIRECTION     S (170)
  HIGHEST GUST SPEED    15   HIGHEST GUST DIRECTION     S (160)
  AVERAGE WIND SPEED     6.2


SKY COVER
  POSSIBLE SUNSHINE  MM
  AVERAGE SKY COVER 0.1


WEATHER CONDITIONS
 THE FOLLOWING WEATHER WAS RECORDED TODAY.
  LIGHT RAIN


RELATIVE HUMIDITY (PERCENT)
 HIGHEST    89           200 AM
 LOWEST     60          1200 PM
 AVERAGE    75

..........................................................


THE CARIBOU ME CLIMATE NORMALS FOR TOMORROW
                         NORMAL    RECORD    YEAR
 MAXIMUM TEMPERATURE (F)   75        96      1944
 MINIMUM TEMPERATURE (F)   53        42      1983
                                             1980


SUNRISE AND SUNSET
JUNE 28 2015..........SUNRISE   440 AM EDT   SUNSET   831 PM EDT
JUNE 29 2015..........SUNRISE   440 AM EDT   SUNSET   830 PM EDT


-  INDICATES NEGATIVE NUMBERS.
R  INDICATES RECORD WAS SET OR TIED.
MM INDICATES DATA IS MISSING.
T  INDICATES TRACE AMOUNT.

---------------------------------------------------------------

THE CARIBOU ME 4 INCH SOIL TEMPERATURES FOR JUN 28 2015

MAXIMUM SOIL TEMPERATURES (F): 70
MINIMUM SOIL TEMPERATURES (F): 65



$$
