000
CDUS41 KCAR 062131
CLICAR


CLIMATE REPORT
NATIONAL WEATHER SERVICE CARIBOU, ME
430 PM EST TUE FEB 6 2018


...................................

...THE CARIBOU ME CLIMATE SUMMARY FOR FEBRUARY 6 2018...
VALID TODAY AS OF 0400 PM LOCAL TIME.

CLIMATE NORMAL PERIOD 1981 TO 2010
CLIMATE RECORD PERIOD 1939 TO 2018


WEATHER ITEM   OBSERVED TIME   RECORD YEAR NORMAL DEPARTURE LAST
                VALUE   (LST)  VALUE       VALUE  FROM      YEAR
                                                  NORMAL
..................................................................
TEMPERATURE (F)
 TODAY
  MAXIMUM         22    359 PM  38    1991  21      1       21
  MINIMUM          5    210 AM -20    1993   2      3        0
                                      1969
  AVERAGE         14                        12      2       11

PRECIPITATION (IN)
  TODAY            T             0.87 2001   0.08  -0.08      T
  MONTH TO DATE    1.06                      0.48   0.58     0.14
  SINCE DEC 1     10.48                      6.46   4.02     7.79
  SINCE JAN 1      6.36                      3.19   3.17     3.59

SNOWFALL (IN)
  TODAY            T            10.9  2001   0.8   -0.8       T
  MONTH TO DATE   11.7                       4.9    6.8      2.4
  SINCE DEC 1     84.8                      53.0   31.8     63.0
  SINCE JUL 1     88.7                      65.2   23.5     83.2
  SNOW DEPTH      30

DEGREE DAYS
 HEATING
  TODAY           51                        53     -2       54
  MONTH TO DATE  310                       324    -14      352
  SINCE DEC 1   3535                      3473     62     3293
  SINCE JUL 1   5239                      5618   -379     4980

 COOLING
  TODAY            0                         0      0        0
  MONTH TO DATE    0                         0      0        0
  SINCE DEC 1      0                         0      0        0
  SINCE JAN 1      0                         0      0        0
..................................................................


WIND (MPH)
  HIGHEST WIND SPEED    14   HIGHEST WIND DIRECTION     S (190)
  HIGHEST GUST SPEED    19   HIGHEST GUST DIRECTION    SW (220)
  AVERAGE WIND SPEED     6.9


SKY COVER
  POSSIBLE SUNSHINE  MM
  AVERAGE SKY COVER 0.6


WEATHER CONDITIONS
 THE FOLLOWING WEATHER WAS RECORDED TODAY.
  LIGHT SNOW
  HAZE


RELATIVE HUMIDITY (PERCENT)
 HIGHEST    83           200 AM
 LOWEST     62           200 PM
 AVERAGE    73

..........................................................


THE CARIBOU ME CLIMATE NORMALS FOR TOMORROW
                         NORMAL    RECORD    YEAR
 MAXIMUM TEMPERATURE (F)   22        46      1951
 MINIMUM TEMPERATURE (F)    2       -24      1993


SUNRISE AND SUNSET
FEBRUARY  6 2018......SUNRISE   650 AM EST   SUNSET   443 PM EST
FEBRUARY  7 2018......SUNRISE   649 AM EST   SUNSET   444 PM EST


-  INDICATES NEGATIVE NUMBERS.
R  INDICATES RECORD WAS SET OR TIED.
MM INDICATES DATA IS MISSING.
T  INDICATES TRACE AMOUNT.




$$
