000
CDUS41 KCAR 142027
CLICAR

CLIMATE REPORT
NATIONAL WEATHER SERVICE CARIBOU, ME
426 PM EDT WED SEP 14 2016


...................................

...THE CARIBOU ME CLIMATE SUMMARY FOR SEPTEMBER 14 2016...
VALID TODAY AS OF 0400 PM LOCAL TIME.

CLIMATE NORMAL PERIOD 1981 TO 2010
CLIMATE RECORD PERIOD 1939 TO 2016


WEATHER ITEM   OBSERVED TIME   RECORD YEAR NORMAL DEPARTURE LAST
                VALUE   (LST)  VALUE       VALUE  FROM      YEAR
                                                  NORMAL
..................................................................
TEMPERATURE (F)
 TODAY
  MAXIMUM         68    833 AM  82    2003  66      2       67
                                      1976
  MINIMUM         54    103 PM  28    1963  45      9       55
  AVERAGE         61                        56      5       61

PRECIPITATION (IN)
  TODAY            0.29          1.36 1977   0.12   0.17     1.02
  MONTH TO DATE    1.17                      1.48  -0.31     1.99
  SINCE SEP 1      1.17                      1.48  -0.31     1.99
  SINCE JAN 1     32.28                     26.22   6.06    24.46

SNOWFALL (IN)
  TODAY            0.0           0.0  2002   0.0    0.0      0.0
                                      2001
  MONTH TO DATE    0.0                       0.0    0.0      0.0
  SINCE SEP 1      0.0                       0.0    0.0      0.0
  SINCE JUL 1      0.0                       0.0    0.0      0.0
  SNOW DEPTH       0

DEGREE DAYS
 HEATING
  TODAY            4                        10     -6        4
  MONTH TO DATE   25                       107    -82       31
  SINCE SEP 1     25                       107    -82       31
  SINCE JUL 1    105                       261   -156      108

 COOLING
  TODAY            0                         0      0        0
  MONTH TO DATE   19                        10      9       27
  SINCE SEP 1     19                        10      9       27
  SINCE JAN 1    272                       179     93      230
..................................................................


WIND (MPH)
  HIGHEST WIND SPEED    20   HIGHEST WIND DIRECTION    NW (330)
  HIGHEST GUST SPEED    26   HIGHEST GUST DIRECTION    NW (330)
  AVERAGE WIND SPEED     6.5


SKY COVER
  POSSIBLE SUNSHINE  MM
  AVERAGE SKY COVER 0.8


WEATHER CONDITIONS
 THE FOLLOWING WEATHER WAS RECORDED TODAY.
  HEAVY RAIN
  RAIN
  LIGHT RAIN
  FOG


RELATIVE HUMIDITY (PERCENT)
 HIGHEST    93          1100 AM
 LOWEST     72          1200 AM
 AVERAGE    83

..........................................................


THE CARIBOU ME CLIMATE NORMALS FOR TOMORROW
                         NORMAL    RECORD    YEAR
 MAXIMUM TEMPERATURE (F)   66        84      2003
 MINIMUM TEMPERATURE (F)   45        28      1959
                                             1952


SUNRISE AND SUNSET
SEPTEMBER 14 2016.....SUNRISE   609 AM EDT   SUNSET   645 PM EDT
SEPTEMBER 15 2016.....SUNRISE   610 AM EDT   SUNSET   643 PM EDT


-  INDICATES NEGATIVE NUMBERS.
R  INDICATES RECORD WAS SET OR TIED.
MM INDICATES DATA IS MISSING.
T  INDICATES TRACE AMOUNT.
....................................................................
THE CARIBOU ME 4-INCH UNDER SOD SOIL TEMPERATURE FOR SEP 14 2016:

MAXIMUM TEMPERATURE: 70 F
MINIMUM TEMPERATURE: 65 F



$$
